66.249.66.65 - - [14/Jan/2026:13:33:01 -0500] "GET /?s=online-30926728 HTTP/1.1" 200 1855 "-" "Mozilla/5.0 (Linux; Android 6.0.1; Nexus 5X Build/MMB29P) AppleWebKit/537.36 (KHTML, like Gecko) Chrome/143.0.7499.192 Mobile Safari/537.36 (compatible; Googlebot/2.1; +http://www.google.com/bot.html)"
66.249.66.3 - - [14/Jan/2026:13:33:31 -0500] "GET /?s=online-135139128 HTTP/1.1" 200 1855 "-" "Mozilla/5.0 (Linux; Android 6.0.1; Nexus 5X Build/MMB29P) AppleWebKit/537.36 (KHTML, like Gecko) Chrome/143.0.7499.192 Mobile Safari/537.36 (compatible; Googlebot/2.1; +http://www.google.com/bot.html)"
2a03:2880:f800:26:: - - [14/Jan/2026:13:33:55 -0500] "GET /page/46/?e=29747372 HTTP/1.1" 404 1251 "-" "meta-externalagent/1.1 (+https://developers.facebook.com/docs/sharing/webmasters/crawler)"
66.249.66.35 - - [14/Jan/2026:13:34:00 -0500] "GET /?s=online-314890728 HTTP/1.1" 200 1855 "-" "Mozilla/5.0 (Linux; Android 6.0.1; Nexus 5X Build/MMB29P) AppleWebKit/537.36 (KHTML, like Gecko) Chrome/143.0.7499.192 Mobile Safari/537.36 (compatible; Googlebot/2.1; +http://www.google.com/bot.html)"
2a03:2880:f800:7:: - - [14/Jan/2026:13:34:56 -0500] "GET /page/3/?e=13745916 HTTP/1.1" 404 1251 "-" "meta-externalagent/1.1 (+https://developers.facebook.com/docs/sharing/webmasters/crawler)"
2a03:2880:f800:2c:: - - [14/Jan/2026:13:35:12 -0500] "GET /page/46/?e=2574561 HTTP/1.1" 404 1251 "-" "meta-externalagent/1.1 (+https://developers.facebook.com/docs/sharing/webmasters/crawler)"
2a03:2880:f800:23:: - - [14/Jan/2026:13:35:26 -0500] "GET /page/44/?e=23991705 HTTP/1.1" 404 1251 "-" "meta-externalagent/1.1 (+https://developers.facebook.com/docs/sharing/webmasters/crawler)"
66.249.66.196 - - [14/Jan/2026:13:35:28 -0500] "GET /?s=online-307134328 HTTP/1.1" 200 1855 "-" "Mozilla/5.0 (Linux; Android 6.0.1; Nexus 5X Build/MMB29P) AppleWebKit/537.36 (KHTML, like Gecko) Chrome/143.0.7499.192 Mobile Safari/537.36 (compatible; Googlebot/2.1; +http://www.google.com/bot.html)"
66.249.66.36 - - [14/Jan/2026:13:35:58 -0500] "GET /?s=online-350775228 HTTP/1.1" 200 1834 "-" "Mozilla/5.0 (Linux; Android 6.0.1; Nexus 5X Build/MMB29P) AppleWebKit/537.36 (KHTML, like Gecko) Chrome/143.0.7499.192 Mobile Safari/537.36 (compatible; Googlebot/2.1; +http://www.google.com/bot.html)"
2a03:2880:f800:30:: - - [14/Jan/2026:13:36:13 -0500] "GET /page/46/?e=28171172 HTTP/1.1" 404 1251 "-" "meta-externalagent/1.1 (+https://developers.facebook.com/docs/sharing/webmasters/crawler)"
2a03:2880:f800:45:: - - [14/Jan/2026:13:36:25 -0500] "GET /page/44/?e=10320483 HTTP/1.1" 404 1251 "-" "meta-externalagent/1.1 (+https://developers.facebook.com/docs/sharing/webmasters/crawler)"
2a03:2880:f800:: - - [14/Jan/2026:13:36:36 -0500] "GET /page/44/?e=22267305 HTTP/1.1" 404 1251 "-" "meta-externalagent/1.1 (+https://developers.facebook.com/docs/sharing/webmasters/crawler)"
2a03:2880:f800:15:: - - [14/Jan/2026:13:36:38 -0500] "GET /page/44/?e=24417261 HTTP/1.1" 404 1251 "-" "meta-externalagent/1.1 (+https://developers.facebook.com/docs/sharing/webmasters/crawler)"
66.249.66.168 - - [14/Jan/2026:13:36:39 -0500] "GET /?s=online-1102658 HTTP/1.1" 200 1855 "-" "Mozilla/5.0 (Linux; Android 6.0.1; Nexus 5X Build/MMB29P) AppleWebKit/537.36 (KHTML, like Gecko) Chrome/143.0.7499.192 Mobile Safari/537.36 (compatible; Googlebot/2.1; +http://www.google.com/bot.html)"
2a03:2880:f800:1b:: - - [14/Jan/2026:13:36:58 -0500] "GET /page/46/?e=14491705 HTTP/1.1" 404 1251 "-" "meta-externalagent/1.1 (+https://developers.facebook.com/docs/sharing/webmasters/crawler)"
66.249.66.35 - - [14/Jan/2026:13:34:59 -0500] "GET /?s=online-162252328 HTTP/1.1" 200 1855 "-" "Mozilla/5.0 (Linux; Android 6.0.1; Nexus 5X Build/MMB29P) AppleWebKit/537.36 (KHTML, like Gecko) Chrome/143.0.7499.192 Mobile Safari/537.36 (compatible; Googlebot/2.1; +http://www.google.com/bot.html)"
2a03:2880:f800:b:: - - [14/Jan/2026:13:35:28 -0500] "GET /page/44/?e=14552549 HTTP/1.1" 404 1251 "-" "meta-externalagent/1.1 (+https://developers.facebook.com/docs/sharing/webmasters/crawler)"
2a03:2880:f800:2:: - - [14/Jan/2026:13:35:51 -0500] "GET /page/46/?e=28114749 HTTP/1.1" 404 1251 "-" "meta-externalagent/1.1 (+https://developers.facebook.com/docs/sharing/webmasters/crawler)"
2a03:2880:f800:37:: - - [14/Jan/2026:13:36:36 -0500] "GET /page/44/?e=28288861 HTTP/1.1" 404 1251 "-" "meta-externalagent/1.1 (+https://developers.facebook.com/docs/sharing/webmasters/crawler)"
66.249.66.4 - - [14/Jan/2026:13:36:57 -0500] "GET /?s=online-9577358 HTTP/1.1" 200 1855 "-" "Mozilla/5.0 (Linux; Android 6.0.1; Nexus 5X Build/MMB29P) AppleWebKit/537.36 (KHTML, like Gecko) Chrome/143.0.7499.192 Mobile Safari/537.36 (compatible; Googlebot/2.1; +http://www.google.com/bot.html)"
66.249.66.168 - - [14/Jan/2026:13:37:29 -0500] "GET /?s=online-391013028 HTTP/1.1" 200 1855 "-" "Mozilla/5.0 (Linux; Android 6.0.1; Nexus 5X Build/MMB29P) AppleWebKit/537.36 (KHTML, like Gecko) Chrome/143.0.7499.192 Mobile Safari/537.36 (compatible; Googlebot/2.1; +http://www.google.com/bot.html)"
2a03:2880:f800:24:: - - [14/Jan/2026:13:38:11 -0500] "GET /page/44/?e=18606772 HTTP/1.1" 404 1251 "-" "meta-externalagent/1.1 (+https://developers.facebook.com/docs/sharing/webmasters/crawler)"
2a03:2880:f800:20:: - - [14/Jan/2026:13:38:38 -0500] "GET /page/46/?e=5010405 HTTP/1.1" 404 1251 "-" "meta-externalagent/1.1 (+https://developers.facebook.com/docs/sharing/webmasters/crawler)"
2a03:2880:f800:14:: - - [14/Jan/2026:13:38:42 -0500] "GET /page/44/?e=15739261 HTTP/1.1" 404 1251 "-" "meta-externalagent/1.1 (+https://developers.facebook.com/docs/sharing/webmasters/crawler)"
2a03:2880:f800:9:: - - [14/Jan/2026:13:38:55 -0500] "GET /page/3/?e=27716672 HTTP/1.1" 404 1251 "-" "meta-externalagent/1.1 (+https://developers.facebook.com/docs/sharing/webmasters/crawler)"
2a03:2880:f800:3b:: - - [14/Jan/2026:13:39:28 -0500] "GET /page/3/?e=16696394 HTTP/1.1" 404 1251 "-" "meta-externalagent/1.1 (+https://developers.facebook.com/docs/sharing/webmasters/crawler)"
66.249.66.15 - - [14/Jan/2026:13:39:36 -0500] "GET /?s=online-82083128 HTTP/1.1" 200 1855 "-" "Mozilla/5.0 (Linux; Android 6.0.1; Nexus 5X Build/MMB29P) AppleWebKit/537.36 (KHTML, like Gecko) Chrome/143.0.7499.192 Mobile Safari/537.36 (compatible; Googlebot/2.1; +http://www.google.com/bot.html)"
2a03:2880:f800:25:: - - [14/Jan/2026:13:39:44 -0500] "GET /page/46/?e=24306049 HTTP/1.1" 404 1251 "-" "meta-externalagent/1.1 (+https://developers.facebook.com/docs/sharing/webmasters/crawler)"
2a03:2880:f800:19:: - - [14/Jan/2026:13:40:10 -0500] "GET /page/44/?e=26004905 HTTP/1.1" 404 1251 "-" "meta-externalagent/1.1 (+https://developers.facebook.com/docs/sharing/webmasters/crawler)"
2a03:2880:f800:36:: - - [14/Jan/2026:13:40:12 -0500] "GET /page/3/?e=29869538 HTTP/1.1" 404 1251 "-" "meta-externalagent/1.1 (+https://developers.facebook.com/docs/sharing/webmasters/crawler)"
2a03:2880:f800:3e:: - - [14/Jan/2026:13:40:31 -0500] "GET /page/46/?e=1064772 HTTP/1.1" 404 1251 "-" "meta-externalagent/1.1 (+https://developers.facebook.com/docs/sharing/webmasters/crawler)"
114.119.158.43 - - [14/Jan/2026:13:40:39 -0500] "GET /wp-includes/js/jquery/ui/effect-puff.min.js HTTP/1.1" 200 290 "https://www.sahabatmiliter.com/wp-includes/js/jquery/ui/?MD" "Mozilla/5.0 (Linux; Android 7.0;) AppleWebKit/537.36 (KHTML, like Gecko) Mobile Safari/537.36 (compatible; PetalBot;+https://webmaster.petalsearch.com/site/petalbot)"
2a03:2880:f800:1d:: - - [14/Jan/2026:13:41:00 -0500] "GET /page/44/?e=2030861 HTTP/1.1" 404 1251 "-" "meta-externalagent/1.1 (+https://developers.facebook.com/docs/sharing/webmasters/crawler)"
66.249.66.3 - - [14/Jan/2026:13:37:30 -0500] "GET /?s=online-13009428 HTTP/1.1" 200 1855 "-" "Mozilla/5.0 (Linux; Android 6.0.1; Nexus 5X Build/MMB29P) AppleWebKit/537.36 (KHTML, like Gecko) Chrome/143.0.7499.192 Mobile Safari/537.36 (compatible; Googlebot/2.1; +http://www.google.com/bot.html)"
66.249.66.36 - - [14/Jan/2026:13:37:56 -0500] "GET /?s=online-98930554 HTTP/1.1" 200 1855 "-" "Mozilla/5.0 (Linux; Android 6.0.1; Nexus 5X Build/MMB29P) AppleWebKit/537.36 (KHTML, like Gecko) Chrome/143.0.7499.192 Mobile Safari/537.36 (compatible; Googlebot/2.1; +http://www.google.com/bot.html)"
2a03:2880:f800:3a:: - - [14/Jan/2026:13:38:11 -0500] "GET /page/46/?e=13999661 HTTP/1.1" 404 1251 "-" "meta-externalagent/1.1 (+https://developers.facebook.com/docs/sharing/webmasters/crawler)"
2a03:2880:f800:22:: - - [14/Jan/2026:13:38:18 -0500] "GET /page/44/?e=30589149 HTTP/1.1" 404 1251 "-" "meta-externalagent/1.1 (+https://developers.facebook.com/docs/sharing/webmasters/crawler)"
66.249.66.67 - - [14/Jan/2026:13:38:25 -0500] "GET /?s=online-30727754 HTTP/1.1" 200 1855 "-" "Mozilla/5.0 (Linux; Android 6.0.1; Nexus 5X Build/MMB29P) AppleWebKit/537.36 (KHTML, like Gecko) Chrome/143.0.7499.192 Mobile Safari/537.36 (compatible; Googlebot/2.1; +http://www.google.com/bot.html)"
66.249.66.201 - - [14/Jan/2026:13:38:55 -0500] "GET /?s=online-384507428 HTTP/1.1" 200 1855 "-" "Mozilla/5.0 (Linux; Android 6.0.1; Nexus 5X Build/MMB29P) AppleWebKit/537.36 (KHTML, like Gecko) Chrome/143.0.7499.192 Mobile Safari/537.36 (compatible; Googlebot/2.1; +http://www.google.com/bot.html)"
2a03:2880:f800:3b:: - - [14/Jan/2026:13:39:16 -0500] "GET /page/44/?e=1334649 HTTP/1.1" 404 1251 "-" "meta-externalagent/1.1 (+https://developers.facebook.com/docs/sharing/webmasters/crawler)"
2a03:2880:f800:1c:: - - [14/Jan/2026:13:39:18 -0500] "GET /page/44/?e=27652749 HTTP/1.1" 404 1251 "-" "meta-externalagent/1.1 (+https://developers.facebook.com/docs/sharing/webmasters/crawler)"
66.249.66.201 - - [14/Jan/2026:13:39:37 -0500] "GET /?s=online-63738053 HTTP/1.1" 200 1855 "-" "Mozilla/5.0 (Linux; Android 6.0.1; Nexus 5X Build/MMB29P) AppleWebKit/537.36 (KHTML, like Gecko) Chrome/143.0.7499.192 Mobile Safari/537.36 (compatible; Googlebot/2.1; +http://www.google.com/bot.html)"
66.249.66.200 - - [14/Jan/2026:13:39:38 -0500] "GET /?s=online-133398328 HTTP/1.1" 200 1855 "-" "Mozilla/5.0 (Linux; Android 6.0.1; Nexus 5X Build/MMB29P) AppleWebKit/537.36 (KHTML, like Gecko) Chrome/143.0.7499.192 Mobile Safari/537.36 (compatible; Googlebot/2.1; +http://www.google.com/bot.html)"
2a03:2880:f800:27:: - - [14/Jan/2026:13:39:45 -0500] "GET /page/44/?e=29093449 HTTP/1.1" 404 1251 "-" "meta-externalagent/1.1 (+https://developers.facebook.com/docs/sharing/webmasters/crawler)"
66.249.66.1 - - [14/Jan/2026:13:39:50 -0500] "GET /?s=online-20377454 HTTP/1.1" 200 1855 "-" "Mozilla/5.0 (Linux; Android 6.0.1; Nexus 5X Build/MMB29P) AppleWebKit/537.36 (KHTML, like Gecko) Chrome/143.0.7499.192 Mobile Safari/537.36 (compatible; Googlebot/2.1; +http://www.google.com/bot.html)"
66.249.66.2 - - [14/Jan/2026:13:40:30 -0500] "GET /?s=online-141092554 HTTP/1.1" 200 1855 "-" "Mozilla/5.0 (Linux; Android 6.0.1; Nexus 5X Build/MMB29P) AppleWebKit/537.36 (KHTML, like Gecko) Chrome/143.0.7499.192 Mobile Safari/537.36 (compatible; Googlebot/2.1; +http://www.google.com/bot.html)"
2a03:2880:f800:2b:: - - [14/Jan/2026:13:40:37 -0500] "GET /page/44/?e=19190783 HTTP/1.1" 404 1251 "-" "meta-externalagent/1.1 (+https://developers.facebook.com/docs/sharing/webmasters/crawler)"
2a03:2880:f800:1b:: - - [14/Jan/2026:13:41:16 -0500] "GET /page/3/?e=26074449 HTTP/1.1" 404 1251 "-" "meta-externalagent/1.1 (+https://developers.facebook.com/docs/sharing/webmasters/crawler)"
66.249.66.64 - - [14/Jan/2026:13:41:36 -0500] "GET /?s=online-98042854 HTTP/1.1" 200 1855 "-" "Mozilla/5.0 (Linux; Android 6.0.1; Nexus 5X Build/MMB29P) AppleWebKit/537.36 (KHTML, like Gecko) Chrome/143.0.7499.192 Mobile Safari/537.36 (compatible; Googlebot/2.1; +http://www.google.com/bot.html)"
2a03:2880:f800:37:: - - [14/Jan/2026:13:42:08 -0500] "GET /page/3/?e=19192494 HTTP/1.1" 404 1251 "-" "meta-externalagent/1.1 (+https://developers.facebook.com/docs/sharing/webmasters/crawler)"
66.249.66.200 - - [14/Jan/2026:13:42:17 -0500] "GET /?s=online-65239628 HTTP/1.1" 200 1855 "-" "Mozilla/5.0 (Linux; Android 6.0.1; Nexus 5X Build/MMB29P) AppleWebKit/537.36 (KHTML, like Gecko) Chrome/143.0.7499.192 Mobile Safari/537.36 (compatible; Googlebot/2.1; +http://www.google.com/bot.html)"
162.19.253.196 - - [14/Jan/2026:13:42:35 -0500] "GET /jadwal-sim-keliling-polres-magelang/ HTTP/1.1" 404 1251 "-" "Mozilla/5.0 (Macintosh; Intel Mac OS X 10_15_7) AppleWebKit/537.36 (KHTML, like Gecko) Chrome/104.0.0.0 Safari/537.36"
2a03:2880:f800:9:: - - [14/Jan/2026:13:42:43 -0500] "GET /page/46/?e=13711816 HTTP/1.1" 404 1251 "-" "meta-externalagent/1.1 (+https://developers.facebook.com/docs/sharing/webmasters/crawler)"
2a03:2880:f800:29:: - - [14/Jan/2026:13:43:39 -0500] "GET /page/3/?e=30367927 HTTP/1.1" 404 1251 "-" "meta-externalagent/1.1 (+https://developers.facebook.com/docs/sharing/webmasters/crawler)"
95.85.238.20 - - [14/Jan/2026:13:43:44 -0500] "POST /wp-login.php/wp-login.php HTTP/1.1" 200 1930 "-" "Mozilla/5.0 (Windows NT 6.1) AppleWebKit/537.36 (KHTML, like Gecko) Chrome/36.0.1985.125 Safari/537.36"
66.42.61.4 - - [14/Jan/2026:13:43:56 -0500] "GET /wp-login.php HTTP/1.1" 200 1796 "-" "Mozilla/5.0 (Windows NT 10.0; WOW64) AppleWebKit/537.36 (KHTML, like Gecko) Chrome/67.0.3396.87 Safari/537.36"
66.42.61.4 - - [14/Jan/2026:13:44:00 -0500] "POST /wp-login.php HTTP/1.1" 200 1931 "https://sahabatmiliter.com/wp-login.php" "Mozilla/5.0 (Windows NT 10.0; WOW64) AppleWebKit/537.36 (KHTML, like Gecko) Chrome/67.0.3396.87 Safari/537.36"
66.249.66.35 - - [14/Jan/2026:13:44:13 -0500] "GET /?s=online-39476855 HTTP/1.1" 200 1857 "-" "Mozilla/5.0 (Linux; Android 6.0.1; Nexus 5X Build/MMB29P) AppleWebKit/537.36 (KHTML, like Gecko) Chrome/143.0.7499.192 Mobile Safari/537.36 (compatible; Googlebot/2.1; +http://www.google.com/bot.html)"
66.249.66.67 - - [14/Jan/2026:13:44:32 -0500] "GET /?s=online-240651228 HTTP/1.1" 200 1857 "-" "Mozilla/5.0 (Linux; Android 6.0.1; Nexus 5X Build/MMB29P) AppleWebKit/537.36 (KHTML, like Gecko) Chrome/143.0.7499.192 Mobile Safari/537.36 (compatible; Googlebot/2.1; +http://www.google.com/bot.html)"
216.73.216.30 - - [14/Jan/2026:13:44:33 -0500] "GET /26a9f0/?path=%2Fhome%2Fsahadove%2Fpublic_html%2Fwp-includes%2Fcustomize HTTP/1.1" 200 4096 "-" "Mozilla/5.0 AppleWebKit/537.36 (KHTML, like Gecko; compatible; ClaudeBot/1.0; [email protected])"
216.73.216.30 - - [14/Jan/2026:13:44:35 -0500] "GET /26a9f0/?path=%2Fhome%2Fsahadove%2Fpublic_html%2Fwp-admin%2Fnetwork HTTP/1.1" 200 3828 "-" "Mozilla/5.0 AppleWebKit/537.36 (KHTML, like Gecko; compatible; ClaudeBot/1.0; [email protected])"
216.73.216.30 - - [14/Jan/2026:13:44:36 -0500] "GET /26a9f0/?path=%2Fhome%2Fsahadove%2Fpublic_html%2Fwp-admin%2Fincludes HTTP/1.1" 200 6429 "-" "Mozilla/5.0 AppleWebKit/537.36 (KHTML, like Gecko; compatible; ClaudeBot/1.0; [email protected])"
216.73.216.30 - - [14/Jan/2026:13:44:36 -0500] "GET /26a9f0/?path=%2Fhome%2Fsahadove%2Fpublic_html%2Fwp-includes%2Frest-api HTTP/1.1" 200 3121 "-" "Mozilla/5.0 AppleWebKit/537.36 (KHTML, like Gecko; compatible; ClaudeBot/1.0; [email protected])"
216.73.216.30 - - [14/Jan/2026:13:44:36 -0500] "GET /26a9f0/?path=%2Fhome%2Fsahadove%2Fpublic_html%2Fwp-includes%2FText HTTP/1.1" 200 2955 "-" "Mozilla/5.0 AppleWebKit/537.36 (KHTML, like Gecko; compatible; ClaudeBot/1.0; [email protected])"
216.73.216.30 - - [14/Jan/2026:13:44:37 -0500] "GET /26a9f0/?path=%2Fhome%2Fsahadove%2Fpublic_html%2Fwp-admin%2Fcss HTTP/1.1" 200 5482 "-" "Mozilla/5.0 AppleWebKit/537.36 (KHTML, like Gecko; compatible; ClaudeBot/1.0; [email protected])"
66.249.66.38 - - [14/Jan/2026:13:41:21 -0500] "GET /?s=online-264372228 HTTP/1.1" 200 1855 "-" "Mozilla/5.0 (Linux; Android 6.0.1; Nexus 5X Build/MMB29P) AppleWebKit/537.36 (KHTML, like Gecko) Chrome/143.0.7499.192 Mobile Safari/537.36 (compatible; Googlebot/2.1; +http://www.google.com/bot.html)"
2a03:2880:f800:3:: - - [14/Jan/2026:13:42:06 -0500] "GET /page/44/?e=4364649 HTTP/1.1" 404 1251 "-" "meta-externalagent/1.1 (+https://developers.facebook.com/docs/sharing/webmasters/crawler)"
66.249.66.37 - - [14/Jan/2026:13:43:23 -0500] "GET /?s=online-473179728 HTTP/1.1" 200 1855 "-" "Mozilla/5.0 (Linux; Android 6.0.1; Nexus 5X Build/MMB29P) AppleWebKit/537.36 (KHTML, like Gecko) Chrome/143.0.7499.192 Mobile Safari/537.36 (compatible; Googlebot/2.1; +http://www.google.com/bot.html)"
199.188.200.34 - - [14/Jan/2026:13:43:43 -0500] "POST /wp-cron.php?doing_wp_cron=1768416223.1128649711608886718750 HTTP/1.1" 403 1242 "-" "WordPress/6.9; https://www.sahabatmiliter.com"
95.85.238.20 - - [14/Jan/2026:13:43:40 -0500] "GET /wp-login.php/wp-login.php HTTP/1.1" 200 1796 "-" "Mozilla/5.0 (Windows NT 6.1) AppleWebKit/537.36 (KHTML, like Gecko) Chrome/36.0.1985.125 Safari/537.36"
66.249.66.3 - - [14/Jan/2026:13:44:29 -0500] "GET /?s=online-240232728 HTTP/1.1" 200 1857 "-" "Mozilla/5.0 (Linux; Android 6.0.1; Nexus 5X Build/MMB29P) AppleWebKit/537.36 (KHTML, like Gecko) Chrome/143.0.7499.192 Mobile Safari/537.36 (compatible; Googlebot/2.1; +http://www.google.com/bot.html)"
66.249.66.3 - - [14/Jan/2026:13:44:30 -0500] "GET /?s=online-270534228 HTTP/1.1" 200 1857 "-" "Mozilla/5.0 (Linux; Android 6.0.1; Nexus 5X Build/MMB29P) AppleWebKit/537.36 (KHTML, like Gecko) Chrome/143.0.7499.192 Mobile Safari/537.36 (compatible; Googlebot/2.1; +http://www.google.com/bot.html)"
66.249.66.196 - - [14/Jan/2026:13:44:30 -0500] "GET /?s=online-199252728 HTTP/1.1" 200 1857 "-" "Mozilla/5.0 (Linux; Android 6.0.1; Nexus 5X Build/MMB29P) AppleWebKit/537.36 (KHTML, like Gecko) Chrome/143.0.7499.192 Mobile Safari/537.36 (compatible; Googlebot/2.1; +http://www.google.com/bot.html)"
216.73.216.30 - - [14/Jan/2026:13:44:33 -0500] "GET /26a9f0/?path=%2Fhome%2Fsahadove%2Fpublic_html%2Fwp-includes%2Fwidgets HTTP/1.1" 200 3633 "-" "Mozilla/5.0 AppleWebKit/537.36 (KHTML, like Gecko; compatible; ClaudeBot/1.0; [email protected])"
216.73.216.30 - - [14/Jan/2026:13:44:33 -0500] "GET /26a9f0/?path=%2Fhome%2Fsahadove%2Fpublic_html%2Fwp-content%2Fplugins HTTP/1.1" 200 3466 "-" "Mozilla/5.0 AppleWebKit/537.36 (KHTML, like Gecko; compatible; ClaudeBot/1.0; [email protected])"
216.73.216.30 - - [14/Jan/2026:13:44:34 -0500] "GET /26a9f0/?path=%2Fhome%2Fsahadove%2Fpublic_html%2Fwp-includes%2FSimplePie HTTP/1.1" 200 2943 "-" "Mozilla/5.0 AppleWebKit/537.36 (KHTML, like Gecko; compatible; ClaudeBot/1.0; [email protected])"
216.73.216.30 - - [14/Jan/2026:13:44:34 -0500] "GET /26a9f0/?path=%2Fhome%2Fsahadove%2Fpublic_html%2Fwp-includes%2Ftheme-compat HTTP/1.1" 200 3136 "-" "Mozilla/5.0 AppleWebKit/537.36 (KHTML, like Gecko; compatible; ClaudeBot/1.0; [email protected])"
216.73.216.30 - - [14/Jan/2026:13:44:35 -0500] "GET /26a9f0/?path=%2Fhome%2Fsahadove%2Fpublic_html%2Fwp-includes%2FRequests HTTP/1.1" 200 2845 "-" "Mozilla/5.0 AppleWebKit/537.36 (KHTML, like Gecko; compatible; ClaudeBot/1.0; [email protected])"
216.73.216.30 - - [14/Jan/2026:13:44:37 -0500] "GET /26a9f0/?path=%2Fhome%2Fsahadove%2Fpublic_html%2Fwp-includes%2Fabilities-api HTTP/1.1" 200 2933 "-" "Mozilla/5.0 AppleWebKit/537.36 (KHTML, like Gecko; compatible; ClaudeBot/1.0; [email protected])"
216.73.216.30 - - [14/Jan/2026:13:44:37 -0500] "GET /26a9f0/?path=%2Fhome%2Fsahadove%2Fpublic_html%2Fwp-includes%2Fcss HTTP/1.1" 200 4073 "-" "Mozilla/5.0 AppleWebKit/537.36 (KHTML, like Gecko; compatible; ClaudeBot/1.0; [email protected])"
216.73.216.30 - - [14/Jan/2026:13:44:37 -0500] "GET /26a9f0/?path=%2Fhome%2Fsahadove%2Fpublic_html%2Fwp-includes%2Fblock-patterns HTTP/1.1" 200 3105 "-" "Mozilla/5.0 AppleWebKit/537.36 (KHTML, like Gecko; compatible; ClaudeBot/1.0; [email protected])"
216.73.216.30 - - [14/Jan/2026:13:44:38 -0500] "GET /26a9f0/?path=%2Fhome%2Fsahadove%2Fpublic_html%2Fwp-includes%2Finteractivity-api HTTP/1.1" 200 2995 "-" "Mozilla/5.0 AppleWebKit/537.36 (KHTML, like Gecko; compatible; ClaudeBot/1.0; [email protected])"
216.73.216.30 - - [14/Jan/2026:13:44:38 -0500] "GET /26a9f0/?fileloc=%2Fhome%2Fsahadove%2Fpublic_html%2Fwp-includes%2Fhttps-detection.php&path=%2Fhome%2Fsahadove%2Fpublic_html%2Fwp-includes HTTP/1.1" 200 4499 "-" "Mozilla/5.0 AppleWebKit/537.36 (KHTML, like Gecko; compatible; ClaudeBot/1.0; [email protected])"
216.73.216.30 - - [14/Jan/2026:13:44:38 -0500] "GET /26a9f0/?path=%2Fhome%2Fsahadove%2Fpublic_html%2Fwp-includes%2Fphp-compat HTTP/1.1" 200 2829 "-" "Mozilla/5.0 AppleWebKit/537.36 (KHTML, like Gecko; compatible; ClaudeBot/1.0; [email protected])"
216.73.216.30 - - [14/Jan/2026:13:44:38 -0500] "GET /26a9f0/?path=%2Fhome%2Fsahadove%2Fpublic_html%2Fwp-includes%2Fhtml-api HTTP/1.1" 200 3388 "-" "Mozilla/5.0 AppleWebKit/537.36 (KHTML, like Gecko; compatible; ClaudeBot/1.0; [email protected])"
216.73.216.30 - - [14/Jan/2026:13:44:39 -0500] "GET /26a9f0/?fileloc=%2Fhome%2Fsahadove%2Fpublic_html%2Fwp-includes%2Fhttps-migration.php&path=%2Fhome%2Fsahadove%2Fpublic_html%2Fwp-includes HTTP/1.1" 200 4092 "-" "Mozilla/5.0 AppleWebKit/537.36 (KHTML, like Gecko; compatible; ClaudeBot/1.0; [email protected])"
216.73.216.30 - - [14/Jan/2026:13:45:04 -0500] "GET /26a9f0/?fileloc=%2Fhome%2Fsahadove%2Fpublic_html%2Fwp-admin%2Fload-scripts.php&path=%2Fhome%2Fsahadove%2Fpublic_html%2Fwp-admin HTTP/1.1" 200 3490 "-" "Mozilla/5.0 AppleWebKit/537.36 (KHTML, like Gecko; compatible; ClaudeBot/1.0; [email protected])"
216.73.216.30 - - [14/Jan/2026:13:45:04 -0500] "GET /26a9f0/?fileloc=%2Fhome%2Fsahadove%2Fpublic_html%2Fwp-includes%2Ffunctions.wp-scripts.php&path=%2Fhome%2Fsahadove%2Fpublic_html%2Fwp-includes HTTP/1.1" 200 6732 "-" "Mozilla/5.0 AppleWebKit/537.36 (KHTML, like Gecko; compatible; ClaudeBot/1.0; [email protected])"
216.73.216.30 - - [14/Jan/2026:13:45:04 -0500] "GET /26a9f0/?path=%2Fhome%2Fsahadove%2Fpublic_html%2Fwp-content%2Fuploads HTTP/1.1" 200 2838 "-" "Mozilla/5.0 AppleWebKit/537.36 (KHTML, like Gecko; compatible; ClaudeBot/1.0; [email protected])"
216.73.216.30 - - [14/Jan/2026:13:45:05 -0500] "GET /26a9f0/?fileloc=%2Fhome%2Fsahadove%2Fpublic_html%2Fwp-includes%2Fclass.wp-scripts.php&path=%2Fhome%2Fsahadove%2Fpublic_html%2Fwp-includes HTTP/1.1" 200 2647 "-" "Mozilla/5.0 AppleWebKit/537.36 (KHTML, like Gecko; compatible; ClaudeBot/1.0; [email protected])"
216.73.216.30 - - [14/Jan/2026:13:45:05 -0500] "GET /26a9f0/?path=%2Fhome%2Fsahadove%2Fpublic_html%2Fwp-includes%2FID3 HTTP/1.1" 200 3395 "-" "Mozilla/5.0 AppleWebKit/537.36 (KHTML, like Gecko; compatible; ClaudeBot/1.0; [email protected])"
216.73.216.30 - - [14/Jan/2026:13:45:05 -0500] "GET /26a9f0/?path=%2Fhome%2Fsahadove%2Fpublic_html%2Fwp-includes%2FIXR HTTP/1.1" 200 3144 "-" "Mozilla/5.0 AppleWebKit/537.36 (KHTML, like Gecko; compatible; ClaudeBot/1.0; [email protected])"
216.73.216.30 - - [14/Jan/2026:13:45:05 -0500] "GET /26a9f0/?path=%2Fhome%2Fsahadove%2Fpublic_html%2Fwp-admin%2Fmaint HTTP/1.1" 200 2828 "-" "Mozilla/5.0 AppleWebKit/537.36 (KHTML, like Gecko; compatible; ClaudeBot/1.0; [email protected])"
216.73.216.30 - - [14/Jan/2026:13:45:05 -0500] "GET /26a9f0/?path=%2Fhome%2Fsahadove%2Fpublic_html%2Fwp-includes%2Fjs HTTP/1.1" 200 6228 "-" "Mozilla/5.0 AppleWebKit/537.36 (KHTML, like Gecko; compatible; ClaudeBot/1.0; [email protected])"
216.73.216.30 - - [14/Jan/2026:13:45:06 -0500] "GET /26a9f0/?path=%2Fhome%2Fsahadove%2Fpublic_html%2Fwp-includes%2Fblocks HTTP/1.1" 200 8305 "-" "Mozilla/5.0 AppleWebKit/537.36 (KHTML, like Gecko; compatible; ClaudeBot/1.0; [email protected])"
216.73.216.30 - - [14/Jan/2026:13:45:06 -0500] "GET /26a9f0/?fileloc=%2Fhome%2Fsahadove%2Fpublic_html%2Fwp-includes%2Fclass-wp-http-encoding.php&path=%2Fhome%2Fsahadove%2Fpublic_html%2Fwp-includes HTTP/1.1" 200 4636 "-" "Mozilla/5.0 AppleWebKit/537.36 (KHTML, like Gecko; compatible; ClaudeBot/1.0; [email protected])"
216.73.216.30 - - [14/Jan/2026:13:45:06 -0500] "GET /26a9f0/?path=%2Fhome%2Fsahadove%2Fpublic_html%2Fwp-includes%2Fstyle-engine HTTP/1.1" 200 2945 "-" "Mozilla/5.0 AppleWebKit/537.36 (KHTML, like Gecko; compatible; ClaudeBot/1.0; [email protected])"
216.73.216.30 - - [14/Jan/2026:13:45:07 -0500] "GET /26a9f0/?path=%2Fhome%2Fsahadove%2Fpublic_html%2Fwp-includes%2Fbrfef2fd HTTP/1.1" 200 2875 "-" "Mozilla/5.0 AppleWebKit/537.36 (KHTML, like Gecko; compatible; ClaudeBot/1.0; [email protected])"
216.73.216.30 - - [14/Jan/2026:13:45:40 -0500] "GET /26a9f0/?fileloc=%2Fhome%2Fsahadove%2Fpublic_html%2Fwp-includes%2Fclass-wp-theme-json-resolver.php&path=%2Fhome%2Fsahadove%2Fpublic_html%2Fwp-includes HTTP/1.1" 200 11621 "-" "Mozilla/5.0 AppleWebKit/537.36 (KHTML, like Gecko; compatible; ClaudeBot/1.0; [email protected])"
216.73.216.30 - - [14/Jan/2026:13:45:40 -0500] "GET /26a9f0/?path=%2Fhome%2Fsahadove%2Fpublic_html%2Fwp-includes%2Ffonts HTTP/1.1" 200 3156 "-" "Mozilla/5.0 AppleWebKit/537.36 (KHTML, like Gecko; compatible; ClaudeBot/1.0; [email protected])"
216.73.216.30 - - [14/Jan/2026:13:45:04 -0500] "GET /26a9f0/?path=%2Fhome%2Fsahadove%2Fpublic_html%2Fwp-includes%2Fsitemaps HTTP/1.1" 200 3049 "-" "Mozilla/5.0 AppleWebKit/537.36 (KHTML, like Gecko; compatible; ClaudeBot/1.0; [email protected])"
216.73.216.30 - - [14/Jan/2026:13:45:04 -0500] "GET /26a9f0/?fileloc=%2Fhome%2Fsahadove%2Fpublic_html%2Fwp-includes%2Fclass-wp-script-modules.php&path=%2Fhome%2Fsahadove%2Fpublic_html%2Fwp-includes HTTP/1.1" 200 10295 "-" "Mozilla/5.0 AppleWebKit/537.36 (KHTML, like Gecko; compatible; ClaudeBot/1.0; [email protected])"
216.73.216.30 - - [14/Jan/2026:13:45:05 -0500] "GET /26a9f0/?fileloc=%2Fhome%2Fsahadove%2Fpublic_html%2Fwp-includes%2Fclass-wp-text-diff-renderer-table.php&path=%2Fhome%2Fsahadove%2Fpublic_html%2Fwp-includes HTTP/1.1" 200 7500 "-" "Mozilla/5.0 AppleWebKit/537.36 (KHTML, like Gecko; compatible; ClaudeBot/1.0; [email protected])"
216.73.216.30 - - [14/Jan/2026:13:45:06 -0500] "GET /26a9f0/?path=%2Fhome%2Fsahadove%2Fpublic_html%2Fwp-includes%2Fblock-bindings HTTP/1.1" 200 2945 "-" "Mozilla/5.0 AppleWebKit/537.36 (KHTML, like Gecko; compatible; ClaudeBot/1.0; [email protected])"
216.73.216.30 - - [14/Jan/2026:13:45:06 -0500] "GET /26a9f0/?path=%2Fhome%2Fsahadove%2Fpublic_html%2Fwp-admin%2Fjs HTTP/1.1" 200 5927 "-" "Mozilla/5.0 AppleWebKit/537.36 (KHTML, like Gecko; compatible; ClaudeBot/1.0; [email protected])"
216.73.216.30 - - [14/Jan/2026:13:45:06 -0500] "GET /26a9f0/?fileloc=%2Fhome%2Fsahadove%2Fpublic_html%2Fwp-includes%2Fclass-wp-text-diff-renderer-inline.php&path=%2Fhome%2Fsahadove%2Fpublic_html%2Fwp-includes HTTP/1.1" 200 2990 "-" "Mozilla/5.0 AppleWebKit/537.36 (KHTML, like Gecko; compatible; ClaudeBot/1.0; [email protected])"
216.73.216.30 - - [14/Jan/2026:13:45:06 -0500] "GET /26a9f0/?path=%2Fhome%2Fsahadove%2Fpublic_html%2Fwp-admin%2Fuser HTTP/1.1" 200 3243 "-" "Mozilla/5.0 AppleWebKit/537.36 (KHTML, like Gecko; compatible; ClaudeBot/1.0; [email protected])"
2a03:2880:f800:35:: - - [14/Jan/2026:13:45:29 -0500] "GET /page/7/?a=91191156624902 HTTP/1.1" 404 1251 "-" "meta-externalagent/1.1 (+https://developers.facebook.com/docs/sharing/webmasters/crawler)"
66.249.66.35 - - [14/Jan/2026:13:45:35 -0500] "GET /?s=online-139225928 HTTP/1.1" 200 1857 "-" "Mozilla/5.0 (Linux; Android 6.0.1; Nexus 5X Build/MMB29P) AppleWebKit/537.36 (KHTML, like Gecko) Chrome/143.0.7499.192 Mobile Safari/537.36 (compatible; Googlebot/2.1; +http://www.google.com/bot.html)"
216.73.216.30 - - [14/Jan/2026:13:45:40 -0500] "GET /26a9f0/?path=%2Fhome%2Fsahadove%2Fpublic_html%2Fwp-includes%2Fassets HTTP/1.1" 200 3072 "-" "Mozilla/5.0 AppleWebKit/537.36 (KHTML, like Gecko; compatible; ClaudeBot/1.0; [email protected])"
216.73.216.30 - - [14/Jan/2026:13:45:41 -0500] "GET /26a9f0/?fileloc=%2Fhome%2Fsahadove%2Fpublic_html%2Fwp-includes%2Fclass-wp-theme-json-data.php&path=%2Fhome%2Fsahadove%2Fpublic_html%2Fwp-includes HTTP/1.1" 200 3166 "-" "Mozilla/5.0 AppleWebKit/537.36 (KHTML, like Gecko; compatible; ClaudeBot/1.0; [email protected])"
216.73.216.30 - - [14/Jan/2026:13:45:41 -0500] "GET /26a9f0/?fileloc=%2Fhome%2Fsahadove%2Fpublic_html%2Fwp-includes%2Fclass-wp-block-processor.php&path=%2Fhome%2Fsahadove%2Fpublic_html%2Fwp-includes HTTP/1.1" 200 20108 "-" "Mozilla/5.0 AppleWebKit/537.36 (KHTML, like Gecko; compatible; ClaudeBot/1.0; [email protected])"
216.73.216.30 - - [14/Jan/2026:13:45:42 -0500] "GET /26a9f0/?path=%2Fhome%2Fsahadove%2Fpublic_html%2Fnc_assets%2Fcss HTTP/1.1" 200 2829 "-" "Mozilla/5.0 AppleWebKit/537.36 (KHTML, like Gecko; compatible; ClaudeBot/1.0; [email protected])"
216.73.216.30 - - [14/Jan/2026:13:45:42 -0500] "GET /26a9f0/?fileloc=%2Fhome%2Fsahadove%2Fpublic_html%2Fwp-admin%2Fplugin-editor.php&path=%2Fhome%2Fsahadove%2Fpublic_html%2Fwp-admin HTTP/1.1" 200 7647 "-" "Mozilla/5.0 AppleWebKit/537.36 (KHTML, like Gecko; compatible; ClaudeBot/1.0; [email protected])"
216.73.216.30 - - [14/Jan/2026:13:45:40 -0500] "GET /26a9f0/?fileloc=%2Fhome%2Fsahadove%2Fpublic_html%2Fwp-includes%2Fclass-wp-object-cache.php&path=%2Fhome%2Fsahadove%2Fpublic_html%2Fwp-includes HTTP/1.1" 200 6450 "-" "Mozilla/5.0 AppleWebKit/537.36 (KHTML, like Gecko; compatible; ClaudeBot/1.0; [email protected])"
216.73.216.30 - - [14/Jan/2026:13:45:40 -0500] "GET /26a9f0/?fileloc=%2Fhome%2Fsahadove%2Fpublic_html%2Fwp-includes%2Fwp-diff.php&path=%2Fhome%2Fsahadove%2Fpublic_html%2Fwp-includes HTTP/1.1" 200 2831 "-" "Mozilla/5.0 AppleWebKit/537.36 (KHTML, like Gecko; compatible; ClaudeBot/1.0; [email protected])"
216.73.216.30 - - [14/Jan/2026:13:45:41 -0500] "GET /26a9f0/?fileloc=%2Fhome%2Fsahadove%2Fpublic_html%2Fwp-includes%2Fclass-wp-oembed-controller.php&path=%2Fhome%2Fsahadove%2Fpublic_html%2Fwp-includes HTTP/1.1" 200 4724 "-" "Mozilla/5.0 AppleWebKit/537.36 (KHTML, like Gecko; compatible; ClaudeBot/1.0; [email protected])"
216.73.216.30 - - [14/Jan/2026:13:45:41 -0500] "GET /26a9f0/?path=%2Fhome%2Fsahadove%2Fpublic_html%2Fwp-includes%2Fsodium_compat HTTP/1.1" 200 3079 "-" "Mozilla/5.0 AppleWebKit/537.36 (KHTML, like Gecko; compatible; ClaudeBot/1.0; [email protected])"
216.73.216.30 - - [14/Jan/2026:13:45:41 -0500] "GET /26a9f0/?fileloc=%2Fhome%2Fsahadove%2Fpublic_html%2Fwp-includes%2Fscript-modules.php&path=%2Fhome%2Fsahadove%2Fpublic_html%2Fwp-includes HTTP/1.1" 200 4878 "-" "Mozilla/5.0 AppleWebKit/537.36 (KHTML, like Gecko; compatible; ClaudeBot/1.0; [email protected])"
216.73.216.30 - - [14/Jan/2026:13:45:41 -0500] "GET /26a9f0/?path=%2Fhome%2Fsahadove%2Fpublic_html%2Fcgi-bin%2F617147 HTTP/1.1" 200 2827 "-" "Mozilla/5.0 AppleWebKit/537.36 (KHTML, like Gecko; compatible; ClaudeBot/1.0; [email protected])"
216.73.216.30 - - [14/Jan/2026:13:45:41 -0500] "GET /26a9f0/?path=%2Fhome%2Fsahadove%2Fpublic_html%2Fwp-content%2Fmu-plugins HTTP/1.1" 200 2855 "-" "Mozilla/5.0 AppleWebKit/537.36 (KHTML, like Gecko; compatible; ClaudeBot/1.0; [email protected])"
216.73.216.30 - - [14/Jan/2026:13:45:41 -0500] "GET /26a9f0/?path=%2Fhome%2Fsahadove%2Fpublic_html%2Fwp-includes%2Fcertificates HTTP/1.1" 200 2833 "-" "Mozilla/5.0 AppleWebKit/537.36 (KHTML, like Gecko; compatible; ClaudeBot/1.0; [email protected])"
216.73.216.30 - - [14/Jan/2026:13:45:41 -0500] "GET /26a9f0/?fileloc=%2Fhome%2Fsahadove%2Fpublic_html%2Fwp-includes%2Fclass-wp-scripts.php&path=%2Fhome%2Fsahadove%2Fpublic_html%2Fwp-includes HTTP/1.1" 200 10865 "-" "Mozilla/5.0 AppleWebKit/537.36 (KHTML, like Gecko; compatible; ClaudeBot/1.0; [email protected])"
216.73.216.30 - - [14/Jan/2026:13:45:41 -0500] "GET /26a9f0/?fileloc=%2Fhome%2Fsahadove%2Fpublic_html%2Fwp-includes%2Fclass-wp-http-proxy.php&path=%2Fhome%2Fsahadove%2Fpublic_html%2Fwp-includes HTTP/1.1" 200 4463 "-" "Mozilla/5.0 AppleWebKit/537.36 (KHTML, like Gecko; compatible; ClaudeBot/1.0; [email protected])"
216.73.216.30 - - [14/Jan/2026:13:45:46 -0500] "GET /26a9f0/?fileloc=%2Fhome%2Fsahadove%2Fpublic_html%2Fwp-includes%2Fclass-wp-editor.php&path=%2Fhome%2Fsahadove%2Fpublic_html%2Fwp-includes HTTP/1.1" 200 20958 "-" "Mozilla/5.0 AppleWebKit/537.36 (KHTML, like Gecko; compatible; ClaudeBot/1.0; [email protected])"
216.73.216.30 - - [14/Jan/2026:13:45:46 -0500] "GET /26a9f0/?fileloc=%2Fhome%2Fsahadove%2Fpublic_html%2Fwp-includes%2Fclass-wp-xmlrpc-server.php&path=%2Fhome%2Fsahadove%2Fpublic_html%2Fwp-includes HTTP/1.1" 200 41484 "-" "Mozilla/5.0 AppleWebKit/537.36 (KHTML, like Gecko; compatible; ClaudeBot/1.0; [email protected])"
216.73.216.30 - - [14/Jan/2026:13:45:46 -0500] "GET /26a9f0/?fileloc=%2Fhome%2Fsahadove%2Fpublic_html%2Fwp-admin%2Fadmin-functions.php&path=%2Fhome%2Fsahadove%2Fpublic_html%2Fwp-admin HTTP/1.1" 200 2753 "-" "Mozilla/5.0 AppleWebKit/537.36 (KHTML, like Gecko; compatible; ClaudeBot/1.0; [email protected])"
216.73.216.30 - - [14/Jan/2026:13:45:42 -0500] "GET /26a9f0/?fileloc=%2Fhome%2Fsahadove%2Fpublic_html%2Fwp-includes%2Fscript-loader.php&path=%2Fhome%2Fsahadove%2Fpublic_html%2Fwp-includes HTTP/1.1" 200 42889 "-" "Mozilla/5.0 AppleWebKit/537.36 (KHTML, like Gecko; compatible; ClaudeBot/1.0; [email protected])"
216.73.216.30 - - [14/Jan/2026:13:45:46 -0500] "GET /26a9f0/?fileloc=%2Fhome%2Fsahadove%2Fpublic_html%2Fwp-includes%2Fclass-wp-http.php&path=%2Fhome%2Fsahadove%2Fpublic_html%2Fwp-includes HTTP/1.1" 200 14531 "-" "Mozilla/5.0 AppleWebKit/537.36 (KHTML, like Gecko; compatible; ClaudeBot/1.0; [email protected])"
216.73.216.30 - - [14/Jan/2026:13:45:46 -0500] "GET /26a9f0/?fileloc=%2Fhome%2Fsahadove%2Fpublic_html%2Fwp-includes%2Fclass-wp-customize-section.php&path=%2Fhome%2Fsahadove%2Fpublic_html%2Fwp-includes HTTP/1.1" 200 5837 "-" "Mozilla/5.0 AppleWebKit/537.36 (KHTML, like Gecko; compatible; ClaudeBot/1.0; [email protected])"
216.73.216.30 - - [14/Jan/2026:13:45:47 -0500] "GET /26a9f0/?fileloc=%2Fhome%2Fsahadove%2Fpublic_html%2Fwp-admin%2Fedit-comments.php&path=%2Fhome%2Fsahadove%2Fpublic_html%2Fwp-admin HTTP/1.1" 200 6846 "-" "Mozilla/5.0 AppleWebKit/537.36 (KHTML, like Gecko; compatible; ClaudeBot/1.0; [email protected])"
216.73.216.30 - - [14/Jan/2026:13:45:47 -0500] "GET /26a9f0/?path=%2Fhome%2Fsahadove%2Fpublic_html%2Fwp-includes%2Fblock-supports HTTP/1.1" 200 3518 "-" "Mozilla/5.0 AppleWebKit/537.36 (KHTML, like Gecko; compatible; ClaudeBot/1.0; [email protected])"
216.73.216.30 - - [14/Jan/2026:13:45:47 -0500] "GET /26a9f0/?fileloc=%2Fhome%2Fsahadove%2Fpublic_html%2Fwp-admin%2Fadmin-post.php&path=%2Fhome%2Fsahadove%2Fpublic_html%2Fwp-admin HTTP/1.1" 200 3223 "-" "Mozilla/5.0 AppleWebKit/537.36 (KHTML, like Gecko; compatible; ClaudeBot/1.0; [email protected])"
216.73.216.30 - - [14/Jan/2026:13:45:47 -0500] "GET /26a9f0/?fileloc=%2Fhome%2Fsahadove%2Fpublic_html%2Fwp-includes%2Fclass-wp-block-parser.php&path=%2Fhome%2Fsahadove%2Fpublic_html%2Fwp-includes HTTP/1.1" 200 6005 "-" "Mozilla/5.0 AppleWebKit/537.36 (KHTML, like Gecko; compatible; ClaudeBot/1.0; [email protected])"
2a03:2880:f800:39:: - - [14/Jan/2026:13:45:56 -0500] "GET /page/3/?e=17067538 HTTP/1.1" 404 1251 "-" "meta-externalagent/1.1 (+https://developers.facebook.com/docs/sharing/webmasters/crawler)"
66.249.66.67 - - [14/Jan/2026:13:46:16 -0500] "GET /?s=online-303586128 HTTP/1.1" 200 1857 "-" "Mozilla/5.0 (Linux; Android 6.0.1; Nexus 5X Build/MMB29P) AppleWebKit/537.36 (KHTML, like Gecko) Chrome/143.0.7499.192 Mobile Safari/537.36 (compatible; Googlebot/2.1; +http://www.google.com/bot.html)"
216.73.216.30 - - [14/Jan/2026:13:46:23 -0500] "GET /26a9f0/?fileloc=%2Fhome%2Fsahadove%2Fpublic_html%2Fwp-includes%2Fclass-wp-theme-json-schema.php&path=%2Fhome%2Fsahadove%2Fpublic_html%2Fwp-includes HTTP/1.1" 200 4909 "-" "Mozilla/5.0 AppleWebKit/537.36 (KHTML, like Gecko; compatible; ClaudeBot/1.0; [email protected])"
216.73.216.30 - - [14/Jan/2026:13:46:23 -0500] "GET /26a9f0/?fileloc=%2Fhome%2Fsahadove%2Fpublic_html%2Fwp-includes%2Fclass-wp-theme-json.php&path=%2Fhome%2Fsahadove%2Fpublic_html%2Fwp-includes HTTP/1.1" 200 42318 "-" "Mozilla/5.0 AppleWebKit/537.36 (KHTML, like Gecko; compatible; ClaudeBot/1.0; [email protected])"
216.73.216.30 - - [14/Jan/2026:13:46:23 -0500] "GET /26a9f0/?fileloc=%2Fhome%2Fsahadove%2Fpublic_html%2Fwp-includes%2Fclass-wp-customize-setting.php&path=%2Fhome%2Fsahadove%2Fpublic_html%2Fwp-includes HTTP/1.1" 200 9622 "-" "Mozilla/5.0 AppleWebKit/537.36 (KHTML, like Gecko; compatible; ClaudeBot/1.0; [email protected])"
216.73.216.30 - - [14/Jan/2026:13:46:23 -0500] "GET /26a9f0/?fileloc=%2Fhome%2Fsahadove%2Fpublic_html%2Fwp-includes%2Fclass-wp-image-editor.php&path=%2Fhome%2Fsahadove%2Fpublic_html%2Fwp-includes HTTP/1.1" 200 7510 "-" "Mozilla/5.0 AppleWebKit/537.36 (KHTML, like Gecko; compatible; ClaudeBot/1.0; [email protected])"
216.73.216.30 - - [14/Jan/2026:13:45:46 -0500] "GET /26a9f0/?fileloc=%2Fhome%2Fsahadove%2Fpublic_html%2Fwp-includes%2Fclass-wp-error.php&path=%2Fhome%2Fsahadove%2Fpublic_html%2Fwp-includes HTTP/1.1" 200 4414 "-" "Mozilla/5.0 AppleWebKit/537.36 (KHTML, like Gecko; compatible; ClaudeBot/1.0; [email protected])"
216.73.216.30 - - [14/Jan/2026:13:45:46 -0500] "GET /26a9f0/?fileloc=%2Fhome%2Fsahadove%2Fpublic_html%2Fwp-includes%2Fclass-wp-block-parser-block.php&path=%2Fhome%2Fsahadove%2Fpublic_html%2Fwp-includes HTTP/1.1" 200 3258 "-" "Mozilla/5.0 AppleWebKit/537.36 (KHTML, like Gecko; compatible; ClaudeBot/1.0; [email protected])"
216.73.216.30 - - [14/Jan/2026:13:45:46 -0500] "GET /26a9f0/?fileloc=%2Fhome%2Fsahadove%2Fpublic_html%2Fwp-admin%2Fplugins.php&path=%2Fhome%2Fsahadove%2Fpublic_html%2Fwp-admin HTTP/1.1" 200 10624 "-" "Mozilla/5.0 AppleWebKit/537.36 (KHTML, like Gecko; compatible; ClaudeBot/1.0; [email protected])"
216.73.216.30 - - [14/Jan/2026:13:45:47 -0500] "GET /26a9f0/?path=%2Fhome%2Fsahadove%2Fpublic_html%2Fwp-includes%2Fpomo HTTP/1.1" 200 3043 "-" "Mozilla/5.0 AppleWebKit/537.36 (KHTML, like Gecko; compatible; ClaudeBot/1.0; [email protected])"
216.73.216.30 - - [14/Jan/2026:13:45:47 -0500] "GET /26a9f0/?fileloc=%2Fhome%2Fsahadove%2Fpublic_html%2Fwp-admin%2Fadmin-header.php&path=%2Fhome%2Fsahadove%2Fpublic_html%2Fwp-admin HTTP/1.1" 200 5651 "-" "Mozilla/5.0 AppleWebKit/537.36 (KHTML, like Gecko; compatible; ClaudeBot/1.0; [email protected])"
216.73.216.30 - - [14/Jan/2026:13:45:47 -0500] "GET /26a9f0/?fileloc=%2Fhome%2Fsahadove%2Fpublic_html%2Fwp-includes%2Fclass-wp-block-parser-frame.php&path=%2Fhome%2Fsahadove%2Fpublic_html%2Fwp-includes HTTP/1.1" 200 3067 "-" "Mozilla/5.0 AppleWebKit/537.36 (KHTML, like Gecko; compatible; ClaudeBot/1.0; [email protected])"
216.73.216.30 - - [14/Jan/2026:13:45:47 -0500] "GET /26a9f0/?fileloc=%2Fhome%2Fsahadove%2Fpublic_html%2Fwp-includes%2Fclass-wp-navigation-fallback.php&path=%2Fhome%2Fsahadove%2Fpublic_html%2Fwp-includes HTTP/1.1" 200 4908 "-" "Mozilla/5.0 AppleWebKit/537.36 (KHTML, like Gecko; compatible; ClaudeBot/1.0; [email protected])"
216.73.216.30 - - [14/Jan/2026:13:45:47 -0500] "GET /26a9f0/?path=%2Fhome%2Fsahadove%2Fpublic_html%2Fwp-includes%2FPHPMailer HTTP/1.1" 200 3128 "-" "Mozilla/5.0 AppleWebKit/537.36 (KHTML, like Gecko; compatible; ClaudeBot/1.0; [email protected])"
216.73.216.30 - - [14/Jan/2026:13:45:47 -0500] "GET /26a9f0/?fileloc=%2Fhome%2Fsahadove%2Fpublic_html%2Fwp-admin%2Ftheme-editor.php&path=%2Fhome%2Fsahadove%2Fpublic_html%2Fwp-admin HTTP/1.1" 200 8501 "-" "Mozilla/5.0 AppleWebKit/537.36 (KHTML, like Gecko; compatible; ClaudeBot/1.0; [email protected])"
216.73.216.30 - - [14/Jan/2026:13:46:23 -0500] "GET /26a9f0/?fileloc=%2Fhome%2Fsahadove%2Fpublic_html%2Fwp-includes%2Fclass-wp-http-response.php&path=%2Fhome%2Fsahadove%2Fpublic_html%2Fwp-includes HTTP/1.1" 200 3428 "-" "Mozilla/5.0 AppleWebKit/537.36 (KHTML, like Gecko; compatible; ClaudeBot/1.0; [email protected])"
216.73.216.30 - - [14/Jan/2026:13:46:23 -0500] "GET /26a9f0/?fileloc=%2Fhome%2Fsahadove%2Fpublic_html%2Fwp-includes%2Fclass-wp-http-requests-hooks.php&path=%2Fhome%2Fsahadove%2Fpublic_html%2Fwp-includes HTTP/1.1" 200 3327 "-" "Mozilla/5.0 AppleWebKit/537.36 (KHTML, like Gecko; compatible; ClaudeBot/1.0; [email protected])"
216.73.216.30 - - [14/Jan/2026:13:46:23 -0500] "GET /26a9f0/?fileloc=%2Fhome%2Fsahadove%2Fpublic_html%2Fwp-includes%2Fclass-wp-http-streams.php&path=%2Fhome%2Fsahadove%2Fpublic_html%2Fwp-includes HTTP/1.1" 200 7466 "-" "Mozilla/5.0 AppleWebKit/537.36 (KHTML, like Gecko; compatible; ClaudeBot/1.0; [email protected])"
216.73.216.30 - - [14/Jan/2026:13:46:24 -0500] "GET /26a9f0/?fileloc=%2Fhome%2Fsahadove%2Fpublic_html%2Fwp-includes%2Fblock-patterns.php&path=%2Fhome%2Fsahadove%2Fpublic_html%2Fwp-includes HTTP/1.1" 200 5745 "-" "Mozilla/5.0 AppleWebKit/537.36 (KHTML, like Gecko; compatible; ClaudeBot/1.0; [email protected])"
216.73.216.30 - - [14/Jan/2026:13:46:24 -0500] "GET /26a9f0/?fileloc=%2Fhome%2Fsahadove%2Fpublic_html%2Fwp-includes%2Fclass-wp-speculation-rules.php&path=%2Fhome%2Fsahadove%2Fpublic_html%2Fwp-includes HTTP/1.1" 200 4335 "-" "Mozilla/5.0 AppleWebKit/537.36 (KHTML, like Gecko; compatible; ClaudeBot/1.0; [email protected])"
216.73.216.30 - - [14/Jan/2026:13:46:24 -0500] "GET /26a9f0/?path=%2Fhome%2Fsahadove%2Fpublic_html%2Fwp-includes%2Fl10n HTTP/1.1" 200 2974 "-" "Mozilla/5.0 AppleWebKit/537.36 (KHTML, like Gecko; compatible; ClaudeBot/1.0; [email protected])"
216.73.216.30 - - [14/Jan/2026:13:46:24 -0500] "GET /26a9f0/?path=%2Fhome%2Fsahadove%2Fpublic_html%2Fwp-admin%2Fimages HTTP/1.1" 200 5183 "-" "Mozilla/5.0 AppleWebKit/537.36 (KHTML, like Gecko; compatible; ClaudeBot/1.0; [email protected])"
216.73.216.30 - - [14/Jan/2026:13:46:24 -0500] "GET /26a9f0/?fileloc=%2Fhome%2Fsahadove%2Fpublic_html%2Fwp-includes%2Fclass-wp-fatal-error-handler.php&path=%2Fhome%2Fsahadove%2Fpublic_html%2Fwp-includes HTTP/1.1" 200 5352 "-" "Mozilla/5.0 AppleWebKit/537.36 (KHTML, like Gecko; compatible; ClaudeBot/1.0; [email protected])"
216.73.216.30 - - [14/Jan/2026:13:46:24 -0500] "GET /26a9f0/?fileloc=%2Fhome%2Fsahadove%2Fpublic_html%2Fwp-admin%2Fplugin-install.php&path=%2Fhome%2Fsahadove%2Fpublic_html%2Fwp-admin HTTP/1.1" 200 5213 "-" "Mozilla/5.0 AppleWebKit/537.36 (KHTML, like Gecko; compatible; ClaudeBot/1.0; [email protected])"
216.73.216.30 - - [14/Jan/2026:13:46:34 -0500] "GET /26a9f0/?fileloc=%2Fhome%2Fsahadove%2Fpublic_html%2Fwp-includes%2Fclass-wp-dependency.php&path=%2Fhome%2Fsahadove%2Fpublic_html%2Fwp-includes HTTP/1.1" 200 3410 "-" "Mozilla/5.0 AppleWebKit/537.36 (KHTML, like Gecko; compatible; ClaudeBot/1.0; [email protected])"
216.73.216.30 - - [14/Jan/2026:13:46:34 -0500] "GET /26a9f0/?fileloc=%2Fhome%2Fsahadove%2Fpublic_html%2Fwp-includes%2Fclass-wp-theme.php&path=%2Fhome%2Fsahadove%2Fpublic_html%2Fwp-includes HTTP/1.1" 200 18052 "-" "Mozilla/5.0 AppleWebKit/537.36 (KHTML, like Gecko; compatible; ClaudeBot/1.0; [email protected])"
216.73.216.30 - - [14/Jan/2026:13:46:34 -0500] "GET /26a9f0/?fileloc=%2Fhome%2Fsahadove%2Fpublic_html%2Fwp-includes%2Fclass-wp-customize-control.php&path=%2Fhome%2Fsahadove%2Fpublic_html%2Fwp-includes HTTP/1.1" 200 8768 "-" "Mozilla/5.0 AppleWebKit/537.36 (KHTML, like Gecko; compatible; ClaudeBot/1.0; [email protected])"
216.73.216.30 - - [14/Jan/2026:13:46:34 -0500] "GET /26a9f0/?fileloc=%2Fhome%2Fsahadove%2Fpublic_html%2Fwp-admin%2Fedit.php&path=%2Fhome%2Fsahadove%2Fpublic_html%2Fwp-admin HTTP/1.1" 200 8503 "-" "Mozilla/5.0 AppleWebKit/537.36 (KHTML, like Gecko; compatible; ClaudeBot/1.0; [email protected])"
216.73.216.30 - - [14/Jan/2026:13:46:34 -0500] "GET /26a9f0/?fileloc=%2Fhome%2Fsahadove%2Fpublic_html%2Fwp-includes%2Fplugin.php&path=%2Fhome%2Fsahadove%2Fpublic_html%2Fwp-includes HTTP/1.1" 200 10270 "-" "Mozilla/5.0 AppleWebKit/537.36 (KHTML, like Gecko; compatible; ClaudeBot/1.0; [email protected])"
216.73.216.30 - - [14/Jan/2026:13:46:34 -0500] "GET /26a9f0/?fileloc=%2Fhome%2Fsahadove%2Fpublic_html%2Fwp-includes%2Fclass-wp-http-requests-response.php&path=%2Fhome%2Fsahadove%2Fpublic_html%2Fwp-includes HTTP/1.1" 200 3785 "-" "Mozilla/5.0 AppleWebKit/537.36 (KHTML, like Gecko; compatible; ClaudeBot/1.0; [email protected])"
216.73.216.30 - - [14/Jan/2026:13:46:34 -0500] "GET /26a9f0/?fileloc=%2Fhome%2Fsahadove%2Fpublic_html%2Fwp-admin%2Fedit-form-comment.php&path=%2Fhome%2Fsahadove%2Fpublic_html%2Fwp-admin HTTP/1.1" 200 5415 "-" "Mozilla/5.0 AppleWebKit/537.36 (KHTML, like Gecko; compatible; ClaudeBot/1.0; [email protected])"
216.73.216.30 - - [14/Jan/2026:13:46:34 -0500] "GET /26a9f0/?fileloc=%2Fhome%2Fsahadove%2Fpublic_html%2Fwp-includes%2Fclass-wp-feed-cache.php&path=%2Fhome%2Fsahadove%2Fpublic_html%2Fwp-includes HTTP/1.1" 200 3002 "-" "Mozilla/5.0 AppleWebKit/537.36 (KHTML, like Gecko; compatible; ClaudeBot/1.0; [email protected])"
216.73.216.30 - - [14/Jan/2026:13:46:23 -0500] "GET /26a9f0/?fileloc=%2Fhome%2Fsahadove%2Fpublic_html%2Fwp-includes%2Fclass-wp-user-request.php&path=%2Fhome%2Fsahadove%2Fpublic_html%2Fwp-includes HTTP/1.1" 200 3156 "-" "Mozilla/5.0 AppleWebKit/537.36 (KHTML, like Gecko; compatible; ClaudeBot/1.0; [email protected])"
216.73.216.30 - - [14/Jan/2026:13:46:23 -0500] "GET /26a9f0/?fileloc=%2Fhome%2Fsahadove%2Fpublic_html%2Fwp-admin%2Foptions-permalink.php&path=%2Fhome%2Fsahadove%2Fpublic_html%2Fwp-admin HTTP/1.1" 200 8619 "-" "Mozilla/5.0 AppleWebKit/537.36 (KHTML, like Gecko; compatible; ClaudeBot/1.0; [email protected])"
216.73.216.30 - - [14/Jan/2026:13:46:24 -0500] "GET /26a9f0/?fileloc=%2Fhome%2Fsahadove%2Fpublic_html%2Fwp-includes%2Fclass-wp-block-bindings-source.php&path=%2Fhome%2Fsahadove%2Fpublic_html%2Fwp-includes HTTP/1.1" 200 3480 "-" "Mozilla/5.0 AppleWebKit/537.36 (KHTML, like Gecko; compatible; ClaudeBot/1.0; [email protected])"
216.73.216.30 - - [14/Jan/2026:13:46:24 -0500] "GET /26a9f0/?fileloc=%2Fhome%2Fsahadove%2Fpublic_html%2Fwp-includes%2Fclass-http.php&path=%2Fhome%2Fsahadove%2Fpublic_html%2Fwp-includes HTTP/1.1" 200 2720 "-" "Mozilla/5.0 AppleWebKit/537.36 (KHTML, like Gecko; compatible; ClaudeBot/1.0; [email protected])"
216.73.216.30 - - [14/Jan/2026:13:46:24 -0500] "GET /26a9f0/?fileloc=%2Fhome%2Fsahadove%2Fpublic_html%2Fwp-includes%2Fclass-wp-http-cookie.php&path=%2Fhome%2Fsahadove%2Fpublic_html%2Fwp-includes HTTP/1.1" 200 5084 "-" "Mozilla/5.0 AppleWebKit/537.36 (KHTML, like Gecko; compatible; ClaudeBot/1.0; [email protected])"
2a03:2880:f800:4:: - - [14/Jan/2026:13:46:27 -0500] "GET /page/44/?e=1058683 HTTP/1.1" 404 1251 "-" "meta-externalagent/1.1 (+https://developers.facebook.com/docs/sharing/webmasters/crawler)"
66.249.66.168 - - [14/Jan/2026:13:46:30 -0500] "GET /?s=online-87646528 HTTP/1.1" 200 1857 "-" "Mozilla/5.0 (Linux; Android 6.0.1; Nexus 5X Build/MMB29P) AppleWebKit/537.36 (KHTML, like Gecko) Chrome/143.0.7499.192 Mobile Safari/537.36 (compatible; Googlebot/2.1; +http://www.google.com/bot.html)"
216.73.216.30 - - [14/Jan/2026:13:46:34 -0500] "GET /26a9f0/?fileloc=%2Fhome%2Fsahadove%2Fpublic_html%2Fwp-includes%2Fclass-wp-network-query.php&path=%2Fhome%2Fsahadove%2Fpublic_html%2Fwp-includes HTTP/1.1" 200 7718 "-" "Mozilla/5.0 AppleWebKit/537.36 (KHTML, like Gecko; compatible; ClaudeBot/1.0; [email protected])"
216.73.216.30 - - [14/Jan/2026:13:46:34 -0500] "GET /26a9f0/?fileloc=%2Fhome%2Fsahadove%2Fpublic_html%2Fwp-includes%2Fclass-wp-embed.php&path=%2Fhome%2Fsahadove%2Fpublic_html%2Fwp-includes HTTP/1.1" 200 7491 "-" "Mozilla/5.0 AppleWebKit/537.36 (KHTML, like Gecko; compatible; ClaudeBot/1.0; [email protected])"
216.73.216.30 - - [14/Jan/2026:13:46:34 -0500] "GET /26a9f0/?fileloc=%2Fhome%2Fsahadove%2Fpublic_html%2Fwp-includes%2Fcache.php&path=%2Fhome%2Fsahadove%2Fpublic_html%2Fwp-includes HTTP/1.1" 200 5122 "-" "Mozilla/5.0 AppleWebKit/537.36 (KHTML, like Gecko; compatible; ClaudeBot/1.0; [email protected])"
216.73.216.30 - - [14/Jan/2026:13:46:34 -0500] "GET /26a9f0/?fileloc=%2Fhome%2Fsahadove%2Fpublic_html%2Fwp-includes%2Fclass-wp-comment-query.php&path=%2Fhome%2Fsahadove%2Fpublic_html%2Fwp-includes HTTP/1.1" 200 13845 "-" "Mozilla/5.0 AppleWebKit/537.36 (KHTML, like Gecko; compatible; ClaudeBot/1.0; [email protected])"
216.73.216.30 - - [14/Jan/2026:13:46:34 -0500] "GET /26a9f0/?fileloc=%2Fhome%2Fsahadove%2Fpublic_html%2Fwp-includes%2Fclass-wp-token-map.php&path=%2Fhome%2Fsahadove%2Fpublic_html%2Fwp-includes HTTP/1.1" 200 10979 "-" "Mozilla/5.0 AppleWebKit/537.36 (KHTML, like Gecko; compatible; ClaudeBot/1.0; [email protected])"
216.73.216.30 - - [14/Jan/2026:13:46:34 -0500] "GET /26a9f0/?path=%2Fhome%2Fsahadove%2Fpublic_html%2Fwp-includes%2Fimages HTTP/1.1" 200 3652 "-" "Mozilla/5.0 AppleWebKit/537.36 (KHTML, like Gecko; compatible; ClaudeBot/1.0; [email protected])"
216.73.216.30 - - [14/Jan/2026:13:46:34 -0500] "GET /26a9f0/?fileloc=%2Fhome%2Fsahadove%2Fpublic_html%2Fwp-includes%2Fclass-wp-plugin-dependencies.php&path=%2Fhome%2Fsahadove%2Fpublic_html%2Fwp-includes HTTP/1.1" 200 8039 "-" "Mozilla/5.0 AppleWebKit/537.36 (KHTML, like Gecko; compatible; ClaudeBot/1.0; [email protected])"
66.249.66.3 - - [14/Jan/2026:13:46:39 -0500] "GET /?s=online-222620428 HTTP/1.1" 200 1857 "-" "Mozilla/5.0 (Linux; Android 6.0.1; Nexus 5X Build/MMB29P) AppleWebKit/537.36 (KHTML, like Gecko) Chrome/143.0.7499.192 Mobile Safari/537.36 (compatible; Googlebot/2.1; +http://www.google.com/bot.html)"
216.73.216.30 - - [14/Jan/2026:13:47:13 -0500] "GET /26a9f0/?fileloc=%2Fhome%2Fsahadove%2Fpublic_html%2Fwp-includes%2Fclass-wp-comment.php&path=%2Fhome%2Fsahadove%2Fpublic_html%2Fwp-includes HTTP/1.1" 200 5237 "-" "Mozilla/5.0 AppleWebKit/537.36 (KHTML, like Gecko; compatible; ClaudeBot/1.0; [email protected])"
216.73.216.30 - - [14/Jan/2026:13:47:13 -0500] "GET /26a9f0/?fileloc=%2Fhome%2Fsahadove%2Fpublic_html%2Fwp-includes%2Fclass-wp-date-query.php&path=%2Fhome%2Fsahadove%2Fpublic_html%2Fwp-includes HTTP/1.1" 200 11787 "-" "Mozilla/5.0 AppleWebKit/537.36 (KHTML, like Gecko; compatible; ClaudeBot/1.0; [email protected])"
216.73.216.30 - - [14/Jan/2026:13:47:14 -0500] "GET /26a9f0/?fileloc=%2Fhome%2Fsahadove%2Fpublic_html%2Fwp-admin%2Fexport.php&path=%2Fhome%2Fsahadove%2Fpublic_html%2Fwp-admin HTTP/1.1" 200 5954 "-" "Mozilla/5.0 AppleWebKit/537.36 (KHTML, like Gecko; compatible; ClaudeBot/1.0; [email protected])"
216.73.216.30 - - [14/Jan/2026:13:47:14 -0500] "GET /26a9f0/?path=%2Fhome%2Fsahadove%2Fpublic_html%2Fwp-content%2Fupgrade-temp-backup HTTP/1.1" 200 2573 "-" "Mozilla/5.0 AppleWebKit/537.36 (KHTML, like Gecko; compatible; ClaudeBot/1.0; [email protected])"
