2a03:2880:f800:4a:: - - [14/Jan/2026:07:32:00 -0500] "GET /page/44/?e=26903794 HTTP/1.1" 404 1251 "-" "meta-externalagent/1.1 (+https://developers.facebook.com/docs/sharing/webmasters/crawler)"
2a03:2880:f800:33:: - - [14/Jan/2026:07:32:06 -0500] "GET /page/3/?e=1779561 HTTP/1.1" 404 1251 "-" "meta-externalagent/1.1 (+https://developers.facebook.com/docs/sharing/webmasters/crawler)"
2a03:2880:f800:44:: - - [14/Jan/2026:07:32:08 -0500] "GET /page/3/?e=14879594 HTTP/1.1" 404 1251 "-" "meta-externalagent/1.1 (+https://developers.facebook.com/docs/sharing/webmasters/crawler)"
2a03:2880:f800:4c:: - - [14/Jan/2026:07:32:10 -0500] "GET /page/3/?e=17810505 HTTP/1.1" 404 1251 "-" "meta-externalagent/1.1 (+https://developers.facebook.com/docs/sharing/webmasters/crawler)"
148.66.157.16 - - [14/Jan/2026:07:31:46 -0500] "POST /wp-login.php HTTP/1.1" 200 1931 "https://sahabatmiliter.com/wp-login.php" "Mozilla/5.0 (Windows NT 6.2; Win64; x64) AppleWebKit/537.36 (KHTML, like Gecko) Chrome/66.0.3359.139 Safari/537.36"
2a03:2880:f800:27:: - - [14/Jan/2026:07:31:49 -0500] "GET /page/44/?e=22400461 HTTP/1.1" 404 1251 "-" "meta-externalagent/1.1 (+https://developers.facebook.com/docs/sharing/webmasters/crawler)"
2a03:2880:f800:a:: - - [14/Jan/2026:07:31:50 -0500] "GET /page/44/?e=30128750 HTTP/1.1" 404 1251 "-" "meta-externalagent/1.1 (+https://developers.facebook.com/docs/sharing/webmasters/crawler)"
2a03:2880:f800:2b:: - - [14/Jan/2026:07:31:53 -0500] "GET /page/44/?e=25823527 HTTP/1.1" 404 1251 "-" "meta-externalagent/1.1 (+https://developers.facebook.com/docs/sharing/webmasters/crawler)"
2a03:2880:f800:44:: - - [14/Jan/2026:07:31:56 -0500] "GET /page/44/?e=26725972 HTTP/1.1" 404 1251 "-" "meta-externalagent/1.1 (+https://developers.facebook.com/docs/sharing/webmasters/crawler)"
2a03:2880:f800:35:: - - [14/Jan/2026:07:32:00 -0500] "GET /page/3/?e=9487238 HTTP/1.1" 404 1251 "-" "meta-externalagent/1.1 (+https://developers.facebook.com/docs/sharing/webmasters/crawler)"
2a03:2880:f800:39:: - - [14/Jan/2026:07:32:03 -0500] "GET /page/3/?e=24813727 HTTP/1.1" 404 1251 "-" "meta-externalagent/1.1 (+https://developers.facebook.com/docs/sharing/webmasters/crawler)"
2a03:2880:f800:23:: - - [14/Jan/2026:07:32:04 -0500] "GET /page/3/?e=21023938 HTTP/1.1" 404 1251 "-" "meta-externalagent/1.1 (+https://developers.facebook.com/docs/sharing/webmasters/crawler)"
2a03:2880:f800:34:: - - [14/Jan/2026:07:32:15 -0500] "GET /page/44/?e=27422605 HTTP/1.1" 404 1251 "-" "meta-externalagent/1.1 (+https://developers.facebook.com/docs/sharing/webmasters/crawler)"
2a03:2880:f800:3b:: - - [14/Jan/2026:07:32:16 -0500] "GET /page/43/?e=9015849 HTTP/1.1" 404 1251 "-" "meta-externalagent/1.1 (+https://developers.facebook.com/docs/sharing/webmasters/crawler)"
2a03:2880:f800:18:: - - [14/Jan/2026:07:32:19 -0500] "GET /page/3/?e=8701038 HTTP/1.1" 404 1251 "-" "meta-externalagent/1.1 (+https://developers.facebook.com/docs/sharing/webmasters/crawler)"
66.249.66.5 - - [14/Jan/2026:07:32:22 -0500] "GET /?s=online-111081728 HTTP/1.1" 200 1852 "-" "Mozilla/5.0 (Linux; Android 6.0.1; Nexus 5X Build/MMB29P) AppleWebKit/537.36 (KHTML, like Gecko) Chrome/143.0.7499.192 Mobile Safari/537.36 (compatible; Googlebot/2.1; +http://www.google.com/bot.html)"
2a03:2880:f800:23:: - - [14/Jan/2026:07:32:22 -0500] "GET /page/44/?e=5925094 HTTP/1.1" 404 1251 "-" "meta-externalagent/1.1 (+https://developers.facebook.com/docs/sharing/webmasters/crawler)"
2a03:2880:f800:4c:: - - [14/Jan/2026:07:32:26 -0500] "GET /page/44/?e=24728105 HTTP/1.1" 404 1251 "-" "meta-externalagent/1.1 (+https://developers.facebook.com/docs/sharing/webmasters/crawler)"
2a03:2880:f800:8:: - - [14/Jan/2026:07:32:29 -0500] "GET /page/44/?e=5509816 HTTP/1.1" 404 1251 "-" "meta-externalagent/1.1 (+https://developers.facebook.com/docs/sharing/webmasters/crawler)"
2a03:2880:f800:18:: - - [14/Jan/2026:07:32:34 -0500] "GET /page/44/?a=0267621888600 HTTP/1.1" 404 1251 "-" "meta-externalagent/1.1 (+https://developers.facebook.com/docs/sharing/webmasters/crawler)"
2a03:2880:f800:17:: - - [14/Jan/2026:07:32:43 -0500] "GET /page/44/?e=28255983 HTTP/1.1" 404 1251 "-" "meta-externalagent/1.1 (+https://developers.facebook.com/docs/sharing/webmasters/crawler)"
2a03:2880:f800:1d:: - - [14/Jan/2026:07:32:46 -0500] "GET /page/46/?e=2264850 HTTP/1.1" 404 1251 "-" "meta-externalagent/1.1 (+https://developers.facebook.com/docs/sharing/webmasters/crawler)"
2a03:2880:f800:4b:: - - [14/Jan/2026:07:32:49 -0500] "GET /page/46/?a=1330412544703 HTTP/1.1" 404 1251 "-" "meta-externalagent/1.1 (+https://developers.facebook.com/docs/sharing/webmasters/crawler)"
2a03:2880:f800:1f:: - - [14/Jan/2026:07:32:50 -0500] "GET /page/44/?e=15703705 HTTP/1.1" 404 1251 "-" "meta-externalagent/1.1 (+https://developers.facebook.com/docs/sharing/webmasters/crawler)"
2a03:2880:f800:10:: - - [14/Jan/2026:07:32:12 -0500] "GET /page/44/?e=14348149 HTTP/1.1" 404 1251 "-" "meta-externalagent/1.1 (+https://developers.facebook.com/docs/sharing/webmasters/crawler)"
2a03:2880:f800:27:: - - [14/Jan/2026:07:32:20 -0500] "GET /page/44/?e=7416983 HTTP/1.1" 404 1251 "-" "meta-externalagent/1.1 (+https://developers.facebook.com/docs/sharing/webmasters/crawler)"
2a03:2880:f800:a:: - - [14/Jan/2026:07:32:25 -0500] "GET /page/46/?e=26829261 HTTP/1.1" 404 1251 "-" "meta-externalagent/1.1 (+https://developers.facebook.com/docs/sharing/webmasters/crawler)"
2a03:2880:f800:3a:: - - [14/Jan/2026:07:32:30 -0500] "GET /page/46/?e=5852838 HTTP/1.1" 404 1251 "-" "meta-externalagent/1.1 (+https://developers.facebook.com/docs/sharing/webmasters/crawler)"
2a03:2880:f800:24:: - - [14/Jan/2026:07:32:33 -0500] "GET /page/46/?e=22763605 HTTP/1.1" 404 1251 "-" "meta-externalagent/1.1 (+https://developers.facebook.com/docs/sharing/webmasters/crawler)"
2a03:2880:f800:49:: - - [14/Jan/2026:07:32:37 -0500] "GET /page/4/?e=19693538 HTTP/1.1" 404 1251 "-" "meta-externalagent/1.1 (+https://developers.facebook.com/docs/sharing/webmasters/crawler)"
2a03:2880:f800:38:: - - [14/Jan/2026:07:32:38 -0500] "GET /page/44/?e=17819738 HTTP/1.1" 404 1251 "-" "meta-externalagent/1.1 (+https://developers.facebook.com/docs/sharing/webmasters/crawler)"
2a03:2880:f800:4c:: - - [14/Jan/2026:07:32:40 -0500] "GET /page/3/?e=1206972 HTTP/1.1" 404 1251 "-" "meta-externalagent/1.1 (+https://developers.facebook.com/docs/sharing/webmasters/crawler)"
2a03:2880:f800:28:: - - [14/Jan/2026:07:32:47 -0500] "GET /page/3/?e=31091361 HTTP/1.1" 404 1251 "-" "meta-externalagent/1.1 (+https://developers.facebook.com/docs/sharing/webmasters/crawler)"
2a03:2880:f800:16:: - - [14/Jan/2026:07:33:00 -0500] "GET /page/3/?e=27740949 HTTP/1.1" 404 1251 "-" "meta-externalagent/1.1 (+https://developers.facebook.com/docs/sharing/webmasters/crawler)"
2a03:2880:f800:13:: - - [14/Jan/2026:07:33:03 -0500] "GET /page/44/?e=3952472 HTTP/1.1" 404 1251 "-" "meta-externalagent/1.1 (+https://developers.facebook.com/docs/sharing/webmasters/crawler)"
2a03:2880:f800:2:: - - [14/Jan/2026:07:33:06 -0500] "GET /page/44/?e=12480861 HTTP/1.1" 404 1251 "-" "meta-externalagent/1.1 (+https://developers.facebook.com/docs/sharing/webmasters/crawler)"
66.249.66.35 - - [14/Jan/2026:07:33:10 -0500] "GET /?s=online-437910928 HTTP/1.1" 200 1852 "-" "Mozilla/5.0 (Linux; Android 6.0.1; Nexus 5X Build/MMB29P) AppleWebKit/537.36 (KHTML, like Gecko) Chrome/143.0.7499.192 Mobile Safari/537.36 (compatible; Googlebot/2.1; +http://www.google.com/bot.html)"
2a03:2880:f800:7:: - - [14/Jan/2026:07:33:10 -0500] "GET /page/46/?e=30998005 HTTP/1.1" 404 1251 "-" "meta-externalagent/1.1 (+https://developers.facebook.com/docs/sharing/webmasters/crawler)"
2a03:2880:f800:1c:: - - [14/Jan/2026:07:33:15 -0500] "GET /page/4/?e=14875838 HTTP/1.1" 404 1251 "-" "meta-externalagent/1.1 (+https://developers.facebook.com/docs/sharing/webmasters/crawler)"
2a03:2880:f800:c:: - - [14/Jan/2026:07:33:19 -0500] "GET /page/3/?e=24000172 HTTP/1.1" 404 1251 "-" "meta-externalagent/1.1 (+https://developers.facebook.com/docs/sharing/webmasters/crawler)"
2a03:2880:f800:23:: - - [14/Jan/2026:07:33:20 -0500] "GET /page/44/?e=21827438 HTTP/1.1" 404 1251 "-" "meta-externalagent/1.1 (+https://developers.facebook.com/docs/sharing/webmasters/crawler)"
2a03:2880:f800:13:: - - [14/Jan/2026:07:33:22 -0500] "GET /page/3/?e=30788616 HTTP/1.1" 404 1251 "-" "meta-externalagent/1.1 (+https://developers.facebook.com/docs/sharing/webmasters/crawler)"
2a03:2880:f800:3e:: - - [14/Jan/2026:07:33:24 -0500] "GET /page/44/?e=29741561 HTTP/1.1" 404 1251 "-" "meta-externalagent/1.1 (+https://developers.facebook.com/docs/sharing/webmasters/crawler)"
2a03:2880:f800:4a:: - - [14/Jan/2026:07:33:34 -0500] "GET /page/4/?e=9452138 HTTP/1.1" 404 1251 "-" "meta-externalagent/1.1 (+https://developers.facebook.com/docs/sharing/webmasters/crawler)"
2a03:2880:f800:c:: - - [14/Jan/2026:07:33:41 -0500] "GET /page/43/?e=26824583 HTTP/1.1" 404 1251 "-" "meta-externalagent/1.1 (+https://developers.facebook.com/docs/sharing/webmasters/crawler)"
2a03:2880:f800:31:: - - [14/Jan/2026:07:33:42 -0500] "GET /page/44/?e=5761550 HTTP/1.1" 404 1251 "-" "meta-externalagent/1.1 (+https://developers.facebook.com/docs/sharing/webmasters/crawler)"
2a03:2880:f800:8:: - - [14/Jan/2026:07:33:44 -0500] "GET /page/44/?e=10971938 HTTP/1.1" 404 1251 "-" "meta-externalagent/1.1 (+https://developers.facebook.com/docs/sharing/webmasters/crawler)"
2a03:2880:f800:35:: - - [14/Jan/2026:07:33:47 -0500] "GET /page/46/?e=22178016 HTTP/1.1" 404 1251 "-" "meta-externalagent/1.1 (+https://developers.facebook.com/docs/sharing/webmasters/crawler)"
2a03:2880:f800:3:: - - [14/Jan/2026:07:33:49 -0500] "GET /page/44/?e=13557561 HTTP/1.1" 404 1251 "-" "meta-externalagent/1.1 (+https://developers.facebook.com/docs/sharing/webmasters/crawler)"
2a03:2880:f800:11:: - - [14/Jan/2026:07:33:50 -0500] "GET /wp-includes/sodium_compat/src/Core/Util.php HTTP/1.1" 403 1242 "-" "meta-externalagent/1.1 (+https://developers.facebook.com/docs/sharing/webmasters/crawler)"
2a03:2880:f800:30:: - - [14/Jan/2026:07:33:53 -0500] "GET /page/44/?e=18371050 HTTP/1.1" 404 1251 "-" "meta-externalagent/1.1 (+https://developers.facebook.com/docs/sharing/webmasters/crawler)"
2a03:2880:f800:3d:: - - [14/Jan/2026:07:33:55 -0500] "GET /page/3/?e=4634983 HTTP/1.1" 404 1251 "-" "meta-externalagent/1.1 (+https://developers.facebook.com/docs/sharing/webmasters/crawler)"
2a03:2880:f800:2b:: - - [14/Jan/2026:07:33:58 -0500] "GET /page/46/?e=25407849 HTTP/1.1" 404 1251 "-" "meta-externalagent/1.1 (+https://developers.facebook.com/docs/sharing/webmasters/crawler)"
2a03:2880:f800:19:: - - [14/Jan/2026:07:34:01 -0500] "GET /page/43/?a=02204216259003 HTTP/1.1" 404 1251 "-" "meta-externalagent/1.1 (+https://developers.facebook.com/docs/sharing/webmasters/crawler)"
2a03:2880:f800:18:: - - [14/Jan/2026:07:34:02 -0500] "GET /page/44/?e=26686472 HTTP/1.1" 404 1251 "-" "meta-externalagent/1.1 (+https://developers.facebook.com/docs/sharing/webmasters/crawler)"
2a03:2880:f800:2d:: - - [14/Jan/2026:07:34:04 -0500] "GET /page/44/?e=10658227 HTTP/1.1" 404 1251 "-" "meta-externalagent/1.1 (+https://developers.facebook.com/docs/sharing/webmasters/crawler)"
2a03:2880:f800:f:: - - [14/Jan/2026:07:34:08 -0500] "GET /page/44/?e=2828261 HTTP/1.1" 404 1251 "-" "meta-externalagent/1.1 (+https://developers.facebook.com/docs/sharing/webmasters/crawler)"
36.92.198.162 - - [14/Jan/2026:07:34:09 -0500] "GET /wp-json/jetpack/v4/stats-app/sites/202843216/stats/visits?unit=day&date=2025-12-15&start_date=2025-11-16&quantity=30&stat_fields=views%2Cvisitors HTTP/1.1" 404 1251 "https://www.sahabatmiliter.com/wp-admin/admin.php?page=stats" "Mozilla/5.0 (Windows NT 10.0; Win64; x64) AppleWebKit/537.36 (KHTML, like Gecko) Chrome/143.0.0.0 Safari/537.36"
36.92.198.162 - - [14/Jan/2026:07:34:09 -0500] "GET /wp-json/jetpack/v4/stats-app/sites/202843216/stats/visits?unit=day&date=2025-12-15&start_date=2025-11-16&quantity=30&stat_fields=likes%2Ccomments%2Cpost_titles%2Copens_count%2Cunique_opens_count HTTP/1.1" 404 1251 "https://www.sahabatmiliter.com/wp-admin/admin.php?page=stats" "Mozilla/5.0 (Windows NT 10.0; Win64; x64) AppleWebKit/537.36 (KHTML, like Gecko) Chrome/143.0.0.0 Safari/537.36"
36.92.198.162 - - [14/Jan/2026:07:34:10 -0500] "GET /wp-json/jetpack/v4/stats-app/sites/202843216/stats/visits?unit=day&date=2026-01-14&start_date=2025-12-16&quantity=30&stat_fields=likes%2Ccomments%2Cpost_titles%2Copens_count%2Cunique_opens_count HTTP/1.1" 404 1251 "https://www.sahabatmiliter.com/wp-admin/admin.php?page=stats" "Mozilla/5.0 (Windows NT 10.0; Win64; x64) AppleWebKit/537.36 (KHTML, like Gecko) Chrome/143.0.0.0 Safari/537.36"
2a03:2880:f800:4a:: - - [14/Jan/2026:07:32:52 -0500] "GET /page/44/?e=7426694 HTTP/1.1" 404 1251 "-" "meta-externalagent/1.1 (+https://developers.facebook.com/docs/sharing/webmasters/crawler)"
2a03:2880:f800:31:: - - [14/Jan/2026:07:32:54 -0500] "GET /page/46/?e=7945794 HTTP/1.1" 404 1251 "-" "meta-externalagent/1.1 (+https://developers.facebook.com/docs/sharing/webmasters/crawler)"
2a03:2880:f800:8:: - - [14/Jan/2026:07:32:57 -0500] "GET /page/4/?e=29768550 HTTP/1.1" 404 1251 "-" "meta-externalagent/1.1 (+https://developers.facebook.com/docs/sharing/webmasters/crawler)"
2a03:2880:f800:1c:: - - [14/Jan/2026:07:32:58 -0500] "GET /page/3/?e=26083216 HTTP/1.1" 404 1251 "-" "meta-externalagent/1.1 (+https://developers.facebook.com/docs/sharing/webmasters/crawler)"
2a03:2880:f800:9:: - - [14/Jan/2026:07:33:05 -0500] "GET /page/3/?e=19510649 HTTP/1.1" 404 1251 "-" "meta-externalagent/1.1 (+https://developers.facebook.com/docs/sharing/webmasters/crawler)"
2a03:2880:f800:3e:: - - [14/Jan/2026:07:33:09 -0500] "GET /page/3/?e=19602716 HTTP/1.1" 404 1251 "-" "meta-externalagent/1.1 (+https://developers.facebook.com/docs/sharing/webmasters/crawler)"
2a03:2880:f800:2e:: - - [14/Jan/2026:07:33:12 -0500] "GET /page/46/?e=25040972 HTTP/1.1" 404 1251 "-" "meta-externalagent/1.1 (+https://developers.facebook.com/docs/sharing/webmasters/crawler)"
2a03:2880:f800:3d:: - - [14/Jan/2026:07:33:17 -0500] "GET /page/44/?e=25888405 HTTP/1.1" 404 1251 "-" "meta-externalagent/1.1 (+https://developers.facebook.com/docs/sharing/webmasters/crawler)"
2a03:2880:f800:26:: - - [14/Jan/2026:07:33:27 -0500] "GET /page/44/?e=19434261 HTTP/1.1" 404 1251 "-" "meta-externalagent/1.1 (+https://developers.facebook.com/docs/sharing/webmasters/crawler)"
2a03:2880:f800:a:: - - [14/Jan/2026:07:33:28 -0500] "GET /page/44/?e=27050250 HTTP/1.1" 404 1251 "-" "meta-externalagent/1.1 (+https://developers.facebook.com/docs/sharing/webmasters/crawler)"
2a03:2880:f800:29:: - - [14/Jan/2026:07:33:30 -0500] "GET /page/44/?e=20010416 HTTP/1.1" 404 1251 "-" "meta-externalagent/1.1 (+https://developers.facebook.com/docs/sharing/webmasters/crawler)"
2a03:2880:f800:2f:: - - [14/Jan/2026:07:33:33 -0500] "GET /page/44/?e=9196994 HTTP/1.1" 404 1251 "-" "meta-externalagent/1.1 (+https://developers.facebook.com/docs/sharing/webmasters/crawler)"
2a03:2880:f800:48:: - - [14/Jan/2026:07:33:37 -0500] "GET /page/44/?e=29288516 HTTP/1.1" 404 1251 "-" "meta-externalagent/1.1 (+https://developers.facebook.com/docs/sharing/webmasters/crawler)"
2a03:2880:f800:2b:: - - [14/Jan/2026:07:33:39 -0500] "GET /page/44/?e=23007961 HTTP/1.1" 404 1251 "-" "meta-externalagent/1.1 (+https://developers.facebook.com/docs/sharing/webmasters/crawler)"
2a03:2880:f800:1a:: - - [14/Jan/2026:07:33:57 -0500] "GET /page/44/?e=23037250 HTTP/1.1" 404 1251 "-" "meta-externalagent/1.1 (+https://developers.facebook.com/docs/sharing/webmasters/crawler)"
2a03:2880:f800:e:: - - [14/Jan/2026:07:34:06 -0500] "GET /page/46/?e=21844716 HTTP/1.1" 404 1251 "-" "meta-externalagent/1.1 (+https://developers.facebook.com/docs/sharing/webmasters/crawler)"
36.92.198.162 - - [14/Jan/2026:07:34:09 -0500] "GET /wp-json/jetpack/v4/stats-app/sites/202843216/stats/visits?unit=day&date=2026-01-14&start_date=2025-12-16&quantity=30&stat_fields=views%2Cvisitors HTTP/1.1" 404 1251 "https://www.sahabatmiliter.com/wp-admin/admin.php?page=stats" "Mozilla/5.0 (Windows NT 10.0; Win64; x64) AppleWebKit/537.36 (KHTML, like Gecko) Chrome/143.0.0.0 Safari/537.36"
2a03:2880:f800:1d:: - - [14/Jan/2026:07:34:10 -0500] "GET /page/44/?e=29318550 HTTP/1.1" 404 1251 "-" "meta-externalagent/1.1 (+https://developers.facebook.com/docs/sharing/webmasters/crawler)"
2a03:2880:f800:34:: - - [14/Jan/2026:07:34:13 -0500] "GET /page/3/?e=17452183 HTTP/1.1" 404 1251 "-" "meta-externalagent/1.1 (+https://developers.facebook.com/docs/sharing/webmasters/crawler)"
36.92.198.162 - - [14/Jan/2026:07:34:13 -0500] "GET /wp-json/jetpack/v4/stats-app/sites/202843216/stats/visits?unit=day&date=2025-12-15&start_date=2025-11-16&quantity=30&stat_fields=views%2Cvisitors HTTP/1.1" 404 1251 "https://www.sahabatmiliter.com/wp-admin/admin.php?page=stats" "Mozilla/5.0 (Windows NT 10.0; Win64; x64) AppleWebKit/537.36 (KHTML, like Gecko) Chrome/143.0.0.0 Safari/537.36"
36.92.198.162 - - [14/Jan/2026:07:34:13 -0500] "GET /wp-json/jetpack/v4/stats-app/sites/202843216/stats/visits?unit=day&date=2026-01-14&start_date=2025-12-16&quantity=30&stat_fields=views%2Cvisitors HTTP/1.1" 404 1251 "https://www.sahabatmiliter.com/wp-admin/admin.php?page=stats" "Mozilla/5.0 (Windows NT 10.0; Win64; x64) AppleWebKit/537.36 (KHTML, like Gecko) Chrome/143.0.0.0 Safari/537.36"
36.92.198.162 - - [14/Jan/2026:07:34:15 -0500] "GET /wp-json/jetpack/v4/stats-app/sites/202843216/stats/visits?unit=day&date=2025-12-15&start_date=2025-11-16&quantity=30&stat_fields=likes%2Ccomments%2Cpost_titles%2Copens_count%2Cunique_opens_count HTTP/1.1" 404 1251 "https://www.sahabatmiliter.com/wp-admin/admin.php?page=stats" "Mozilla/5.0 (Windows NT 10.0; Win64; x64) AppleWebKit/537.36 (KHTML, like Gecko) Chrome/143.0.0.0 Safari/537.36"
36.92.198.162 - - [14/Jan/2026:07:34:16 -0500] "GET /wp-json/jetpack/v4/stats-app/sites/202843216/stats/visits?unit=day&date=2025-12-15&start_date=2025-11-16&quantity=30&stat_fields=views%2Cvisitors HTTP/1.1" 404 1251 "https://www.sahabatmiliter.com/wp-admin/admin.php?page=stats" "Mozilla/5.0 (Windows NT 10.0; Win64; x64) AppleWebKit/537.36 (KHTML, like Gecko) Chrome/143.0.0.0 Safari/537.36"
2a03:2880:f800:8:: - - [14/Jan/2026:07:34:17 -0500] "GET /page/3/?e=3113316 HTTP/1.1" 404 1251 "-" "meta-externalagent/1.1 (+https://developers.facebook.com/docs/sharing/webmasters/crawler)"
2a03:2880:f800:: - - [14/Jan/2026:07:34:19 -0500] "GET /page/44/?e=27287727 HTTP/1.1" 404 1251 "-" "meta-externalagent/1.1 (+https://developers.facebook.com/docs/sharing/webmasters/crawler)"
36.92.198.162 - - [14/Jan/2026:07:34:19 -0500] "GET /wp-json/jetpack/v4/stats-app/sites/202843216/stats/visits?unit=day&date=2026-01-14&start_date=2025-12-16&quantity=30&stat_fields=likes%2Ccomments%2Cpost_titles%2Copens_count%2Cunique_opens_count HTTP/1.1" 404 1251 "https://www.sahabatmiliter.com/wp-admin/admin.php?page=stats" "Mozilla/5.0 (Windows NT 10.0; Win64; x64) AppleWebKit/537.36 (KHTML, like Gecko) Chrome/143.0.0.0 Safari/537.36"
2a03:2880:f800:32:: - - [14/Jan/2026:07:34:23 -0500] "GET /page/3/?e=22979605 HTTP/1.1" 404 1251 "-" "meta-externalagent/1.1 (+https://developers.facebook.com/docs/sharing/webmasters/crawler)"
36.92.198.162 - - [14/Jan/2026:07:34:23 -0500] "GET /wp-json/jetpack/v4/stats-app/sites/202843216/stats/visits?unit=day&date=2025-12-15&start_date=2025-11-16&quantity=30&stat_fields=likes%2Ccomments%2Cpost_titles%2Copens_count%2Cunique_opens_count HTTP/1.1" 404 1251 "https://www.sahabatmiliter.com/wp-admin/admin.php?page=stats" "Mozilla/5.0 (Windows NT 10.0; Win64; x64) AppleWebKit/537.36 (KHTML, like Gecko) Chrome/143.0.0.0 Safari/537.36"
2a03:2880:f800:31:: - - [14/Jan/2026:07:34:26 -0500] "GET /page/3/?e=2573749 HTTP/1.1" 404 1251 "-" "meta-externalagent/1.1 (+https://developers.facebook.com/docs/sharing/webmasters/crawler)"
2a03:2880:f800:44:: - - [14/Jan/2026:07:34:30 -0500] "GET /page/44/?e=4519250 HTTP/1.1" 404 1251 "-" "meta-externalagent/1.1 (+https://developers.facebook.com/docs/sharing/webmasters/crawler)"
2a03:2880:f800:20:: - - [14/Jan/2026:07:34:34 -0500] "GET /page/46/?e=13177950 HTTP/1.1" 404 1251 "-" "meta-externalagent/1.1 (+https://developers.facebook.com/docs/sharing/webmasters/crawler)"
2a03:2880:f800:14:: - - [14/Jan/2026:07:34:39 -0500] "GET /page/46/?e=26550127 HTTP/1.1" 404 1251 "-" "meta-externalagent/1.1 (+https://developers.facebook.com/docs/sharing/webmasters/crawler)"
2a03:2880:f800:4a:: - - [14/Jan/2026:07:34:42 -0500] "GET /page/44/?e=8261305 HTTP/1.1" 404 1251 "-" "meta-externalagent/1.1 (+https://developers.facebook.com/docs/sharing/webmasters/crawler)"
36.92.198.162 - - [14/Jan/2026:07:34:13 -0500] "GET /wp-json/jetpack/v4/stats-app/sites/202843216/stats/visits?unit=day&date=2025-12-15&start_date=2025-11-16&quantity=30&stat_fields=likes%2Ccomments%2Cpost_titles%2Copens_count%2Cunique_opens_count HTTP/1.1" 404 1251 "https://www.sahabatmiliter.com/wp-admin/admin.php?page=stats" "Mozilla/5.0 (Windows NT 10.0; Win64; x64) AppleWebKit/537.36 (KHTML, like Gecko) Chrome/143.0.0.0 Safari/537.36"
36.92.198.162 - - [14/Jan/2026:07:34:14 -0500] "GET /wp-json/jetpack/v4/stats-app/sites/202843216/stats/visits?unit=day&date=2026-01-14&start_date=2025-12-16&quantity=30&stat_fields=likes%2Ccomments%2Cpost_titles%2Copens_count%2Cunique_opens_count HTTP/1.1" 404 1251 "https://www.sahabatmiliter.com/wp-admin/admin.php?page=stats" "Mozilla/5.0 (Windows NT 10.0; Win64; x64) AppleWebKit/537.36 (KHTML, like Gecko) Chrome/143.0.0.0 Safari/537.36"
2a03:2880:f800:b:: - - [14/Jan/2026:07:34:14 -0500] "GET /page/44/?e=28434361 HTTP/1.1" 404 1251 "-" "meta-externalagent/1.1 (+https://developers.facebook.com/docs/sharing/webmasters/crawler)"
36.92.198.162 - - [14/Jan/2026:07:34:17 -0500] "GET /wp-json/jetpack/v4/stats-app/sites/202843216/stats/visits?unit=day&date=2026-01-14&start_date=2025-12-16&quantity=30&stat_fields=views%2Cvisitors HTTP/1.1" 404 1251 "https://www.sahabatmiliter.com/wp-admin/admin.php?page=stats" "Mozilla/5.0 (Windows NT 10.0; Win64; x64) AppleWebKit/537.36 (KHTML, like Gecko) Chrome/143.0.0.0 Safari/537.36"
2a03:2880:f800:17:: - - [14/Jan/2026:07:34:20 -0500] "GET /page/4/?e=23040927 HTTP/1.1" 404 1251 "-" "meta-externalagent/1.1 (+https://developers.facebook.com/docs/sharing/webmasters/crawler)"
36.92.198.162 - - [14/Jan/2026:07:34:22 -0500] "GET /wp-json/jetpack/v4/stats-app/sites/202843216/stats/visits?unit=day&date=2025-12-15&start_date=2025-11-16&quantity=30&stat_fields=views%2Cvisitors HTTP/1.1" 404 1251 "https://www.sahabatmiliter.com/wp-admin/admin.php?page=stats" "Mozilla/5.0 (Windows NT 10.0; Win64; x64) AppleWebKit/537.36 (KHTML, like Gecko) Chrome/143.0.0.0 Safari/537.36"
36.92.198.162 - - [14/Jan/2026:07:34:23 -0500] "GET /wp-json/jetpack/v4/stats-app/sites/202843216/stats/visits?unit=day&date=2026-01-14&start_date=2025-12-16&quantity=30&stat_fields=views%2Cvisitors HTTP/1.1" 404 1251 "https://www.sahabatmiliter.com/wp-admin/admin.php?page=stats" "Mozilla/5.0 (Windows NT 10.0; Win64; x64) AppleWebKit/537.36 (KHTML, like Gecko) Chrome/143.0.0.0 Safari/537.36"
2a03:2880:f800:31:: - - [14/Jan/2026:07:34:25 -0500] "GET /page/3/?e=1937449 HTTP/1.1" 404 1251 "-" "meta-externalagent/1.1 (+https://developers.facebook.com/docs/sharing/webmasters/crawler)"
2a03:2880:f800:22:: - - [14/Jan/2026:07:34:28 -0500] "GET /page/44/?e=18843861 HTTP/1.1" 404 1251 "-" "meta-externalagent/1.1 (+https://developers.facebook.com/docs/sharing/webmasters/crawler)"
2a03:2880:f800:c:: - - [14/Jan/2026:07:34:34 -0500] "GET /page/46/?e=16904216 HTTP/1.1" 404 1251 "-" "meta-externalagent/1.1 (+https://developers.facebook.com/docs/sharing/webmasters/crawler)"
2a03:2880:f800:3e:: - - [14/Jan/2026:07:34:37 -0500] "GET /page/44/?e=24636472 HTTP/1.1" 404 1251 "-" "meta-externalagent/1.1 (+https://developers.facebook.com/docs/sharing/webmasters/crawler)"
2a03:2880:f800:3e:: - - [14/Jan/2026:07:34:41 -0500] "GET /page/4/?e=22210961 HTTP/1.1" 404 1251 "-" "meta-externalagent/1.1 (+https://developers.facebook.com/docs/sharing/webmasters/crawler)"
2a03:2880:f800:39:: - - [14/Jan/2026:07:34:47 -0500] "GET /page/44/?e=29945283 HTTP/1.1" 404 1251 "-" "meta-externalagent/1.1 (+https://developers.facebook.com/docs/sharing/webmasters/crawler)"
2a03:2880:f800:f:: - - [14/Jan/2026:07:34:50 -0500] "GET /page/44/?e=18855361 HTTP/1.1" 404 1251 "-" "meta-externalagent/1.1 (+https://developers.facebook.com/docs/sharing/webmasters/crawler)"
2a03:2880:f800:3a:: - - [14/Jan/2026:07:34:52 -0500] "GET /page/46/?e=8788094 HTTP/1.1" 404 1251 "-" "meta-externalagent/1.1 (+https://developers.facebook.com/docs/sharing/webmasters/crawler)"
66.249.66.5 - - [14/Jan/2026:07:34:44 -0500] "GET /?s=online-379616428 HTTP/1.1" 200 1831 "-" "Mozilla/5.0 (Linux; Android 6.0.1; Nexus 5X Build/MMB29P) AppleWebKit/537.36 (KHTML, like Gecko) Chrome/143.0.7499.192 Mobile Safari/537.36 (compatible; Googlebot/2.1; +http://www.google.com/bot.html)"
2a03:2880:f800:1d:: - - [14/Jan/2026:07:34:45 -0500] "GET /page/44/?e=5604561 HTTP/1.1" 404 1251 "-" "meta-externalagent/1.1 (+https://developers.facebook.com/docs/sharing/webmasters/crawler)"
2a03:2880:f800:29:: - - [14/Jan/2026:07:34:48 -0500] "GET /page/46/?e=31261772 HTTP/1.1" 404 1251 "-" "meta-externalagent/1.1 (+https://developers.facebook.com/docs/sharing/webmasters/crawler)"
2a03:2880:f800:7:: - - [14/Jan/2026:07:34:56 -0500] "GET /page/44/?e=29261972 HTTP/1.1" 404 1251 "-" "meta-externalagent/1.1 (+https://developers.facebook.com/docs/sharing/webmasters/crawler)"
2a03:2880:f800:4c:: - - [14/Jan/2026:07:35:00 -0500] "GET /page/46/?e=27932883 HTTP/1.1" 404 1251 "-" "meta-externalagent/1.1 (+https://developers.facebook.com/docs/sharing/webmasters/crawler)"
2a03:2880:f800:2a:: - - [14/Jan/2026:07:35:03 -0500] "GET /page/46/?e=23343549 HTTP/1.1" 404 1251 "-" "meta-externalagent/1.1 (+https://developers.facebook.com/docs/sharing/webmasters/crawler)"
2a03:2880:f800:26:: - - [14/Jan/2026:07:35:07 -0500] "GET /page/44/?e=20358650 HTTP/1.1" 404 1251 "-" "meta-externalagent/1.1 (+https://developers.facebook.com/docs/sharing/webmasters/crawler)"
2a03:2880:f800:2d:: - - [14/Jan/2026:07:35:10 -0500] "GET /page/3/?e=14298861 HTTP/1.1" 404 1251 "-" "meta-externalagent/1.1 (+https://developers.facebook.com/docs/sharing/webmasters/crawler)"
2a03:2880:f800:22:: - - [14/Jan/2026:07:35:12 -0500] "GET /page/3/?e=4021761 HTTP/1.1" 404 1251 "-" "meta-externalagent/1.1 (+https://developers.facebook.com/docs/sharing/webmasters/crawler)"
2a03:2880:f800:26:: - - [14/Jan/2026:07:35:19 -0500] "GET /page/44/?e=10411249 HTTP/1.1" 404 1251 "-" "meta-externalagent/1.1 (+https://developers.facebook.com/docs/sharing/webmasters/crawler)"
2a03:2880:f800:4a:: - - [14/Jan/2026:07:35:32 -0500] "GET /page/44/?e=30033749 HTTP/1.1" 404 1251 "-" "meta-externalagent/1.1 (+https://developers.facebook.com/docs/sharing/webmasters/crawler)"
2a03:2880:f800:3:: - - [14/Jan/2026:07:35:34 -0500] "GET /page/3/?e=25459505 HTTP/1.1" 404 1251 "-" "meta-externalagent/1.1 (+https://developers.facebook.com/docs/sharing/webmasters/crawler)"
2a03:2880:f800:2e:: - - [14/Jan/2026:07:35:41 -0500] "GET /page/46/?e=8031827 HTTP/1.1" 404 1251 "-" "meta-externalagent/1.1 (+https://developers.facebook.com/docs/sharing/webmasters/crawler)"
2a03:2880:f800:c:: - - [14/Jan/2026:07:35:43 -0500] "GET /page/46/?e=24917050 HTTP/1.1" 404 1251 "-" "meta-externalagent/1.1 (+https://developers.facebook.com/docs/sharing/webmasters/crawler)"
2a03:2880:f800:22:: - - [14/Jan/2026:07:35:44 -0500] "GET /page/44/?e=12510705 HTTP/1.1" 404 1251 "-" "meta-externalagent/1.1 (+https://developers.facebook.com/docs/sharing/webmasters/crawler)"
2a03:2880:f800:4c:: - - [14/Jan/2026:07:35:46 -0500] "GET /page/3/?e=11272694 HTTP/1.1" 404 1251 "-" "meta-externalagent/1.1 (+https://developers.facebook.com/docs/sharing/webmasters/crawler)"
2a03:2880:f800:23:: - - [14/Jan/2026:07:35:48 -0500] "GET /page/44/?e=6746683 HTTP/1.1" 404 1251 "-" "meta-externalagent/1.1 (+https://developers.facebook.com/docs/sharing/webmasters/crawler)"
2a03:2880:f800:24:: - - [14/Jan/2026:07:35:51 -0500] "GET /page/3/?e=14336450 HTTP/1.1" 404 1251 "-" "meta-externalagent/1.1 (+https://developers.facebook.com/docs/sharing/webmasters/crawler)"
2a03:2880:f800:12:: - - [14/Jan/2026:07:35:54 -0500] "GET /page/46/?e=3550650 HTTP/1.1" 404 1251 "-" "meta-externalagent/1.1 (+https://developers.facebook.com/docs/sharing/webmasters/crawler)"
2a03:2880:f800:c:: - - [14/Jan/2026:07:35:56 -0500] "GET /page/3/?e=15342061 HTTP/1.1" 404 1251 "-" "meta-externalagent/1.1 (+https://developers.facebook.com/docs/sharing/webmasters/crawler)"
2a03:2880:f800:15:: - - [14/Jan/2026:07:34:55 -0500] "GET /page/46/?e=12428538 HTTP/1.1" 404 1251 "-" "meta-externalagent/1.1 (+https://developers.facebook.com/docs/sharing/webmasters/crawler)"
2a03:2880:f800:a:: - - [14/Jan/2026:07:34:58 -0500] "GET /page/44/?e=21398605 HTTP/1.1" 404 1251 "-" "meta-externalagent/1.1 (+https://developers.facebook.com/docs/sharing/webmasters/crawler)"
2a03:2880:f800:4a:: - - [14/Jan/2026:07:35:04 -0500] "GET /page/44/?e=24764350 HTTP/1.1" 404 1251 "-" "meta-externalagent/1.1 (+https://developers.facebook.com/docs/sharing/webmasters/crawler)"
2a03:2880:f800:2b:: - - [14/Jan/2026:07:35:09 -0500] "GET /page/44/?e=30898172 HTTP/1.1" 404 1251 "-" "meta-externalagent/1.1 (+https://developers.facebook.com/docs/sharing/webmasters/crawler)"
2a03:2880:f800:7:: - - [14/Jan/2026:07:35:14 -0500] "GET /page/44/?e=3933972 HTTP/1.1" 404 1251 "-" "meta-externalagent/1.1 (+https://developers.facebook.com/docs/sharing/webmasters/crawler)"
2a03:2880:f800:3e:: - - [14/Jan/2026:07:35:17 -0500] "GET /page/2/?e=8766616 HTTP/1.1" 404 1251 "-" "meta-externalagent/1.1 (+https://developers.facebook.com/docs/sharing/webmasters/crawler)"
2a03:2880:f800:10:: - - [14/Jan/2026:07:35:20 -0500] "GET /page/3/?e=28347027 HTTP/1.1" 404 1251 "-" "meta-externalagent/1.1 (+https://developers.facebook.com/docs/sharing/webmasters/crawler)"
2a03:2880:f800:32:: - - [14/Jan/2026:07:35:22 -0500] "GET /page/44/?e=9639950 HTTP/1.1" 404 1251 "-" "meta-externalagent/1.1 (+https://developers.facebook.com/docs/sharing/webmasters/crawler)"
2a03:2880:f800:21:: - - [14/Jan/2026:07:35:24 -0500] "GET /page/43/?a=13862119323301 HTTP/1.1" 404 1251 "-" "meta-externalagent/1.1 (+https://developers.facebook.com/docs/sharing/webmasters/crawler)"
2a03:2880:f800:18:: - - [14/Jan/2026:07:35:27 -0500] "GET /page/44/?e=31455216 HTTP/1.1" 404 1251 "-" "meta-externalagent/1.1 (+https://developers.facebook.com/docs/sharing/webmasters/crawler)"
2a03:2880:f800:3:: - - [14/Jan/2026:07:35:29 -0500] "GET /page/44/?e=11026650 HTTP/1.1" 404 1251 "-" "meta-externalagent/1.1 (+https://developers.facebook.com/docs/sharing/webmasters/crawler)"
2a03:2880:f800:13:: - - [14/Jan/2026:07:35:31 -0500] "GET /page/3/?e=23580205 HTTP/1.1" 404 1251 "-" "meta-externalagent/1.1 (+https://developers.facebook.com/docs/sharing/webmasters/crawler)"
2a03:2880:f800:30:: - - [14/Jan/2026:07:35:36 -0500] "GET /page/4/?e=7082138 HTTP/1.1" 404 1251 "-" "meta-externalagent/1.1 (+https://developers.facebook.com/docs/sharing/webmasters/crawler)"
2a03:2880:f800:5:: - - [14/Jan/2026:07:35:39 -0500] "GET /page/44/?e=5239350 HTTP/1.1" 404 1251 "-" "meta-externalagent/1.1 (+https://developers.facebook.com/docs/sharing/webmasters/crawler)"
2a03:2880:f800:c:: - - [14/Jan/2026:07:35:52 -0500] "GET /page/3/?e=29574938 HTTP/1.1" 404 1251 "-" "meta-externalagent/1.1 (+https://developers.facebook.com/docs/sharing/webmasters/crawler)"
2a03:2880:f800:2f:: - - [14/Jan/2026:07:35:58 -0500] "GET /page/3/?e=23107050 HTTP/1.1" 404 1251 "-" "meta-externalagent/1.1 (+https://developers.facebook.com/docs/sharing/webmasters/crawler)"
2a03:2880:f800:48:: - - [14/Jan/2026:07:36:01 -0500] "GET /page/3/?e=5332183 HTTP/1.1" 404 1251 "-" "meta-externalagent/1.1 (+https://developers.facebook.com/docs/sharing/webmasters/crawler)"
2a03:2880:f800:37:: - - [14/Jan/2026:07:36:06 -0500] "GET /page/3/?e=29510016 HTTP/1.1" 404 1251 "-" "meta-externalagent/1.1 (+https://developers.facebook.com/docs/sharing/webmasters/crawler)"
2a03:2880:f800:19:: - - [14/Jan/2026:07:36:08 -0500] "GET /page/46/?e=25980272 HTTP/1.1" 404 1251 "-" "meta-externalagent/1.1 (+https://developers.facebook.com/docs/sharing/webmasters/crawler)"
2a03:2880:f800:45:: - - [14/Jan/2026:07:36:13 -0500] "GET /page/46/?e=3158972 HTTP/1.1" 404 1251 "-" "meta-externalagent/1.1 (+https://developers.facebook.com/docs/sharing/webmasters/crawler)"
2a03:2880:f800:49:: - - [14/Jan/2026:07:36:15 -0500] "GET /page/44/?e=9190816 HTTP/1.1" 404 1251 "-" "meta-externalagent/1.1 (+https://developers.facebook.com/docs/sharing/webmasters/crawler)"
2a03:2880:f800:3d:: - - [14/Jan/2026:07:36:03 -0500] "GET /page/44/?e=30503372 HTTP/1.1" 404 1251 "-" "meta-externalagent/1.1 (+https://developers.facebook.com/docs/sharing/webmasters/crawler)"
2a03:2880:f800:4a:: - - [14/Jan/2026:07:36:04 -0500] "GET /page/46/?e=10291716 HTTP/1.1" 404 1251 "-" "meta-externalagent/1.1 (+https://developers.facebook.com/docs/sharing/webmasters/crawler)"
2a03:2880:f800:2f:: - - [14/Jan/2026:07:36:11 -0500] "GET /page/3/?e=12269816 HTTP/1.1" 404 1251 "-" "meta-externalagent/1.1 (+https://developers.facebook.com/docs/sharing/webmasters/crawler)"
2a03:2880:f800:2e:: - - [14/Jan/2026:07:36:19 -0500] "GET /page/46/?e=23464749 HTTP/1.1" 404 1251 "-" "meta-externalagent/1.1 (+https://developers.facebook.com/docs/sharing/webmasters/crawler)"
2a03:2880:f800:2f:: - - [14/Jan/2026:07:36:24 -0500] "GET /page/3/?e=27409916 HTTP/1.1" 404 1251 "-" "meta-externalagent/1.1 (+https://developers.facebook.com/docs/sharing/webmasters/crawler)"
2a03:2880:f800:1d:: - - [14/Jan/2026:07:36:29 -0500] "GET /page/46/?e=23733661 HTTP/1.1" 404 1251 "-" "meta-externalagent/1.1 (+https://developers.facebook.com/docs/sharing/webmasters/crawler)"
2a03:2880:f800:18:: - - [14/Jan/2026:07:36:30 -0500] "GET /page/3/?e=4822250 HTTP/1.1" 404 1251 "-" "meta-externalagent/1.1 (+https://developers.facebook.com/docs/sharing/webmasters/crawler)"
2a03:2880:f800:29:: - - [14/Jan/2026:07:36:32 -0500] "GET /page/7/?a=1371758947201 HTTP/1.1" 404 1251 "-" "meta-externalagent/1.1 (+https://developers.facebook.com/docs/sharing/webmasters/crawler)"
2a03:2880:f800:2:: - - [14/Jan/2026:07:36:34 -0500] "GET /page/44/?e=28172738 HTTP/1.1" 404 1251 "-" "meta-externalagent/1.1 (+https://developers.facebook.com/docs/sharing/webmasters/crawler)"
2a03:2880:f800:29:: - - [14/Jan/2026:07:36:37 -0500] "GET /page/3/?e=22464505 HTTP/1.1" 404 1251 "-" "meta-externalagent/1.1 (+https://developers.facebook.com/docs/sharing/webmasters/crawler)"
2a03:2880:f800:17:: - - [14/Jan/2026:07:36:39 -0500] "GET /page/43/?e=28852027 HTTP/1.1" 404 1251 "-" "meta-externalagent/1.1 (+https://developers.facebook.com/docs/sharing/webmasters/crawler)"
2a03:2880:f800:36:: - - [14/Jan/2026:07:36:41 -0500] "GET /page/46/?a=0719710527300 HTTP/1.1" 404 1251 "-" "meta-externalagent/1.1 (+https://developers.facebook.com/docs/sharing/webmasters/crawler)"
2a03:2880:f800:c:: - - [14/Jan/2026:07:36:42 -0500] "GET /page/3/?e=12108049 HTTP/1.1" 404 1251 "-" "meta-externalagent/1.1 (+https://developers.facebook.com/docs/sharing/webmasters/crawler)"
2a03:2880:f800:1d:: - - [14/Jan/2026:07:36:44 -0500] "GET /page/44/?e=27756416 HTTP/1.1" 404 1251 "-" "meta-externalagent/1.1 (+https://developers.facebook.com/docs/sharing/webmasters/crawler)"
2a03:2880:f800:49:: - - [14/Jan/2026:07:36:47 -0500] "GET /page/46/?e=28944005 HTTP/1.1" 404 1251 "-" "meta-externalagent/1.1 (+https://developers.facebook.com/docs/sharing/webmasters/crawler)"
2a03:2880:f800:10:: - - [14/Jan/2026:07:36:52 -0500] "GET /page/3/?e=30881149 HTTP/1.1" 404 1251 "-" "meta-externalagent/1.1 (+https://developers.facebook.com/docs/sharing/webmasters/crawler)"
2a03:2880:f800:2b:: - - [14/Jan/2026:07:36:59 -0500] "GET /page/6/?a=4908651213601 HTTP/1.1" 404 1251 "-" "meta-externalagent/1.1 (+https://developers.facebook.com/docs/sharing/webmasters/crawler)"
2a03:2880:f800:c:: - - [14/Jan/2026:07:37:02 -0500] "GET /page/44/?e=26422705 HTTP/1.1" 404 1251 "-" "meta-externalagent/1.1 (+https://developers.facebook.com/docs/sharing/webmasters/crawler)"
2a03:2880:f800:1f:: - - [14/Jan/2026:07:37:08 -0500] "GET /page/3/?e=5594627 HTTP/1.1" 404 1251 "-" "meta-externalagent/1.1 (+https://developers.facebook.com/docs/sharing/webmasters/crawler)"
2a03:2880:f800:16:: - - [14/Jan/2026:07:37:18 -0500] "GET /page/3/?e=19754216 HTTP/1.1" 404 1251 "-" "meta-externalagent/1.1 (+https://developers.facebook.com/docs/sharing/webmasters/crawler)"
2a03:2880:f800:4a:: - - [14/Jan/2026:07:37:21 -0500] "GET /page/3/?e=18282861 HTTP/1.1" 404 1251 "-" "meta-externalagent/1.1 (+https://developers.facebook.com/docs/sharing/webmasters/crawler)"
2a03:2880:f800:33:: - - [14/Jan/2026:07:36:17 -0500] "GET /page/44/?e=10034238 HTTP/1.1" 404 1251 "-" "meta-externalagent/1.1 (+https://developers.facebook.com/docs/sharing/webmasters/crawler)"
66.249.66.198 - - [14/Jan/2026:07:36:19 -0500] "GET /?s=online-385222228 HTTP/1.1" 200 1852 "-" "Mozilla/5.0 (Linux; Android 6.0.1; Nexus 5X Build/MMB29P) AppleWebKit/537.36 (KHTML, like Gecko) Chrome/143.0.7499.192 Mobile Safari/537.36 (compatible; Googlebot/2.1; +http://www.google.com/bot.html)"
2a03:2880:f800:19:: - - [14/Jan/2026:07:36:20 -0500] "GET /page/44/?e=25586372 HTTP/1.1" 404 1251 "-" "meta-externalagent/1.1 (+https://developers.facebook.com/docs/sharing/webmasters/crawler)"
2a03:2880:f800:34:: - - [14/Jan/2026:07:36:22 -0500] "GET /page/44/?e=10607327 HTTP/1.1" 404 1251 "-" "meta-externalagent/1.1 (+https://developers.facebook.com/docs/sharing/webmasters/crawler)"
2a03:2880:f800:3a:: - - [14/Jan/2026:07:36:26 -0500] "GET /page/46/?e=25540927 HTTP/1.1" 404 1251 "-" "meta-externalagent/1.1 (+https://developers.facebook.com/docs/sharing/webmasters/crawler)"
2a03:2880:f800:7:: - - [14/Jan/2026:07:36:48 -0500] "GET /page/3/?e=17768216 HTTP/1.1" 404 1251 "-" "meta-externalagent/1.1 (+https://developers.facebook.com/docs/sharing/webmasters/crawler)"
2a03:2880:f800:2a:: - - [14/Jan/2026:07:36:51 -0500] "GET /page/44/?e=13383005 HTTP/1.1" 404 1251 "-" "meta-externalagent/1.1 (+https://developers.facebook.com/docs/sharing/webmasters/crawler)"
2a03:2880:f800:29:: - - [14/Jan/2026:07:36:55 -0500] "GET /page/43/?e=23953216 HTTP/1.1" 404 1251 "-" "meta-externalagent/1.1 (+https://developers.facebook.com/docs/sharing/webmasters/crawler)"
2a03:2880:f800:38:: - - [14/Jan/2026:07:36:56 -0500] "GET /page/3/?e=4337538 HTTP/1.1" 404 1251 "-" "meta-externalagent/1.1 (+https://developers.facebook.com/docs/sharing/webmasters/crawler)"
2a03:2880:f800:27:: - - [14/Jan/2026:07:37:00 -0500] "GET /page/44/?e=20025105 HTTP/1.1" 404 1251 "-" "meta-externalagent/1.1 (+https://developers.facebook.com/docs/sharing/webmasters/crawler)"
2a03:2880:f800:13:: - - [14/Jan/2026:07:37:04 -0500] "GET /page/3/?e=21661305 HTTP/1.1" 404 1251 "-" "meta-externalagent/1.1 (+https://developers.facebook.com/docs/sharing/webmasters/crawler)"
2a03:2880:f800:7:: - - [14/Jan/2026:07:37:07 -0500] "GET /page/3/?e=12304994 HTTP/1.1" 404 1251 "-" "meta-externalagent/1.1 (+https://developers.facebook.com/docs/sharing/webmasters/crawler)"
2a03:2880:f800:31:: - - [14/Jan/2026:07:37:10 -0500] "GET /page/44/?e=14182472 HTTP/1.1" 404 1251 "-" "meta-externalagent/1.1 (+https://developers.facebook.com/docs/sharing/webmasters/crawler)"
2a03:2880:f800:b:: - - [14/Jan/2026:07:37:13 -0500] "GET /page/3/?e=21756116 HTTP/1.1" 404 1251 "-" "meta-externalagent/1.1 (+https://developers.facebook.com/docs/sharing/webmasters/crawler)"
2a03:2880:f800:1:: - - [14/Jan/2026:07:37:15 -0500] "GET /page/46/?e=5679572 HTTP/1.1" 404 1251 "-" "meta-externalagent/1.1 (+https://developers.facebook.com/docs/sharing/webmasters/crawler)"
2a03:2880:f800:1d:: - - [14/Jan/2026:07:37:17 -0500] "GET /page/4/?e=1859205 HTTP/1.1" 404 1251 "-" "meta-externalagent/1.1 (+https://developers.facebook.com/docs/sharing/webmasters/crawler)"
2a03:2880:f800:22:: - - [14/Jan/2026:07:37:34 -0500] "GET /page/3/?e=27474450 HTTP/1.1" 404 1251 "-" "meta-externalagent/1.1 (+https://developers.facebook.com/docs/sharing/webmasters/crawler)"
2a03:2880:f800:c:: - - [14/Jan/2026:07:37:39 -0500] "GET /page/46/?e=5355727 HTTP/1.1" 404 1251 "-" "meta-externalagent/1.1 (+https://developers.facebook.com/docs/sharing/webmasters/crawler)"
2a03:2880:f800:39:: - - [14/Jan/2026:07:37:44 -0500] "GET /page/44/?e=4050605 HTTP/1.1" 404 1251 "-" "meta-externalagent/1.1 (+https://developers.facebook.com/docs/sharing/webmasters/crawler)"
2a03:2880:f800:2d:: - - [14/Jan/2026:07:37:49 -0500] "GET /page/46/?e=8273494 HTTP/1.1" 404 1251 "-" "meta-externalagent/1.1 (+https://developers.facebook.com/docs/sharing/webmasters/crawler)"
2a03:2880:f800:e:: - - [14/Jan/2026:07:37:23 -0500] "GET /page/44/?e=16643461 HTTP/1.1" 404 1251 "-" "meta-externalagent/1.1 (+https://developers.facebook.com/docs/sharing/webmasters/crawler)"
2a03:2880:f800:25:: - - [14/Jan/2026:07:37:24 -0500] "GET /page/44/?e=15740238 HTTP/1.1" 404 1251 "-" "meta-externalagent/1.1 (+https://developers.facebook.com/docs/sharing/webmasters/crawler)"
2a03:2880:f800:4:: - - [14/Jan/2026:07:37:26 -0500] "GET /page/46/?e=23735350 HTTP/1.1" 404 1251 "-" "meta-externalagent/1.1 (+https://developers.facebook.com/docs/sharing/webmasters/crawler)"
2a03:2880:f800:18:: - - [14/Jan/2026:07:37:28 -0500] "GET /page/3/?e=9822738 HTTP/1.1" 404 1251 "-" "meta-externalagent/1.1 (+https://developers.facebook.com/docs/sharing/webmasters/crawler)"
2a03:2880:f800:7:: - - [14/Jan/2026:07:37:30 -0500] "GET /page/3/?e=22010005 HTTP/1.1" 404 1251 "-" "meta-externalagent/1.1 (+https://developers.facebook.com/docs/sharing/webmasters/crawler)"
2a03:2880:f800:a:: - - [14/Jan/2026:07:37:32 -0500] "GET /page/3/?e=23890350 HTTP/1.1" 404 1251 "-" "meta-externalagent/1.1 (+https://developers.facebook.com/docs/sharing/webmasters/crawler)"
2a03:2880:f800:2e:: - - [14/Jan/2026:07:37:37 -0500] "GET /page/2/?e=3128461 HTTP/1.1" 404 1251 "-" "meta-externalagent/1.1 (+https://developers.facebook.com/docs/sharing/webmasters/crawler)"
2a03:2880:f800:17:: - - [14/Jan/2026:07:37:41 -0500] "GET /page/3/?e=17849894 HTTP/1.1" 404 1251 "-" "meta-externalagent/1.1 (+https://developers.facebook.com/docs/sharing/webmasters/crawler)"
2a03:2880:f800:1b:: - - [14/Jan/2026:07:37:42 -0500] "GET /page/43/?e=11863516 HTTP/1.1" 404 1251 "-" "meta-externalagent/1.1 (+https://developers.facebook.com/docs/sharing/webmasters/crawler)"
2a03:2880:f800:4c:: - - [14/Jan/2026:07:37:47 -0500] "GET /page/44/?e=25589961 HTTP/1.1" 404 1251 "-" "meta-externalagent/1.1 (+https://developers.facebook.com/docs/sharing/webmasters/crawler)"
2a03:2880:f800:1f:: - - [14/Jan/2026:07:37:51 -0500] "GET /page/46/?a=858876310303 HTTP/1.1" 404 1251 "-" "meta-externalagent/1.1 (+https://developers.facebook.com/docs/sharing/webmasters/crawler)"
2a03:2880:f800:44:: - - [14/Jan/2026:07:37:52 -0500] "GET /page/3/?e=20829661 HTTP/1.1" 404 1251 "-" "meta-externalagent/1.1 (+https://developers.facebook.com/docs/sharing/webmasters/crawler)"
2a03:2880:f800:39:: - - [14/Jan/2026:07:37:54 -0500] "GET /page/44/?e=20874094 HTTP/1.1" 404 1251 "-" "meta-externalagent/1.1 (+https://developers.facebook.com/docs/sharing/webmasters/crawler)"
66.249.66.40 - - [14/Jan/2026:07:37:56 -0500] "GET / HTTP/1.1" 200 1827 "-" "Mozilla/5.0 (Linux; Android 6.0.1; Nexus 5X Build/MMB29P) AppleWebKit/537.36 (KHTML, like Gecko) Chrome/143.0.7499.192 Mobile Safari/537.36 (compatible; Googlebot/2.1; +http://www.google.com/bot.html)"
2a03:2880:f800:1b:: - - [14/Jan/2026:07:37:57 -0500] "GET /page/46/?e=14374616 HTTP/1.1" 404 1251 "-" "meta-externalagent/1.1 (+https://developers.facebook.com/docs/sharing/webmasters/crawler)"
2a03:2880:f800:4b:: - - [14/Jan/2026:07:37:58 -0500] "GET /page/46/?e=8889749 HTTP/1.1" 404 1251 "-" "meta-externalagent/1.1 (+https://developers.facebook.com/docs/sharing/webmasters/crawler)"
66.249.66.6 - - [14/Jan/2026:07:38:00 -0500] "GET /_autoindex/assets/css/autoindex.css HTTP/1.1" 200 1170 "https://sahabatmiliter.com/" "Mozilla/5.0 (Linux; Android 6.0.1; Nexus 5X Build/MMB29P) AppleWebKit/537.36 (KHTML, like Gecko) Chrome/143.0.7499.169 Mobile Safari/537.36 (compatible; Googlebot/2.1; +http://www.google.com/bot.html)"
2a03:2880:f800:2a:: - - [14/Jan/2026:07:38:01 -0500] "GET /page/3/?e=11158949 HTTP/1.1" 404 1251 "-" "meta-externalagent/1.1 (+https://developers.facebook.com/docs/sharing/webmasters/crawler)"
2a03:2880:f800:45:: - - [14/Jan/2026:07:38:03 -0500] "GET /page/4/?e=1791072 HTTP/1.1" 404 1251 "-" "meta-externalagent/1.1 (+https://developers.facebook.com/docs/sharing/webmasters/crawler)"
66.249.66.68 - - [14/Jan/2026:07:37:55 -0500] "GET /robots.txt HTTP/1.1" 304 0 "-" "Mozilla/5.0 (compatible; Googlebot/2.1; +http://www.google.com/bot.html)"
66.249.66.69 - - [14/Jan/2026:07:37:59 -0500] "GET /_autoindex/assets/js/tablesort.number.js HTTP/1.1" 200 322 "https://sahabatmiliter.com/" "Mozilla/5.0 (Linux; Android 6.0.1; Nexus 5X Build/MMB29P) AppleWebKit/537.36 (KHTML, like Gecko) Chrome/143.0.7499.169 Mobile Safari/537.36 (compatible; Googlebot/2.1; +http://www.google.com/bot.html)"
66.249.66.164 - - [14/Jan/2026:07:37:59 -0500] "GET /_autoindex/assets/icons/folder-fill.svg HTTP/1.1" 200 333 "https://sahabatmiliter.com/" "Mozilla/5.0 (Linux; Android 6.0.1; Nexus 5X Build/MMB29P) AppleWebKit/537.36 (KHTML, like Gecko) Chrome/143.0.7499.169 Mobile Safari/537.36 (compatible; Googlebot/2.1; +http://www.google.com/bot.html)"
66.249.66.164 - - [14/Jan/2026:07:38:00 -0500] "GET /_autoindex/assets/js/tablesort.js HTTP/1.1" 200 2137 "https://sahabatmiliter.com/" "Mozilla/5.0 (Linux; Android 6.0.1; Nexus 5X Build/MMB29P) AppleWebKit/537.36 (KHTML, like Gecko) Chrome/143.0.7499.169 Mobile Safari/537.36 (compatible; Googlebot/2.1; +http://www.google.com/bot.html)"
66.249.66.41 - - [14/Jan/2026:07:38:01 -0500] "GET /_autoindex/assets/icons/file-text.svg HTTP/1.1" 200 394 "https://sahabatmiliter.com/" "Mozilla/5.0 (Linux; Android 6.0.1; Nexus 5X Build/MMB29P) AppleWebKit/537.36 (KHTML, like Gecko) Chrome/143.0.7499.169 Mobile Safari/537.36 (compatible; Googlebot/2.1; +http://www.google.com/bot.html)"
66.249.66.41 - - [14/Jan/2026:07:38:01 -0500] "GET /_autoindex/assets/icons/file.svg HTTP/1.1" 200 354 "https://sahabatmiliter.com/" "Mozilla/5.0 (Linux; Android 6.0.1; Nexus 5X Build/MMB29P) AppleWebKit/537.36 (KHTML, like Gecko) Chrome/143.0.7499.169 Mobile Safari/537.36 (compatible; Googlebot/2.1; +http://www.google.com/bot.html)"
2a03:2880:f800:2e:: - - [14/Jan/2026:07:38:06 -0500] "GET /page/44/?e=14082983 HTTP/1.1" 404 1251 "-" "meta-externalagent/1.1 (+https://developers.facebook.com/docs/sharing/webmasters/crawler)"
2a03:2880:f800:b:: - - [14/Jan/2026:07:38:12 -0500] "GET /page/3/?e=3267849 HTTP/1.1" 404 1251 "-" "meta-externalagent/1.1 (+https://developers.facebook.com/docs/sharing/webmasters/crawler)"
66.249.66.5 - - [14/Jan/2026:07:38:16 -0500] "GET / HTTP/1.1" 200 1848 "-" "Mozilla/5.0 (compatible; Googlebot/2.1; +http://www.google.com/bot.html)"
66.249.66.40 - - [14/Jan/2026:07:38:17 -0500] "GET / HTTP/1.1" 200 1827 "-" "Mozilla/5.0 (Linux; Android 6.0.1; Nexus 5X Build/MMB29P) AppleWebKit/537.36 (KHTML, like Gecko) Chrome/99.0.4844.84 Mobile Safari/537.36 (compatible; Googlebot/2.1; +http://www.google.com/bot.html)"
2a03:2880:f800:1c:: - - [14/Jan/2026:07:38:19 -0500] "GET /page/44/?e=7873250 HTTP/1.1" 404 1251 "-" "meta-externalagent/1.1 (+https://developers.facebook.com/docs/sharing/webmasters/crawler)"
2a03:2880:f800:36:: - - [14/Jan/2026:07:38:20 -0500] "GET /page/3/?e=8998483 HTTP/1.1" 404 1251 "-" "meta-externalagent/1.1 (+https://developers.facebook.com/docs/sharing/webmasters/crawler)"
2a03:2880:f800:1b:: - - [14/Jan/2026:07:38:23 -0500] "GET /page/3/?e=22491850 HTTP/1.1" 404 1251 "-" "meta-externalagent/1.1 (+https://developers.facebook.com/docs/sharing/webmasters/crawler)"
2a03:2880:f800:45:: - - [14/Jan/2026:07:38:35 -0500] "GET /page/46/?e=21050150 HTTP/1.1" 404 1251 "-" "meta-externalagent/1.1 (+https://developers.facebook.com/docs/sharing/webmasters/crawler)"
2a03:2880:f800:24:: - - [14/Jan/2026:07:38:39 -0500] "GET /page/3/?e=6246350 HTTP/1.1" 404 1251 "-" "meta-externalagent/1.1 (+https://developers.facebook.com/docs/sharing/webmasters/crawler)"
2a03:2880:f800:4:: - - [14/Jan/2026:07:38:40 -0500] "GET /page/3/?e=23781238 HTTP/1.1" 404 1251 "-" "meta-externalagent/1.1 (+https://developers.facebook.com/docs/sharing/webmasters/crawler)"
2a03:2880:f800:11:: - - [14/Jan/2026:07:38:50 -0500] "GET /page/44/?e=21001205 HTTP/1.1" 404 1251 "-" "meta-externalagent/1.1 (+https://developers.facebook.com/docs/sharing/webmasters/crawler)"
2a03:2880:f800:9:: - - [14/Jan/2026:07:38:04 -0500] "GET /page/3/?e=15999494 HTTP/1.1" 404 1251 "-" "meta-externalagent/1.1 (+https://developers.facebook.com/docs/sharing/webmasters/crawler)"
2a03:2880:f800:7:: - - [14/Jan/2026:07:38:09 -0500] "GET /page/3/?e=15091727 HTTP/1.1" 404 1251 "-" "meta-externalagent/1.1 (+https://developers.facebook.com/docs/sharing/webmasters/crawler)"
2a03:2880:f800:2e:: - - [14/Jan/2026:07:38:11 -0500] "GET /page/46/?e=13704238 HTTP/1.1" 404 1251 "-" "meta-externalagent/1.1 (+https://developers.facebook.com/docs/sharing/webmasters/crawler)"
2a03:2880:f800:9:: - - [14/Jan/2026:07:38:14 -0500] "GET /page/4/?e=29415672 HTTP/1.1" 404 1251 "-" "meta-externalagent/1.1 (+https://developers.facebook.com/docs/sharing/webmasters/crawler)"
66.249.66.40 - - [14/Jan/2026:07:38:16 -0500] "GET /favicon.ico HTTP/1.1" 404 1251 "-" "Googlebot-Image/1.0"
2a03:2880:f800:e:: - - [14/Jan/2026:07:38:17 -0500] "GET /page/3/?e=3073505 HTTP/1.1" 404 1251 "-" "meta-externalagent/1.1 (+https://developers.facebook.com/docs/sharing/webmasters/crawler)"
66.249.66.40 - - [14/Jan/2026:07:38:18 -0500] "GET /favicon.ico HTTP/1.1" 404 1251 "-" "Googlebot-Image/1.0"
2a03:2880:f800:12:: - - [14/Jan/2026:07:38:25 -0500] "GET /page/3/?e=10879772 HTTP/1.1" 404 1251 "-" "meta-externalagent/1.1 (+https://developers.facebook.com/docs/sharing/webmasters/crawler)"
