2a03:2880:f800:35:: - - [14/Jan/2026:08:01:49 -0500] "GET /page/3/?e=26132550 HTTP/1.1" 404 1251 "-" "meta-externalagent/1.1 (+https://developers.facebook.com/docs/sharing/webmasters/crawler)"
2a03:2880:f800:8:: - - [14/Jan/2026:08:01:50 -0500] "GET /page/3/?e=11349649 HTTP/1.1" 404 1251 "-" "meta-externalagent/1.1 (+https://developers.facebook.com/docs/sharing/webmasters/crawler)"
2a03:2880:f800:10:: - - [14/Jan/2026:08:01:55 -0500] "GET /page/45/?e=9142649 HTTP/1.1" 404 1251 "-" "meta-externalagent/1.1 (+https://developers.facebook.com/docs/sharing/webmasters/crawler)"
114.119.139.247 - - [14/Jan/2026:08:01:56 -0500] "GET /wp-includes/rest-api/endpoints/class-wp-rest-template-autosaves-controller.php HTTP/1.1" 403 1242 "https://www.sahabatmiliter.com/wp-includes/rest-api/endpoints/?ND" "Mozilla/5.0 (Linux; Android 7.0;) AppleWebKit/537.36 (KHTML, like Gecko) Mobile Safari/537.36 (compatible; PetalBot;+https://webmaster.petalsearch.com/site/petalbot)"
2a03:2880:f800:2b:: - - [14/Jan/2026:08:02:07 -0500] "GET /page/45/?e=29604472 HTTP/1.1" 404 1251 "-" "meta-externalagent/1.1 (+https://developers.facebook.com/docs/sharing/webmasters/crawler)"
2a03:2880:f800:d:: - - [14/Jan/2026:08:02:09 -0500] "GET /page/3/?e=26831949 HTTP/1.1" 404 1251 "-" "meta-externalagent/1.1 (+https://developers.facebook.com/docs/sharing/webmasters/crawler)"
2a03:2880:f800:22:: - - [14/Jan/2026:08:01:37 -0500] "GET /page/4/?e=29844305 HTTP/1.1" 404 1251 "-" "meta-externalagent/1.1 (+https://developers.facebook.com/docs/sharing/webmasters/crawler)"
2a03:2880:f800:13:: - - [14/Jan/2026:08:01:39 -0500] "GET /page/44/?e=13879694 HTTP/1.1" 404 1251 "-" "meta-externalagent/1.1 (+https://developers.facebook.com/docs/sharing/webmasters/crawler)"
2a03:2880:f800:36:: - - [14/Jan/2026:08:01:45 -0500] "GET /page/43/?a=377601508301 HTTP/1.1" 404 1251 "-" "meta-externalagent/1.1 (+https://developers.facebook.com/docs/sharing/webmasters/crawler)"
2a03:2880:f800:7:: - - [14/Jan/2026:08:01:46 -0500] "GET /page/44/?e=15154938 HTTP/1.1" 404 1251 "-" "meta-externalagent/1.1 (+https://developers.facebook.com/docs/sharing/webmasters/crawler)"
2a03:2880:f800:6:: - - [14/Jan/2026:08:01:53 -0500] "GET /page/46/?e=2379061 HTTP/1.1" 404 1251 "-" "meta-externalagent/1.1 (+https://developers.facebook.com/docs/sharing/webmasters/crawler)"
2a03:2880:f800:a:: - - [14/Jan/2026:08:01:57 -0500] "GET /page/3/?e=22769061 HTTP/1.1" 404 1251 "-" "meta-externalagent/1.1 (+https://developers.facebook.com/docs/sharing/webmasters/crawler)"
2a03:2880:f800:2e:: - - [14/Jan/2026:08:01:59 -0500] "GET /page/6/?a=4997816286002 HTTP/1.1" 404 1251 "-" "meta-externalagent/1.1 (+https://developers.facebook.com/docs/sharing/webmasters/crawler)"
2a03:2880:f800:31:: - - [14/Jan/2026:08:02:01 -0500] "GET /page/44/?e=17262650 HTTP/1.1" 404 1251 "-" "meta-externalagent/1.1 (+https://developers.facebook.com/docs/sharing/webmasters/crawler)"
2a03:2880:f800:22:: - - [14/Jan/2026:08:02:02 -0500] "GET /page/44/?e=12091994 HTTP/1.1" 404 1251 "-" "meta-externalagent/1.1 (+https://developers.facebook.com/docs/sharing/webmasters/crawler)"
2a03:2880:f800:11:: - - [14/Jan/2026:08:02:04 -0500] "GET /page/44/?e=24970649 HTTP/1.1" 404 1251 "-" "meta-externalagent/1.1 (+https://developers.facebook.com/docs/sharing/webmasters/crawler)"
2a03:2880:f800:1b:: - - [14/Jan/2026:08:02:21 -0500] "GET /page/44/?e=17000372 HTTP/1.1" 404 1251 "-" "meta-externalagent/1.1 (+https://developers.facebook.com/docs/sharing/webmasters/crawler)"
2a03:2880:f800:15:: - - [14/Jan/2026:08:02:26 -0500] "GET /page/44/?e=8751461 HTTP/1.1" 404 1251 "-" "meta-externalagent/1.1 (+https://developers.facebook.com/docs/sharing/webmasters/crawler)"
2a03:2880:f800:30:: - - [14/Jan/2026:08:02:28 -0500] "GET /page/45/?e=3555461 HTTP/1.1" 404 1251 "-" "meta-externalagent/1.1 (+https://developers.facebook.com/docs/sharing/webmasters/crawler)"
2a03:2880:f800:6:: - - [14/Jan/2026:08:02:31 -0500] "GET /page/44/?e=18222849 HTTP/1.1" 404 1251 "-" "meta-externalagent/1.1 (+https://developers.facebook.com/docs/sharing/webmasters/crawler)"
2a03:2880:f800:16:: - - [14/Jan/2026:08:02:37 -0500] "GET /page/3/?e=4013061 HTTP/1.1" 404 1251 "-" "meta-externalagent/1.1 (+https://developers.facebook.com/docs/sharing/webmasters/crawler)"
2a03:2880:f800:4:: - - [14/Jan/2026:08:02:41 -0500] "GET /page/44/?e=18788072 HTTP/1.1" 404 1251 "-" "meta-externalagent/1.1 (+https://developers.facebook.com/docs/sharing/webmasters/crawler)"
2a03:2880:f800:32:: - - [14/Jan/2026:08:02:46 -0500] "GET /page/44/?e=18479805 HTTP/1.1" 404 1251 "-" "meta-externalagent/1.1 (+https://developers.facebook.com/docs/sharing/webmasters/crawler)"
2a03:2880:f800:17:: - - [14/Jan/2026:08:02:51 -0500] "GET /page/46/?e=30467883 HTTP/1.1" 404 1251 "-" "meta-externalagent/1.1 (+https://developers.facebook.com/docs/sharing/webmasters/crawler)"
2a03:2880:f800:45:: - - [14/Jan/2026:08:02:53 -0500] "GET /page/3/?e=13026450 HTTP/1.1" 404 1251 "-" "meta-externalagent/1.1 (+https://developers.facebook.com/docs/sharing/webmasters/crawler)"
2a03:2880:f800:2c:: - - [14/Jan/2026:08:02:54 -0500] "GET /page/46/?e=7677861 HTTP/1.1" 404 1251 "-" "meta-externalagent/1.1 (+https://developers.facebook.com/docs/sharing/webmasters/crawler)"
2a03:2880:f800:32:: - - [14/Jan/2026:08:03:00 -0500] "GET /page/42/?a=2149457466503 HTTP/1.1" 404 1251 "-" "meta-externalagent/1.1 (+https://developers.facebook.com/docs/sharing/webmasters/crawler)"
2a03:2880:f800:1e:: - - [14/Jan/2026:08:02:10 -0500] "GET /page/3/?e=14942761 HTTP/1.1" 404 1251 "-" "meta-externalagent/1.1 (+https://developers.facebook.com/docs/sharing/webmasters/crawler)"
2a03:2880:f800:3e:: - - [14/Jan/2026:08:02:12 -0500] "GET /page/45/?e=16030294 HTTP/1.1" 404 1251 "-" "meta-externalagent/1.1 (+https://developers.facebook.com/docs/sharing/webmasters/crawler)"
2a03:2880:f800:3a:: - - [14/Jan/2026:08:02:15 -0500] "GET /page/44/?e=23703483 HTTP/1.1" 404 1251 "-" "meta-externalagent/1.1 (+https://developers.facebook.com/docs/sharing/webmasters/crawler)"
2a03:2880:f800:33:: - - [14/Jan/2026:08:02:17 -0500] "GET /page/3/?e=10397838 HTTP/1.1" 404 1251 "-" "meta-externalagent/1.1 (+https://developers.facebook.com/docs/sharing/webmasters/crawler)"
2a03:2880:f800:3:: - - [14/Jan/2026:08:02:19 -0500] "GET /page/3/?e=7673094 HTTP/1.1" 404 1251 "-" "meta-externalagent/1.1 (+https://developers.facebook.com/docs/sharing/webmasters/crawler)"
2a03:2880:f800:3a:: - - [14/Jan/2026:08:02:23 -0500] "GET /page/46/?e=4074438 HTTP/1.1" 404 1251 "-" "meta-externalagent/1.1 (+https://developers.facebook.com/docs/sharing/webmasters/crawler)"
2a03:2880:f800:2e:: - - [14/Jan/2026:08:02:24 -0500] "GET /page/46/?e=30483038 HTTP/1.1" 404 1251 "-" "meta-externalagent/1.1 (+https://developers.facebook.com/docs/sharing/webmasters/crawler)"
2a03:2880:f800:15:: - - [14/Jan/2026:08:02:32 -0500] "GET /page/44/?e=28747050 HTTP/1.1" 404 1251 "-" "meta-externalagent/1.1 (+https://developers.facebook.com/docs/sharing/webmasters/crawler)"
2a03:2880:f800:17:: - - [14/Jan/2026:08:02:34 -0500] "GET /page/44/?e=17978305 HTTP/1.1" 404 1251 "-" "meta-externalagent/1.1 (+https://developers.facebook.com/docs/sharing/webmasters/crawler)"
180.110.203.108 - - [14/Jan/2026:08:02:37 -0500] "GET / HTTP/1.1" 200 1854 "http://www.sahabatmiliter.com" "Mozilla/5.0 (iPhone; CPU iPhone OS 13_2_3 like Mac OS X) AppleWebKit/605.1.15 (KHTML, like Gecko) Version/13.0.3 Mobile/15E148 Safari/604.1"
2a03:2880:f800:c:: - - [14/Jan/2026:08:02:39 -0500] "GET /page/46/?e=15355716 HTTP/1.1" 404 1251 "-" "meta-externalagent/1.1 (+https://developers.facebook.com/docs/sharing/webmasters/crawler)"
2a03:2880:f800:21:: - - [14/Jan/2026:08:02:43 -0500] "GET /page/3/?e=14827105 HTTP/1.1" 404 1251 "-" "meta-externalagent/1.1 (+https://developers.facebook.com/docs/sharing/webmasters/crawler)"
2a03:2880:f800:25:: - - [14/Jan/2026:08:02:45 -0500] "GET /page/3/?e=4345505 HTTP/1.1" 404 1251 "-" "meta-externalagent/1.1 (+https://developers.facebook.com/docs/sharing/webmasters/crawler)"
2a03:2880:f800:30:: - - [14/Jan/2026:08:02:48 -0500] "GET /page/44/?e=16016127 HTTP/1.1" 404 1251 "-" "meta-externalagent/1.1 (+https://developers.facebook.com/docs/sharing/webmasters/crawler)"
2a03:2880:f800:26:: - - [14/Jan/2026:08:02:57 -0500] "GET /page/3/?e=1650438 HTTP/1.1" 404 1251 "-" "meta-externalagent/1.1 (+https://developers.facebook.com/docs/sharing/webmasters/crawler)"
2a03:2880:f800:33:: - - [14/Jan/2026:08:02:58 -0500] "GET /page/43/?e=4358950 HTTP/1.1" 404 1251 "-" "meta-externalagent/1.1 (+https://developers.facebook.com/docs/sharing/webmasters/crawler)"
2a03:2880:f800:23:: - - [14/Jan/2026:08:03:02 -0500] "GET /page/45/?e=13283249 HTTP/1.1" 404 1251 "-" "meta-externalagent/1.1 (+https://developers.facebook.com/docs/sharing/webmasters/crawler)"
2a03:2880:f800:10:: - - [14/Jan/2026:08:03:05 -0500] "GET /page/44/?e=7536638 HTTP/1.1" 404 1251 "-" "meta-externalagent/1.1 (+https://developers.facebook.com/docs/sharing/webmasters/crawler)"
2a03:2880:f800:15:: - - [14/Jan/2026:08:03:07 -0500] "GET /page/3/?e=29674316 HTTP/1.1" 404 1251 "-" "meta-externalagent/1.1 (+https://developers.facebook.com/docs/sharing/webmasters/crawler)"
2a03:2880:f800:4b:: - - [14/Jan/2026:08:03:13 -0500] "GET /page/45/?e=6340472 HTTP/1.1" 404 1251 "-" "meta-externalagent/1.1 (+https://developers.facebook.com/docs/sharing/webmasters/crawler)"
2a03:2880:f800:2a:: - - [14/Jan/2026:08:03:09 -0500] "GET /page/3/?e=22218661 HTTP/1.1" 404 1251 "-" "meta-externalagent/1.1 (+https://developers.facebook.com/docs/sharing/webmasters/crawler)"
2a03:2880:f800:7:: - - [14/Jan/2026:08:03:10 -0500] "GET /page/46/?e=1404161 HTTP/1.1" 404 1251 "-" "meta-externalagent/1.1 (+https://developers.facebook.com/docs/sharing/webmasters/crawler)"
2a03:2880:f800:1f:: - - [14/Jan/2026:08:03:17 -0500] "GET /page/46/?e=15037105 HTTP/1.1" 404 1251 "-" "meta-externalagent/1.1 (+https://developers.facebook.com/docs/sharing/webmasters/crawler)"
2a03:2880:f800:34:: - - [14/Jan/2026:08:03:19 -0500] "GET /page/3/?e=26832261 HTTP/1.1" 404 1251 "-" "meta-externalagent/1.1 (+https://developers.facebook.com/docs/sharing/webmasters/crawler)"
2a03:2880:f800:4b:: - - [14/Jan/2026:08:03:22 -0500] "GET /page/44/?e=4149349 HTTP/1.1" 404 1251 "-" "meta-externalagent/1.1 (+https://developers.facebook.com/docs/sharing/webmasters/crawler)"
2a03:2880:f800:b:: - - [14/Jan/2026:08:03:24 -0500] "GET /page/41/?a=22713117928602 HTTP/1.1" 404 1251 "-" "meta-externalagent/1.1 (+https://developers.facebook.com/docs/sharing/webmasters/crawler)"
2a03:2880:f800:2c:: - - [14/Jan/2026:08:03:29 -0500] "GET /page/46/?e=20358650 HTTP/1.1" 404 1251 "-" "meta-externalagent/1.1 (+https://developers.facebook.com/docs/sharing/webmasters/crawler)"
2a03:2880:f800:31:: - - [14/Jan/2026:08:03:31 -0500] "GET /page/46/?e=19267850 HTTP/1.1" 404 1251 "-" "meta-externalagent/1.1 (+https://developers.facebook.com/docs/sharing/webmasters/crawler)"
2a03:2880:f800:2d:: - - [14/Jan/2026:08:03:32 -0500] "GET /page/44/?e=29807372 HTTP/1.1" 404 1251 "-" "meta-externalagent/1.1 (+https://developers.facebook.com/docs/sharing/webmasters/crawler)"
2a03:2880:f800:33:: - - [14/Jan/2026:08:03:36 -0500] "GET /page/44/?e=19637705 HTTP/1.1" 404 1251 "-" "meta-externalagent/1.1 (+https://developers.facebook.com/docs/sharing/webmasters/crawler)"
2a03:2880:f800:11:: - - [14/Jan/2026:08:03:42 -0500] "GET /page/3/?e=22964849 HTTP/1.1" 404 1251 "-" "meta-externalagent/1.1 (+https://developers.facebook.com/docs/sharing/webmasters/crawler)"
2a03:2880:f800:22:: - - [14/Jan/2026:08:03:46 -0500] "GET /page/43/?e=18148238 HTTP/1.1" 404 1251 "-" "meta-externalagent/1.1 (+https://developers.facebook.com/docs/sharing/webmasters/crawler)"
2a03:2880:f800:b:: - - [14/Jan/2026:08:03:48 -0500] "GET /page/41/?a=40888146107902 HTTP/1.1" 404 1251 "-" "meta-externalagent/1.1 (+https://developers.facebook.com/docs/sharing/webmasters/crawler)"
2a03:2880:f800:1c:: - - [14/Jan/2026:08:03:50 -0500] "GET /page/3/?e=25655750 HTTP/1.1" 404 1251 "-" "meta-externalagent/1.1 (+https://developers.facebook.com/docs/sharing/webmasters/crawler)"
2a03:2880:f800:44:: - - [14/Jan/2026:08:03:54 -0500] "GET /page/3/?e=12073938 HTTP/1.1" 404 1251 "-" "meta-externalagent/1.1 (+https://developers.facebook.com/docs/sharing/webmasters/crawler)"
2a03:2880:f800:4c:: - - [14/Jan/2026:08:03:56 -0500] "GET /page/44/?e=16988083 HTTP/1.1" 404 1251 "-" "meta-externalagent/1.1 (+https://developers.facebook.com/docs/sharing/webmasters/crawler)"
2a03:2880:f800:4a:: - - [14/Jan/2026:08:04:00 -0500] "GET /page/45/?e=21044450 HTTP/1.1" 404 1251 "-" "meta-externalagent/1.1 (+https://developers.facebook.com/docs/sharing/webmasters/crawler)"
2a03:2880:f800:32:: - - [14/Jan/2026:08:04:02 -0500] "GET /8-aplikasi-deepfake-terbaik-tahun-2022/ HTTP/1.1" 404 1251 "-" "meta-externalagent/1.1 (+https://developers.facebook.com/docs/sharing/webmasters/crawler)"
2a03:2880:f800:d:: - - [14/Jan/2026:08:04:08 -0500] "GET /page/44/?e=24339205 HTTP/1.1" 404 1251 "-" "meta-externalagent/1.1 (+https://developers.facebook.com/docs/sharing/webmasters/crawler)"
2a03:2880:f800:2f:: - - [14/Jan/2026:08:04:11 -0500] "GET /page/3/?e=29544616 HTTP/1.1" 404 1251 "-" "meta-externalagent/1.1 (+https://developers.facebook.com/docs/sharing/webmasters/crawler)"
2a03:2880:f800:d:: - - [14/Jan/2026:08:03:14 -0500] "GET /page/44/?e=25394705 HTTP/1.1" 404 1251 "-" "meta-externalagent/1.1 (+https://developers.facebook.com/docs/sharing/webmasters/crawler)"
2a03:2880:f800:44:: - - [14/Jan/2026:08:03:21 -0500] "GET /page/3/?e=12556150 HTTP/1.1" 404 1251 "-" "meta-externalagent/1.1 (+https://developers.facebook.com/docs/sharing/webmasters/crawler)"
66.249.66.37 - - [14/Jan/2026:08:03:23 -0500] "GET /?s=online-486301928 HTTP/1.1" 200 1854 "-" "Mozilla/5.0 (Linux; Android 6.0.1; Nexus 5X Build/MMB29P) AppleWebKit/537.36 (KHTML, like Gecko) Chrome/143.0.7499.192 Mobile Safari/537.36 (compatible; Googlebot/2.1; +http://www.google.com/bot.html)"
2a03:2880:f800:11:: - - [14/Jan/2026:08:03:26 -0500] "GET /page/2/?e=23654594 HTTP/1.1" 404 1251 "-" "meta-externalagent/1.1 (+https://developers.facebook.com/docs/sharing/webmasters/crawler)"
2a03:2880:f800:1:: - - [14/Jan/2026:08:03:35 -0500] "GET /page/46/?e=29409961 HTTP/1.1" 404 1251 "-" "meta-externalagent/1.1 (+https://developers.facebook.com/docs/sharing/webmasters/crawler)"
2a03:2880:f800:2f:: - - [14/Jan/2026:08:03:38 -0500] "GET /page/3/?e=20075827 HTTP/1.1" 404 1251 "-" "meta-externalagent/1.1 (+https://developers.facebook.com/docs/sharing/webmasters/crawler)"
2a03:2880:f800:14:: - - [14/Jan/2026:08:03:40 -0500] "GET /page/44/?e=22059461 HTTP/1.1" 404 1251 "-" "meta-externalagent/1.1 (+https://developers.facebook.com/docs/sharing/webmasters/crawler)"
44.205.192.249 - - [14/Jan/2026:08:03:44 -0500] "GET /perang-diponegoro-tahun-1825-1830-sejarah-latar-belakang-dan-dampaknya/ HTTP/1.1" 404 1251 "-" "Mozilla/5.0 AppleWebKit/537.36 (KHTML, like Gecko; compatible; Amazonbot/0.1; +https://developer.amazon.com/support/amazonbot) Chrome/119.0.6045.214 Safari/537.36"
2a03:2880:f800:c:: - - [14/Jan/2026:08:03:44 -0500] "GET /page/3/?e=11992194 HTTP/1.1" 404 1251 "-" "meta-externalagent/1.1 (+https://developers.facebook.com/docs/sharing/webmasters/crawler)"
2a03:2880:f800:c:: - - [14/Jan/2026:08:03:53 -0500] "GET /page/3/?e=6127616 HTTP/1.1" 404 1251 "-" "meta-externalagent/1.1 (+https://developers.facebook.com/docs/sharing/webmasters/crawler)"
2a03:2880:f800:48:: - - [14/Jan/2026:08:03:58 -0500] "GET /page/3/?e=25511216 HTTP/1.1" 404 1251 "-" "meta-externalagent/1.1 (+https://developers.facebook.com/docs/sharing/webmasters/crawler)"
2a03:2880:f800:27:: - - [14/Jan/2026:08:04:04 -0500] "GET /page/46/?e=3736816 HTTP/1.1" 404 1251 "-" "meta-externalagent/1.1 (+https://developers.facebook.com/docs/sharing/webmasters/crawler)"
2a03:2880:f800:f:: - - [14/Jan/2026:08:04:07 -0500] "GET /page/3/?e=13814061 HTTP/1.1" 404 1251 "-" "meta-externalagent/1.1 (+https://developers.facebook.com/docs/sharing/webmasters/crawler)"
18.215.77.19 - - [14/Jan/2026:08:04:11 -0500] "GET /tag/jadwal-dan-lokasi-samsat-keliling-polres-lumajang-tahun-2024/ HTTP/1.1" 404 1251 "-" "Mozilla/5.0 AppleWebKit/537.36 (KHTML, like Gecko; compatible; Amazonbot/0.1; +https://developer.amazon.com/support/amazonbot) Chrome/119.0.6045.214 Safari/537.36"
2a03:2880:f800:21:: - - [14/Jan/2026:08:04:13 -0500] "GET /page/44/?e=20477916 HTTP/1.1" 404 1251 "-" "meta-externalagent/1.1 (+https://developers.facebook.com/docs/sharing/webmasters/crawler)"
2a03:2880:f800:33:: - - [14/Jan/2026:08:04:19 -0500] "GET /page/45/?e=22241494 HTTP/1.1" 404 1251 "-" "meta-externalagent/1.1 (+https://developers.facebook.com/docs/sharing/webmasters/crawler)"
2a03:2880:f800:3b:: - - [14/Jan/2026:08:04:22 -0500] "GET /page/46/?e=9530794 HTTP/1.1" 404 1251 "-" "meta-externalagent/1.1 (+https://developers.facebook.com/docs/sharing/webmasters/crawler)"
2a03:2880:f800:18:: - - [14/Jan/2026:08:04:24 -0500] "GET /page/46/?e=19115583 HTTP/1.1" 404 1251 "-" "meta-externalagent/1.1 (+https://developers.facebook.com/docs/sharing/webmasters/crawler)"
2a03:2880:f800:44:: - - [14/Jan/2026:08:04:28 -0500] "GET /page/44/?e=2494727 HTTP/1.1" 404 1251 "-" "meta-externalagent/1.1 (+https://developers.facebook.com/docs/sharing/webmasters/crawler)"
2a03:2880:f800:d:: - - [14/Jan/2026:08:04:15 -0500] "GET /page/3/?a=3050847676602 HTTP/1.1" 404 1251 "-" "meta-externalagent/1.1 (+https://developers.facebook.com/docs/sharing/webmasters/crawler)"
2a03:2880:f800:10:: - - [14/Jan/2026:08:04:16 -0500] "GET /page/45/?e=17421883 HTTP/1.1" 404 1251 "-" "meta-externalagent/1.1 (+https://developers.facebook.com/docs/sharing/webmasters/crawler)"
2a03:2880:f800:b:: - - [14/Jan/2026:08:04:20 -0500] "GET /page/44/?e=22146694 HTTP/1.1" 404 1251 "-" "meta-externalagent/1.1 (+https://developers.facebook.com/docs/sharing/webmasters/crawler)"
2a03:2880:f800:6:: - - [14/Jan/2026:08:04:26 -0500] "GET /page/2/?e=21377883 HTTP/1.1" 404 1251 "-" "meta-externalagent/1.1 (+https://developers.facebook.com/docs/sharing/webmasters/crawler)"
2a03:2880:f800:4:: - - [14/Jan/2026:08:04:30 -0500] "GET /page/2/?e=18880349 HTTP/1.1" 404 1251 "-" "meta-externalagent/1.1 (+https://developers.facebook.com/docs/sharing/webmasters/crawler)"
2a03:2880:f800:4:: - - [14/Jan/2026:08:04:33 -0500] "GET /page/46/?e=23907805 HTTP/1.1" 404 1251 "-" "meta-externalagent/1.1 (+https://developers.facebook.com/docs/sharing/webmasters/crawler)"
2a03:2880:f800:4b:: - - [14/Jan/2026:08:04:34 -0500] "GET /page/44/?e=27940161 HTTP/1.1" 404 1251 "-" "meta-externalagent/1.1 (+https://developers.facebook.com/docs/sharing/webmasters/crawler)"
2a03:2880:f800:2b:: - - [14/Jan/2026:08:04:41 -0500] "GET /page/3/?e=13022616 HTTP/1.1" 404 1251 "-" "meta-externalagent/1.1 (+https://developers.facebook.com/docs/sharing/webmasters/crawler)"
2a03:2880:f800:5:: - - [14/Jan/2026:08:04:50 -0500] "GET /page/44/?e=27245149 HTTP/1.1" 404 1251 "-" "meta-externalagent/1.1 (+https://developers.facebook.com/docs/sharing/webmasters/crawler)"
2a03:2880:f800:26:: - - [14/Jan/2026:08:04:53 -0500] "GET /page/3/?e=20041861 HTTP/1.1" 404 1251 "-" "meta-externalagent/1.1 (+https://developers.facebook.com/docs/sharing/webmasters/crawler)"
2a03:2880:24ff:46:: - - [14/Jan/2026:08:04:57 -0500] "GET /robots.txt HTTP/1.1" 304 0 "-" "facebookexternalhit/1.1 (+http://www.facebook.com/externalhit_uatext.php)"
2a03:2880:f800:39:: - - [14/Jan/2026:08:04:58 -0500] "GET /jadwal-dan-lokasi-samsat-keliling-polres-temanggung/ HTTP/1.1" 404 1251 "-" "meta-externalagent/1.1 (+https://developers.facebook.com/docs/sharing/webmasters/crawler)"
2a03:2880:f800:3:: - - [14/Jan/2026:08:04:58 -0500] "GET /page/2/?e=26614838 HTTP/1.1" 404 1251 "-" "meta-externalagent/1.1 (+https://developers.facebook.com/docs/sharing/webmasters/crawler)"
2a03:2880:f800:1:: - - [14/Jan/2026:08:05:00 -0500] "GET /page/44/?e=1149061 HTTP/1.1" 404 1251 "-" "meta-externalagent/1.1 (+https://developers.facebook.com/docs/sharing/webmasters/crawler)"
2a03:2880:f800:48:: - - [14/Jan/2026:08:05:02 -0500] "GET /page/3/?e=26220116 HTTP/1.1" 404 1251 "-" "meta-externalagent/1.1 (+https://developers.facebook.com/docs/sharing/webmasters/crawler)"
2a03:2880:f800:d:: - - [14/Jan/2026:08:05:08 -0500] "GET /page/3/?e=29362838 HTTP/1.1" 404 1251 "-" "meta-externalagent/1.1 (+https://developers.facebook.com/docs/sharing/webmasters/crawler)"
2a03:2880:f800:30:: - - [14/Jan/2026:08:05:10 -0500] "GET /page/3/?e=15147449 HTTP/1.1" 404 1251 "-" "meta-externalagent/1.1 (+https://developers.facebook.com/docs/sharing/webmasters/crawler)"
2a03:2880:f800:e:: - - [14/Jan/2026:08:05:12 -0500] "GET /page/46/?e=30946438 HTTP/1.1" 404 1251 "-" "meta-externalagent/1.1 (+https://developers.facebook.com/docs/sharing/webmasters/crawler)"
2a03:2880:f800:2e:: - - [14/Jan/2026:08:05:14 -0500] "GET /page/44/?e=2873261 HTTP/1.1" 404 1251 "-" "meta-externalagent/1.1 (+https://developers.facebook.com/docs/sharing/webmasters/crawler)"
2a03:2880:f800:2c:: - - [14/Jan/2026:08:05:22 -0500] "GET /page/44/?e=25847516 HTTP/1.1" 404 1251 "-" "meta-externalagent/1.1 (+https://developers.facebook.com/docs/sharing/webmasters/crawler)"
2a03:2880:f800:2b:: - - [14/Jan/2026:08:05:24 -0500] "GET /page/44/?e=14811816 HTTP/1.1" 404 1251 "-" "meta-externalagent/1.1 (+https://developers.facebook.com/docs/sharing/webmasters/crawler)"
2a03:2880:f800:c:: - - [14/Jan/2026:08:04:36 -0500] "GET /page/3/?e=17837994 HTTP/1.1" 404 1251 "-" "meta-externalagent/1.1 (+https://developers.facebook.com/docs/sharing/webmasters/crawler)"
2a03:2880:f800:c:: - - [14/Jan/2026:08:04:38 -0500] "GET /page/44/?e=6976194 HTTP/1.1" 404 1251 "-" "meta-externalagent/1.1 (+https://developers.facebook.com/docs/sharing/webmasters/crawler)"
2a03:2880:f800:5:: - - [14/Jan/2026:08:04:42 -0500] "GET /page/4/?e=26995072 HTTP/1.1" 404 1251 "-" "meta-externalagent/1.1 (+https://developers.facebook.com/docs/sharing/webmasters/crawler)"
2a03:2880:f800:31:: - - [14/Jan/2026:08:04:44 -0500] "GET /page/3/?e=17175350 HTTP/1.1" 404 1251 "-" "meta-externalagent/1.1 (+https://developers.facebook.com/docs/sharing/webmasters/crawler)"
2a03:2880:f800:37:: - - [14/Jan/2026:08:04:47 -0500] "GET /page/44/?e=14536049 HTTP/1.1" 404 1251 "-" "meta-externalagent/1.1 (+https://developers.facebook.com/docs/sharing/webmasters/crawler)"
2a03:2880:f800:34:: - - [14/Jan/2026:08:04:48 -0500] "GET /page/46/?e=11421416 HTTP/1.1" 404 1251 "-" "meta-externalagent/1.1 (+https://developers.facebook.com/docs/sharing/webmasters/crawler)"
2a03:2880:f800:3b:: - - [14/Jan/2026:08:04:55 -0500] "GET /page/44/?e=7479316 HTTP/1.1" 404 1251 "-" "meta-externalagent/1.1 (+https://developers.facebook.com/docs/sharing/webmasters/crawler)"
66.249.66.4 - - [14/Jan/2026:08:04:58 -0500] "GET /?o=2622317496800&channel=131e81&from=https://www.sahabatmiliter.com/goods.cgi?bay084000971 HTTP/1.1" 200 1854 "-" "Mozilla/5.0 (Linux; Android 6.0.1; Nexus 5X Build/MMB29P) AppleWebKit/537.36 (KHTML, like Gecko) Chrome/143.0.7499.192 Mobile Safari/537.36 (compatible; Googlebot/2.1; +http://www.google.com/bot.html)"
2a03:2880:f800:28:: - - [14/Jan/2026:08:05:04 -0500] "GET /page/3/?e=22574605 HTTP/1.1" 404 1251 "-" "meta-externalagent/1.1 (+https://developers.facebook.com/docs/sharing/webmasters/crawler)"
2a03:2880:f800:22:: - - [14/Jan/2026:08:05:06 -0500] "GET /page/44/?e=4225094 HTTP/1.1" 404 1251 "-" "meta-externalagent/1.1 (+https://developers.facebook.com/docs/sharing/webmasters/crawler)"
2a03:2880:f800:4:: - - [14/Jan/2026:08:05:16 -0500] "GET /page/3/?e=18273194 HTTP/1.1" 404 1251 "-" "meta-externalagent/1.1 (+https://developers.facebook.com/docs/sharing/webmasters/crawler)"
2a03:2880:f800:4a:: - - [14/Jan/2026:08:05:18 -0500] "GET /page/45/?e=1894516 HTTP/1.1" 404 1251 "-" "meta-externalagent/1.1 (+https://developers.facebook.com/docs/sharing/webmasters/crawler)"
2a03:2880:f800:10:: - - [14/Jan/2026:08:05:20 -0500] "GET /page/3/?e=15046249 HTTP/1.1" 404 1251 "-" "meta-externalagent/1.1 (+https://developers.facebook.com/docs/sharing/webmasters/crawler)"
2a03:2880:f800:22:: - - [14/Jan/2026:08:05:30 -0500] "GET /page/2/?e=1091561 HTTP/1.1" 404 1251 "-" "meta-externalagent/1.1 (+https://developers.facebook.com/docs/sharing/webmasters/crawler)"
2a03:2880:f800:48:: - - [14/Jan/2026:08:05:34 -0500] "GET /page/3/?e=25710927 HTTP/1.1" 404 1251 "-" "meta-externalagent/1.1 (+https://developers.facebook.com/docs/sharing/webmasters/crawler)"
2a03:2880:f800:1e:: - - [14/Jan/2026:08:05:36 -0500] "GET /page/44/?e=25805894 HTTP/1.1" 404 1251 "-" "meta-externalagent/1.1 (+https://developers.facebook.com/docs/sharing/webmasters/crawler)"
2a03:2880:f800:1b:: - - [14/Jan/2026:08:05:38 -0500] "GET /page/46/?e=15047394 HTTP/1.1" 404 1251 "-" "meta-externalagent/1.1 (+https://developers.facebook.com/docs/sharing/webmasters/crawler)"
2a03:2880:f800:29:: - - [14/Jan/2026:08:05:42 -0500] "GET /page/3/?e=8924294 HTTP/1.1" 404 1251 "-" "meta-externalagent/1.1 (+https://developers.facebook.com/docs/sharing/webmasters/crawler)"
2a03:2880:f800:10:: - - [14/Jan/2026:08:05:47 -0500] "GET /page/60/?a=73987267484201 HTTP/1.1" 404 1251 "-" "meta-externalagent/1.1 (+https://developers.facebook.com/docs/sharing/webmasters/crawler)"
2a03:2880:f800:13:: - - [14/Jan/2026:08:05:56 -0500] "GET /page/3/?e=5985016 HTTP/1.1" 404 1251 "-" "meta-externalagent/1.1 (+https://developers.facebook.com/docs/sharing/webmasters/crawler)"
2a03:2880:f800:35:: - - [14/Jan/2026:08:05:27 -0500] "GET /page/45/?e=31400861 HTTP/1.1" 404 1251 "-" "meta-externalagent/1.1 (+https://developers.facebook.com/docs/sharing/webmasters/crawler)"
2a03:2880:f800:: - - [14/Jan/2026:08:05:28 -0500] "GET /page/46/?e=29295505 HTTP/1.1" 404 1251 "-" "meta-externalagent/1.1 (+https://developers.facebook.com/docs/sharing/webmasters/crawler)"
2a03:2880:f800:48:: - - [14/Jan/2026:08:05:32 -0500] "GET /page/3/?e=25478038 HTTP/1.1" 404 1251 "-" "meta-externalagent/1.1 (+https://developers.facebook.com/docs/sharing/webmasters/crawler)"
2a03:2880:f800:d:: - - [14/Jan/2026:08:05:40 -0500] "GET /page/2/?e=3140683 HTTP/1.1" 404 1251 "-" "meta-externalagent/1.1 (+https://developers.facebook.com/docs/sharing/webmasters/crawler)"
2a03:2880:f800:2b:: - - [14/Jan/2026:08:05:44 -0500] "GET /page/3/?e=20657750 HTTP/1.1" 404 1251 "-" "meta-externalagent/1.1 (+https://developers.facebook.com/docs/sharing/webmasters/crawler)"
2a03:2880:f800:32:: - - [14/Jan/2026:08:05:48 -0500] "GET /page/45/?e=8098649 HTTP/1.1" 404 1251 "-" "meta-externalagent/1.1 (+https://developers.facebook.com/docs/sharing/webmasters/crawler)"
2a03:2880:f800:22:: - - [14/Jan/2026:08:05:50 -0500] "GET /page/4/?e=28386083 HTTP/1.1" 404 1251 "-" "meta-externalagent/1.1 (+https://developers.facebook.com/docs/sharing/webmasters/crawler)"
2a03:2880:f800:16:: - - [14/Jan/2026:08:05:52 -0500] "GET /page/44/?e=23635294 HTTP/1.1" 404 1251 "-" "meta-externalagent/1.1 (+https://developers.facebook.com/docs/sharing/webmasters/crawler)"
2a03:2880:f800:16:: - - [14/Jan/2026:08:05:54 -0500] "GET /page/44/?e=14306150 HTTP/1.1" 404 1251 "-" "meta-externalagent/1.1 (+https://developers.facebook.com/docs/sharing/webmasters/crawler)"
2a03:2880:f800:30:: - - [14/Jan/2026:08:05:58 -0500] "GET /page/3/?e=15198783 HTTP/1.1" 404 1251 "-" "meta-externalagent/1.1 (+https://developers.facebook.com/docs/sharing/webmasters/crawler)"
2a03:2880:f800:b:: - - [14/Jan/2026:08:06:03 -0500] "GET /page/3/?e=17259049 HTTP/1.1" 404 1251 "-" "meta-externalagent/1.1 (+https://developers.facebook.com/docs/sharing/webmasters/crawler)"
2a03:2880:f800:44:: - - [14/Jan/2026:08:06:04 -0500] "GET /page/44/?e=4294950 HTTP/1.1" 404 1251 "-" "meta-externalagent/1.1 (+https://developers.facebook.com/docs/sharing/webmasters/crawler)"
2a03:2880:f800:31:: - - [14/Jan/2026:08:06:06 -0500] "GET /page/44/?e=2131361 HTTP/1.1" 404 1251 "-" "meta-externalagent/1.1 (+https://developers.facebook.com/docs/sharing/webmasters/crawler)"
2a03:2880:f800:1e:: - - [14/Jan/2026:08:06:10 -0500] "GET /page/3/?e=29331638 HTTP/1.1" 404 1251 "-" "meta-externalagent/1.1 (+https://developers.facebook.com/docs/sharing/webmasters/crawler)"
2a03:2880:f800:2c:: - - [14/Jan/2026:08:06:12 -0500] "GET /page/41/?a=2795219109203 HTTP/1.1" 404 1251 "-" "meta-externalagent/1.1 (+https://developers.facebook.com/docs/sharing/webmasters/crawler)"
2a03:2880:f800:25:: - - [14/Jan/2026:08:06:14 -0500] "GET /page/44/?e=8026316 HTTP/1.1" 404 1251 "-" "meta-externalagent/1.1 (+https://developers.facebook.com/docs/sharing/webmasters/crawler)"
2a03:2880:f800:4:: - - [14/Jan/2026:08:06:16 -0500] "GET /page/46/?e=26246605 HTTP/1.1" 404 1251 "-" "meta-externalagent/1.1 (+https://developers.facebook.com/docs/sharing/webmasters/crawler)"
2a03:2880:f800:1e:: - - [14/Jan/2026:08:06:22 -0500] "GET /page/6/?a=5980080148500 HTTP/1.1" 404 1251 "-" "meta-externalagent/1.1 (+https://developers.facebook.com/docs/sharing/webmasters/crawler)"
2a03:2880:f800:8:: - - [14/Jan/2026:08:06:24 -0500] "GET /page/4/?e=2991638 HTTP/1.1" 404 1251 "-" "meta-externalagent/1.1 (+https://developers.facebook.com/docs/sharing/webmasters/crawler)"
2a03:2880:f800:30:: - - [14/Jan/2026:08:06:26 -0500] "GET /page/46/?e=12926283 HTTP/1.1" 404 1251 "-" "meta-externalagent/1.1 (+https://developers.facebook.com/docs/sharing/webmasters/crawler)"
2a03:2880:f800:18:: - - [14/Jan/2026:08:06:32 -0500] "GET /page/46/?e=20405461 HTTP/1.1" 404 1251 "-" "meta-externalagent/1.1 (+https://developers.facebook.com/docs/sharing/webmasters/crawler)"
66.249.66.35 - - [14/Jan/2026:08:06:34 -0500] "GET /?o=2622317496800&channel=131e81&from=https://www.sahabatmiliter.com/goods.cgi?thinking279010030 HTTP/1.1" 200 1854 "-" "Mozilla/5.0 (Linux; Android 6.0.1; Nexus 5X Build/MMB29P) AppleWebKit/537.36 (KHTML, like Gecko) Chrome/143.0.7499.192 Mobile Safari/537.36 (compatible; Googlebot/2.1; +http://www.google.com/bot.html)"
2a03:2880:f800:: - - [14/Jan/2026:08:06:36 -0500] "GET /page/43/?e=21807272 HTTP/1.1" 404 1251 "-" "meta-externalagent/1.1 (+https://developers.facebook.com/docs/sharing/webmasters/crawler)"
2a03:2880:f800:23:: - - [14/Jan/2026:08:06:40 -0500] "GET /page/46/?e=26777972 HTTP/1.1" 404 1251 "-" "meta-externalagent/1.1 (+https://developers.facebook.com/docs/sharing/webmasters/crawler)"
2a03:2880:f800:9:: - - [14/Jan/2026:08:06:52 -0500] "GET /page/44/?e=23465961 HTTP/1.1" 404 1251 "-" "meta-externalagent/1.1 (+https://developers.facebook.com/docs/sharing/webmasters/crawler)"
2a03:2880:f800:38:: - - [14/Jan/2026:08:06:53 -0500] "GET /page/44/?e=14182694 HTTP/1.1" 404 1251 "-" "meta-externalagent/1.1 (+https://developers.facebook.com/docs/sharing/webmasters/crawler)"
2a03:2880:f800:1c:: - - [14/Jan/2026:08:07:02 -0500] "GET /page/2/?e=18410694 HTTP/1.1" 404 1251 "-" "meta-externalagent/1.1 (+https://developers.facebook.com/docs/sharing/webmasters/crawler)"
2a03:2880:f800:33:: - - [14/Jan/2026:08:07:06 -0500] "GET /page/3/?e=29447061 HTTP/1.1" 404 1251 "-" "meta-externalagent/1.1 (+https://developers.facebook.com/docs/sharing/webmasters/crawler)"
2a03:2880:f800:1e:: - - [14/Jan/2026:08:07:08 -0500] "GET /page/6/?a=82029183835600 HTTP/1.1" 404 1251 "-" "meta-externalagent/1.1 (+https://developers.facebook.com/docs/sharing/webmasters/crawler)"
2a03:2880:f800:10:: - - [14/Jan/2026:08:07:12 -0500] "GET /page/2/?e=21251738 HTTP/1.1" 404 1251 "-" "meta-externalagent/1.1 (+https://developers.facebook.com/docs/sharing/webmasters/crawler)"
2a03:2880:f800:39:: - - [14/Jan/2026:08:07:16 -0500] "GET /page/45/?e=18783394 HTTP/1.1" 404 1251 "-" "meta-externalagent/1.1 (+https://developers.facebook.com/docs/sharing/webmasters/crawler)"
2a03:2880:f800:35:: - - [14/Jan/2026:08:07:17 -0500] "GET /page/3/?e=23231372 HTTP/1.1" 404 1251 "-" "meta-externalagent/1.1 (+https://developers.facebook.com/docs/sharing/webmasters/crawler)"
2a03:2880:f800:8:: - - [14/Jan/2026:08:07:21 -0500] "GET /page/3/?e=1514083 HTTP/1.1" 404 1251 "-" "meta-externalagent/1.1 (+https://developers.facebook.com/docs/sharing/webmasters/crawler)"
2a03:2880:f800:35:: - - [14/Jan/2026:08:07:24 -0500] "GET /page/44/?e=22980572 HTTP/1.1" 404 1251 "-" "meta-externalagent/1.1 (+https://developers.facebook.com/docs/sharing/webmasters/crawler)"
2a03:2880:f800:9:: - - [14/Jan/2026:08:06:00 -0500] "GET /page/44/?e=10571394 HTTP/1.1" 404 1251 "-" "meta-externalagent/1.1 (+https://developers.facebook.com/docs/sharing/webmasters/crawler)"
2a03:2880:f800:1e:: - - [14/Jan/2026:08:06:08 -0500] "GET /page/3/?e=13647416 HTTP/1.1" 404 1251 "-" "meta-externalagent/1.1 (+https://developers.facebook.com/docs/sharing/webmasters/crawler)"
2a03:2880:f800:2b:: - - [14/Jan/2026:08:06:18 -0500] "GET /page/44/?e=18796450 HTTP/1.1" 404 1251 "-" "meta-externalagent/1.1 (+https://developers.facebook.com/docs/sharing/webmasters/crawler)"
2a03:2880:f800:14:: - - [14/Jan/2026:08:06:20 -0500] "GET /page/44/?e=6439516 HTTP/1.1" 404 1251 "-" "meta-externalagent/1.1 (+https://developers.facebook.com/docs/sharing/webmasters/crawler)"
2a03:2880:f800:2a:: - - [14/Jan/2026:08:06:28 -0500] "GET /page/3/?e=30387249 HTTP/1.1" 404 1251 "-" "meta-externalagent/1.1 (+https://developers.facebook.com/docs/sharing/webmasters/crawler)"
2a03:2880:f800:21:: - - [14/Jan/2026:08:06:30 -0500] "GET /page/2/?e=18782283 HTTP/1.1" 404 1251 "-" "meta-externalagent/1.1 (+https://developers.facebook.com/docs/sharing/webmasters/crawler)"
2a03:2880:f800:28:: - - [14/Jan/2026:08:06:34 -0500] "GET /page/4/?e=22534472 HTTP/1.1" 404 1251 "-" "meta-externalagent/1.1 (+https://developers.facebook.com/docs/sharing/webmasters/crawler)"
2a03:2880:f800:19:: - - [14/Jan/2026:08:06:38 -0500] "GET /page/3/?e=17560927 HTTP/1.1" 404 1251 "-" "meta-externalagent/1.1 (+https://developers.facebook.com/docs/sharing/webmasters/crawler)"
2a03:2880:f800:39:: - - [14/Jan/2026:08:06:42 -0500] "GET /page/44/?e=8218316 HTTP/1.1" 404 1251 "-" "meta-externalagent/1.1 (+https://developers.facebook.com/docs/sharing/webmasters/crawler)"
2a03:2880:f800:33:: - - [14/Jan/2026:08:06:44 -0500] "GET /page/2/?e=12591972 HTTP/1.1" 404 1251 "-" "meta-externalagent/1.1 (+https://developers.facebook.com/docs/sharing/webmasters/crawler)"
2a03:2880:f800:34:: - - [14/Jan/2026:08:06:46 -0500] "GET /page/44/?e=17557261 HTTP/1.1" 404 1251 "-" "meta-externalagent/1.1 (+https://developers.facebook.com/docs/sharing/webmasters/crawler)"
2a03:2880:f800:: - - [14/Jan/2026:08:06:48 -0500] "GET /page/44/?e=17475149 HTTP/1.1" 404 1251 "-" "meta-externalagent/1.1 (+https://developers.facebook.com/docs/sharing/webmasters/crawler)"
2a03:2880:f800:4c:: - - [14/Jan/2026:08:06:50 -0500] "GET /page/3/?e=8409016 HTTP/1.1" 404 1251 "-" "meta-externalagent/1.1 (+https://developers.facebook.com/docs/sharing/webmasters/crawler)"
2a03:2880:f800:12:: - - [14/Jan/2026:08:06:55 -0500] "GET /page/3/?e=6497661 HTTP/1.1" 404 1251 "-" "meta-externalagent/1.1 (+https://developers.facebook.com/docs/sharing/webmasters/crawler)"
2a03:2880:f800:12:: - - [14/Jan/2026:08:06:58 -0500] "GET /page/45/?e=19024683 HTTP/1.1" 404 1251 "-" "meta-externalagent/1.1 (+https://developers.facebook.com/docs/sharing/webmasters/crawler)"
2a03:2880:f800:33:: - - [14/Jan/2026:08:06:59 -0500] "GET /page/3/?e=8433761 HTTP/1.1" 404 1251 "-" "meta-externalagent/1.1 (+https://developers.facebook.com/docs/sharing/webmasters/crawler)"
2a03:2880:f800:1b:: - - [14/Jan/2026:08:07:04 -0500] "GET /page/45/?e=8130805 HTTP/1.1" 404 1251 "-" "meta-externalagent/1.1 (+https://developers.facebook.com/docs/sharing/webmasters/crawler)"
2a03:2880:f800:1d:: - - [14/Jan/2026:08:07:10 -0500] "GET /page/45/?e=26808038 HTTP/1.1" 404 1251 "-" "meta-externalagent/1.1 (+https://developers.facebook.com/docs/sharing/webmasters/crawler)"
2a03:2880:f800:d:: - - [14/Jan/2026:08:07:13 -0500] "GET /page/46/?e=6419049 HTTP/1.1" 404 1251 "-" "meta-externalagent/1.1 (+https://developers.facebook.com/docs/sharing/webmasters/crawler)"
2a03:2880:f800:22:: - - [14/Jan/2026:08:07:20 -0500] "GET /page/3/?e=14264916 HTTP/1.1" 404 1251 "-" "meta-externalagent/1.1 (+https://developers.facebook.com/docs/sharing/webmasters/crawler)"
2a03:2880:f800:49:: - - [14/Jan/2026:08:07:30 -0500] "GET /page/46/?e=9995694 HTTP/1.1" 404 1251 "-" "meta-externalagent/1.1 (+https://developers.facebook.com/docs/sharing/webmasters/crawler)"
2a03:2880:f800:1:: - - [14/Jan/2026:08:07:34 -0500] "GET /page/44/?e=19061272 HTTP/1.1" 404 1251 "-" "meta-externalagent/1.1 (+https://developers.facebook.com/docs/sharing/webmasters/crawler)"
2a03:2880:f800:29:: - - [14/Jan/2026:08:07:38 -0500] "GET /page/44/?e=12315483 HTTP/1.1" 404 1251 "-" "meta-externalagent/1.1 (+https://developers.facebook.com/docs/sharing/webmasters/crawler)"
2a03:2880:f800:3b:: - - [14/Jan/2026:08:07:40 -0500] "GET /page/46/?e=8471149 HTTP/1.1" 404 1251 "-" "meta-externalagent/1.1 (+https://developers.facebook.com/docs/sharing/webmasters/crawler)"
2a03:2880:f800:11:: - - [14/Jan/2026:08:07:49 -0500] "GET /page/3/?e=24634616 HTTP/1.1" 404 1251 "-" "meta-externalagent/1.1 (+https://developers.facebook.com/docs/sharing/webmasters/crawler)"
2a03:2880:f800:20:: - - [14/Jan/2026:08:07:51 -0500] "GET /page/45/?e=19100950 HTTP/1.1" 404 1251 "-" "meta-externalagent/1.1 (+https://developers.facebook.com/docs/sharing/webmasters/crawler)"
2a03:2880:f800:1d:: - - [14/Jan/2026:08:07:54 -0500] "GET /page/44/?e=26965027 HTTP/1.1" 404 1251 "-" "meta-externalagent/1.1 (+https://developers.facebook.com/docs/sharing/webmasters/crawler)"
2a03:2880:f800:32:: - - [14/Jan/2026:08:07:59 -0500] "GET /page/3/?e=23611627 HTTP/1.1" 404 1251 "-" "meta-externalagent/1.1 (+https://developers.facebook.com/docs/sharing/webmasters/crawler)"
2a03:2880:f800:48:: - - [14/Jan/2026:08:08:01 -0500] "GET /page/44/?e=9931027 HTTP/1.1" 404 1251 "-" "meta-externalagent/1.1 (+https://developers.facebook.com/docs/sharing/webmasters/crawler)"
2a03:2880:f800:e:: - - [14/Jan/2026:08:08:03 -0500] "GET /page/3/?e=4816016 HTTP/1.1" 404 1251 "-" "meta-externalagent/1.1 (+https://developers.facebook.com/docs/sharing/webmasters/crawler)"
2a03:2880:f800:9:: - - [14/Jan/2026:08:08:07 -0500] "GET /page/3/?e=11000972 HTTP/1.1" 404 1251 "-" "meta-externalagent/1.1 (+https://developers.facebook.com/docs/sharing/webmasters/crawler)"
66.249.66.198 - - [14/Jan/2026:08:08:09 -0500] "GET /?o=2622317496800&channel=131e81&from=https://www.sahabatmiliter.com/goods.cgi?segment079000036 HTTP/1.1" 200 1854 "-" "Mozilla/5.0 (Linux; Android 6.0.1; Nexus 5X Build/MMB29P) AppleWebKit/537.36 (KHTML, like Gecko) Chrome/143.0.7499.192 Mobile Safari/537.36 (compatible; Googlebot/2.1; +http://www.google.com/bot.html)"
2a03:2880:f800:17:: - - [14/Jan/2026:08:08:10 -0500] "GET /page/46/?e=19964961 HTTP/1.1" 404 1251 "-" "meta-externalagent/1.1 (+https://developers.facebook.com/docs/sharing/webmasters/crawler)"
2a03:2880:f800:6:: - - [14/Jan/2026:08:08:11 -0500] "GET /page/3/?e=17039005 HTTP/1.1" 404 1251 "-" "meta-externalagent/1.1 (+https://developers.facebook.com/docs/sharing/webmasters/crawler)"
2a03:2880:f800:28:: - - [14/Jan/2026:08:08:13 -0500] "GET /page/44/?e=15368905 HTTP/1.1" 404 1251 "-" "meta-externalagent/1.1 (+https://developers.facebook.com/docs/sharing/webmasters/crawler)"
2a03:2880:f800:26:: - - [14/Jan/2026:08:08:17 -0500] "GET /page/46/?e=2109227 HTTP/1.1" 404 1251 "-" "meta-externalagent/1.1 (+https://developers.facebook.com/docs/sharing/webmasters/crawler)"
2a03:2880:f800:15:: - - [14/Jan/2026:08:08:19 -0500] "GET /page/3/?e=4619072 HTTP/1.1" 404 1251 "-" "meta-externalagent/1.1 (+https://developers.facebook.com/docs/sharing/webmasters/crawler)"
66.249.66.3 - - [14/Jan/2026:08:08:21 -0500] "GET /?o=2622317496800&channel=131e81&from=https://www.sahabatmiliter.com/goods.cgi?matter078044723 HTTP/1.1" 200 1854 "-" "Mozilla/5.0 (Linux; Android 6.0.1; Nexus 5X Build/MMB29P) AppleWebKit/537.36 (KHTML, like Gecko) Chrome/143.0.7499.192 Mobile Safari/537.36 (compatible; Googlebot/2.1; +http://www.google.com/bot.html)"
2a03:2880:f800:31:: - - [14/Jan/2026:08:08:24 -0500] "GET /page/46/?e=10076827 HTTP/1.1" 404 1251 "-" "meta-externalagent/1.1 (+https://developers.facebook.com/docs/sharing/webmasters/crawler)"
2a03:2880:f800:16:: - - [14/Jan/2026:08:07:26 -0500] "GET /page/3/?e=23257827 HTTP/1.1" 404 1251 "-" "meta-externalagent/1.1 (+https://developers.facebook.com/docs/sharing/webmasters/crawler)"
2a03:2880:f800:32:: - - [14/Jan/2026:08:07:28 -0500] "GET /page/44/?e=19743783 HTTP/1.1" 404 1251 "-" "meta-externalagent/1.1 (+https://developers.facebook.com/docs/sharing/webmasters/crawler)"
2a03:2880:f800:d:: - - [14/Jan/2026:08:07:32 -0500] "GET /page/3/?e=20687250 HTTP/1.1" 404 1251 "-" "meta-externalagent/1.1 (+https://developers.facebook.com/docs/sharing/webmasters/crawler)"
2a03:2880:f800:26:: - - [14/Jan/2026:08:07:36 -0500] "GET /page/46/?e=3202205 HTTP/1.1" 404 1251 "-" "meta-externalagent/1.1 (+https://developers.facebook.com/docs/sharing/webmasters/crawler)"
2a03:2880:f800:b:: - - [14/Jan/2026:08:07:41 -0500] "GET /page/45/?e=25725938 HTTP/1.1" 404 1251 "-" "meta-externalagent/1.1 (+https://developers.facebook.com/docs/sharing/webmasters/crawler)"
2a03:2880:f800:19:: - - [14/Jan/2026:08:07:44 -0500] "GET /page/4/?e=29753405 HTTP/1.1" 404 1251 "-" "meta-externalagent/1.1 (+https://developers.facebook.com/docs/sharing/webmasters/crawler)"
2a03:2880:f800:36:: - - [14/Jan/2026:08:07:45 -0500] "GET /page/41/?a=01102142411607 HTTP/1.1" 404 1251 "-" "meta-externalagent/1.1 (+https://developers.facebook.com/docs/sharing/webmasters/crawler)"
2a03:2880:f800:4c:: - - [14/Jan/2026:08:07:47 -0500] "GET /page/44/?e=30883027 HTTP/1.1" 404 1251 "-" "meta-externalagent/1.1 (+https://developers.facebook.com/docs/sharing/webmasters/crawler)"
2a03:2880:f800:7:: - - [14/Jan/2026:08:07:56 -0500] "GET /page/2/?e=24782450 HTTP/1.1" 404 1251 "-" "meta-externalagent/1.1 (+https://developers.facebook.com/docs/sharing/webmasters/crawler)"
2a03:2880:f800:13:: - - [14/Jan/2026:08:07:58 -0500] "GET /page/44/?e=12806616 HTTP/1.1" 404 1251 "-" "meta-externalagent/1.1 (+https://developers.facebook.com/docs/sharing/webmasters/crawler)"
2a03:2880:f800:2b:: - - [14/Jan/2026:08:08:05 -0500] "GET /page/3/?e=3961716 HTTP/1.1" 404 1251 "-" "meta-externalagent/1.1 (+https://developers.facebook.com/docs/sharing/webmasters/crawler)"
2a03:2880:f800:22:: - - [14/Jan/2026:08:08:15 -0500] "GET /page/44/?e=28629238 HTTP/1.1" 404 1251 "-" "meta-externalagent/1.1 (+https://developers.facebook.com/docs/sharing/webmasters/crawler)"
66.249.66.66 - - [14/Jan/2026:08:08:17 -0500] "GET /?s=online-95080054 HTTP/1.1" 200 1854 "-" "Mozilla/5.0 (Linux; Android 6.0.1; Nexus 5X Build/MMB29P) AppleWebKit/537.36 (KHTML, like Gecko) Chrome/143.0.7499.192 Mobile Safari/537.36 (compatible; Googlebot/2.1; +http://www.google.com/bot.html)"
2a03:2880:f800:b:: - - [14/Jan/2026:08:08:21 -0500] "GET /page/44/?e=13499749 HTTP/1.1" 404 1251 "-" "meta-externalagent/1.1 (+https://developers.facebook.com/docs/sharing/webmasters/crawler)"
2a03:2880:f800:3:: - - [14/Jan/2026:08:08:27 -0500] "GET /page/44/?e=2979527 HTTP/1.1" 404 1251 "-" "meta-externalagent/1.1 (+https://developers.facebook.com/docs/sharing/webmasters/crawler)"
2a03:2880:f800:2a:: - - [14/Jan/2026:08:08:34 -0500] "GET /page/46/?e=4165338 HTTP/1.1" 404 1251 "-" "meta-externalagent/1.1 (+https://developers.facebook.com/docs/sharing/webmasters/crawler)"
2a03:2880:f800:30:: - - [14/Jan/2026:08:08:37 -0500] "GET /page/2/?e=21186505 HTTP/1.1" 404 1251 "-" "meta-externalagent/1.1 (+https://developers.facebook.com/docs/sharing/webmasters/crawler)"
2a03:2880:f800:6:: - - [14/Jan/2026:08:08:39 -0500] "GET /page/2/?e=28124849 HTTP/1.1" 404 1251 "-" "meta-externalagent/1.1 (+https://developers.facebook.com/docs/sharing/webmasters/crawler)"
2a03:2880:f800:: - - [14/Jan/2026:08:08:43 -0500] "GET /page/44/?e=7460883 HTTP/1.1" 404 1251 "-" "meta-externalagent/1.1 (+https://developers.facebook.com/docs/sharing/webmasters/crawler)"
2a03:2880:f800:29:: - - [14/Jan/2026:08:08:51 -0500] "GET /page/44/?e=30613616 HTTP/1.1" 404 1251 "-" "meta-externalagent/1.1 (+https://developers.facebook.com/docs/sharing/webmasters/crawler)"
2a03:2880:f800:23:: - - [14/Jan/2026:08:08:26 -0500] "GET /page/3/?e=4840627 HTTP/1.1" 404 1251 "-" "meta-externalagent/1.1 (+https://developers.facebook.com/docs/sharing/webmasters/crawler)"
2a03:2880:f800:15:: - - [14/Jan/2026:08:08:29 -0500] "GET /page/2/?e=7393961 HTTP/1.1" 404 1251 "-" "meta-externalagent/1.1 (+https://developers.facebook.com/docs/sharing/webmasters/crawler)"
2a03:2880:f800:9:: - - [14/Jan/2026:08:08:31 -0500] "GET /page/3/?e=10658227 HTTP/1.1" 404 1251 "-" "meta-externalagent/1.1 (+https://developers.facebook.com/docs/sharing/webmasters/crawler)"
2a03:2880:f800:20:: - - [14/Jan/2026:08:08:36 -0500] "GET /page/2/?e=7216338 HTTP/1.1" 404 1251 "-" "meta-externalagent/1.1 (+https://developers.facebook.com/docs/sharing/webmasters/crawler)"
2a03:2880:f800:3d:: - - [14/Jan/2026:08:08:42 -0500] "GET /page/45/?e=7354949 HTTP/1.1" 404 1251 "-" "meta-externalagent/1.1 (+https://developers.facebook.com/docs/sharing/webmasters/crawler)"
2a03:2880:f800:22:: - - [14/Jan/2026:08:08:45 -0500] "GET /page/46/?e=22574738 HTTP/1.1" 404 1251 "-" "meta-externalagent/1.1 (+https://developers.facebook.com/docs/sharing/webmasters/crawler)"
2a03:2880:f800:13:: - - [14/Jan/2026:08:08:48 -0500] "GET /page/3/?e=14371450 HTTP/1.1" 404 1251 "-" "meta-externalagent/1.1 (+https://developers.facebook.com/docs/sharing/webmasters/crawler)"
2a03:2880:f800:15:: - - [14/Jan/2026:08:08:49 -0500] "GET /page/44/?e=22993005 HTTP/1.1" 404 1251 "-" "meta-externalagent/1.1 (+https://developers.facebook.com/docs/sharing/webmasters/crawler)"
2a03:2880:f800:9:: - - [14/Jan/2026:08:08:57 -0500] "GET /page/7/?a=6775213845000 HTTP/1.1" 404 1251 "-" "meta-externalagent/1.1 (+https://developers.facebook.com/docs/sharing/webmasters/crawler)"
2a03:2880:f800:1:: - - [14/Jan/2026:08:08:59 -0500] "GET /page/3/?e=24173016 HTTP/1.1" 404 1251 "-" "meta-externalagent/1.1 (+https://developers.facebook.com/docs/sharing/webmasters/crawler)"
2a03:2880:f800:18:: - - [14/Jan/2026:08:09:01 -0500] "GET /page/3/?e=10398438 HTTP/1.1" 404 1251 "-" "meta-externalagent/1.1 (+https://developers.facebook.com/docs/sharing/webmasters/crawler)"
2a03:2880:f800:30:: - - [14/Jan/2026:08:09:05 -0500] "GET /page/2/?e=4158661 HTTP/1.1" 404 1251 "-" "meta-externalagent/1.1 (+https://developers.facebook.com/docs/sharing/webmasters/crawler)"
2a03:2880:f800:22:: - - [14/Jan/2026:08:09:07 -0500] "GET /page/43/?e=4864749 HTTP/1.1" 404 1251 "-" "meta-externalagent/1.1 (+https://developers.facebook.com/docs/sharing/webmasters/crawler)"
2a03:2880:f800:3:: - - [14/Jan/2026:08:09:11 -0500] "GET /page/2/?e=12200683 HTTP/1.1" 404 1251 "-" "meta-externalagent/1.1 (+https://developers.facebook.com/docs/sharing/webmasters/crawler)"
2a03:2880:f800:1c:: - - [14/Jan/2026:08:09:18 -0500] "GET /page/3/?e=24877538 HTTP/1.1" 404 1251 "-" "meta-externalagent/1.1 (+https://developers.facebook.com/docs/sharing/webmasters/crawler)"
2a03:2880:f800:2e:: - - [14/Jan/2026:08:09:19 -0500] "GET /page/3/?e=20161916 HTTP/1.1" 404 1251 "-" "meta-externalagent/1.1 (+https://developers.facebook.com/docs/sharing/webmasters/crawler)"
2a03:2880:f800:33:: - - [14/Jan/2026:08:09:21 -0500] "GET /page/45/?e=14846383 HTTP/1.1" 404 1251 "-" "meta-externalagent/1.1 (+https://developers.facebook.com/docs/sharing/webmasters/crawler)"
2a03:2880:f800:4c:: - - [14/Jan/2026:08:09:23 -0500] "GET /page/46/?e=11742849 HTTP/1.1" 404 1251 "-" "meta-externalagent/1.1 (+https://developers.facebook.com/docs/sharing/webmasters/crawler)"
2a03:2880:f800:26:: - - [14/Jan/2026:08:09:25 -0500] "GET /page/46/?e=21779805 HTTP/1.1" 404 1251 "-" "meta-externalagent/1.1 (+https://developers.facebook.com/docs/sharing/webmasters/crawler)"
2a03:2880:f800:25:: - - [14/Jan/2026:08:09:31 -0500] "GET /page/46/?e=12557661 HTTP/1.1" 404 1251 "-" "meta-externalagent/1.1 (+https://developers.facebook.com/docs/sharing/webmasters/crawler)"
2a03:2880:f800:24:: - - [14/Jan/2026:08:09:34 -0500] "GET /page/45/?e=30265161 HTTP/1.1" 404 1251 "-" "meta-externalagent/1.1 (+https://developers.facebook.com/docs/sharing/webmasters/crawler)"
2a03:2880:f800:7:: - - [14/Jan/2026:08:08:53 -0500] "GET /page/46/?e=28704238 HTTP/1.1" 404 1251 "-" "meta-externalagent/1.1 (+https://developers.facebook.com/docs/sharing/webmasters/crawler)"
2a03:2880:f800:14:: - - [14/Jan/2026:08:08:55 -0500] "GET /page/44/?e=3361350 HTTP/1.1" 404 1251 "-" "meta-externalagent/1.1 (+https://developers.facebook.com/docs/sharing/webmasters/crawler)"
2a03:2880:f800:24:: - - [14/Jan/2026:08:09:03 -0500] "GET /page/3/?e=25746650 HTTP/1.1" 404 1251 "-" "meta-externalagent/1.1 (+https://developers.facebook.com/docs/sharing/webmasters/crawler)"
2a03:2880:f800:2d:: - - [14/Jan/2026:08:09:09 -0500] "GET /page/3/?e=4282661 HTTP/1.1" 404 1251 "-" "meta-externalagent/1.1 (+https://developers.facebook.com/docs/sharing/webmasters/crawler)"
2a03:2880:f800:e:: - - [14/Jan/2026:08:09:13 -0500] "GET /page/44/?e=21428527 HTTP/1.1" 404 1251 "-" "meta-externalagent/1.1 (+https://developers.facebook.com/docs/sharing/webmasters/crawler)"
2a03:2880:f800:19:: - - [14/Jan/2026:08:09:16 -0500] "GET /page/46/?e=17956194 HTTP/1.1" 404 1251 "-" "meta-externalagent/1.1 (+https://developers.facebook.com/docs/sharing/webmasters/crawler)"
2a03:2880:f800:1b:: - - [14/Jan/2026:08:09:27 -0500] "GET /page/43/?e=12542738 HTTP/1.1" 404 1251 "-" "meta-externalagent/1.1 (+https://developers.facebook.com/docs/sharing/webmasters/crawler)"
2a03:2880:f800:2:: - - [14/Jan/2026:08:09:29 -0500] "GET /page/3/?e=3182261 HTTP/1.1" 404 1251 "-" "meta-externalagent/1.1 (+https://developers.facebook.com/docs/sharing/webmasters/crawler)"
2a03:2880:f800:5:: - - [14/Jan/2026:08:09:35 -0500] "GET /page/44/?e=23328050 HTTP/1.1" 404 1251 "-" "meta-externalagent/1.1 (+https://developers.facebook.com/docs/sharing/webmasters/crawler)"
2a03:2880:f800:11:: - - [14/Jan/2026:08:09:39 -0500] "GET /page/44/?e=2858327 HTTP/1.1" 404 1251 "-" "meta-externalagent/1.1 (+https://developers.facebook.com/docs/sharing/webmasters/crawler)"
