2a03:2880:f800:2b:: - - [14/Jan/2026:07:45:58 -0500] "GET /page/3/?e=21613150 HTTP/1.1" 404 1251 "-" "meta-externalagent/1.1 (+https://developers.facebook.com/docs/sharing/webmasters/crawler)"
2a03:2880:f800:45:: - - [14/Jan/2026:07:46:01 -0500] "GET /page/46/?e=7640150 HTTP/1.1" 404 1251 "-" "meta-externalagent/1.1 (+https://developers.facebook.com/docs/sharing/webmasters/crawler)"
2a03:2880:f800:30:: - - [14/Jan/2026:07:46:05 -0500] "GET /page/44/?e=7991061 HTTP/1.1" 404 1251 "-" "meta-externalagent/1.1 (+https://developers.facebook.com/docs/sharing/webmasters/crawler)"
2a03:2880:f800:2:: - - [14/Jan/2026:07:46:10 -0500] "GET /page/44/?e=1862516 HTTP/1.1" 404 1251 "-" "meta-externalagent/1.1 (+https://developers.facebook.com/docs/sharing/webmasters/crawler)"
2a03:2880:f800:22:: - - [14/Jan/2026:07:46:13 -0500] "GET /page/44/?e=28004705 HTTP/1.1" 404 1251 "-" "meta-externalagent/1.1 (+https://developers.facebook.com/docs/sharing/webmasters/crawler)"
52.73.142.41 - - [14/Jan/2026:07:45:46 -0500] "GET /wp-json/wp/v2/posts/1564 HTTP/1.1" 404 1251 "-" "Mozilla/5.0 AppleWebKit/537.36 (KHTML, like Gecko; compatible; Amazonbot/0.1; +https://developer.amazon.com/support/amazonbot) Chrome/119.0.6045.214 Safari/537.36"
2a03:2880:f800:2b:: - - [14/Jan/2026:07:45:47 -0500] "GET /page/44/?e=11674261 HTTP/1.1" 404 1251 "-" "meta-externalagent/1.1 (+https://developers.facebook.com/docs/sharing/webmasters/crawler)"
2a03:2880:f800:11:: - - [14/Jan/2026:07:45:48 -0500] "GET /page/3/?e=5215872 HTTP/1.1" 404 1251 "-" "meta-externalagent/1.1 (+https://developers.facebook.com/docs/sharing/webmasters/crawler)"
44.221.105.234 - - [14/Jan/2026:07:45:51 -0500] "GET /wp-json/oembed/1.0/embed?format=xml&url=https://www.sahabatmiliter.com/perang-padri-semangat-perlawanan-rakyat-minangkabau-terhadap-penjajah/ HTTP/1.1" 404 1251 "-" "Mozilla/5.0 AppleWebKit/537.36 (KHTML, like Gecko; compatible; Amazonbot/0.1; +https://developer.amazon.com/support/amazonbot) Chrome/119.0.6045.214 Safari/537.36"
2a03:2880:f800:3e:: - - [14/Jan/2026:07:45:55 -0500] "GET /page/4/?e=22610227 HTTP/1.1" 404 1251 "-" "meta-externalagent/1.1 (+https://developers.facebook.com/docs/sharing/webmasters/crawler)"
2a03:2880:f800:2f:: - - [14/Jan/2026:07:45:57 -0500] "GET /page/44/?e=11154950 HTTP/1.1" 404 1251 "-" "meta-externalagent/1.1 (+https://developers.facebook.com/docs/sharing/webmasters/crawler)"
54.197.102.71 - - [14/Jan/2026:07:45:58 -0500] "GET /wp-json/oembed/1.0/embed?url=https://www.sahabatmiliter.com/sejarah-perjuangan-fatmawati-sang-ibu-bangsa-yang-teguh-berjuang/ HTTP/1.1" 404 1251 "-" "Mozilla/5.0 AppleWebKit/537.36 (KHTML, like Gecko; compatible; Amazonbot/0.1; +https://developer.amazon.com/support/amazonbot) Chrome/119.0.6045.214 Safari/537.36"
52.7.13.143 - - [14/Jan/2026:07:46:02 -0500] "GET /wp-json/wp/v2/tags/264 HTTP/1.1" 404 1251 "-" "Mozilla/5.0 AppleWebKit/537.36 (KHTML, like Gecko; compatible; Amazonbot/0.1; +https://developer.amazon.com/support/amazonbot) Chrome/119.0.6045.214 Safari/537.36"
2a03:2880:f800:1c:: - - [14/Jan/2026:07:46:03 -0500] "GET /page/6/?a=5702139813600 HTTP/1.1" 404 1251 "-" "meta-externalagent/1.1 (+https://developers.facebook.com/docs/sharing/webmasters/crawler)"
2a03:2880:f800:49:: - - [14/Jan/2026:07:46:07 -0500] "GET /page/44/?e=1210050 HTTP/1.1" 404 1251 "-" "meta-externalagent/1.1 (+https://developers.facebook.com/docs/sharing/webmasters/crawler)"
2a03:2880:f800:e:: - - [14/Jan/2026:07:46:08 -0500] "GET /page/46/?e=10151261 HTTP/1.1" 404 1251 "-" "meta-externalagent/1.1 (+https://developers.facebook.com/docs/sharing/webmasters/crawler)"
2a03:2880:f800:29:: - - [14/Jan/2026:07:46:20 -0500] "GET /page/44/?e=9683172 HTTP/1.1" 404 1251 "-" "meta-externalagent/1.1 (+https://developers.facebook.com/docs/sharing/webmasters/crawler)"
2a03:2880:f800:: - - [14/Jan/2026:07:46:25 -0500] "GET /page/3/?e=18471294 HTTP/1.1" 404 1251 "-" "meta-externalagent/1.1 (+https://developers.facebook.com/docs/sharing/webmasters/crawler)"
2a03:2880:f800:3:: - - [14/Jan/2026:07:46:27 -0500] "GET /page/44/?e=23055350 HTTP/1.1" 404 1251 "-" "meta-externalagent/1.1 (+https://developers.facebook.com/docs/sharing/webmasters/crawler)"
2a03:2880:f800:b:: - - [14/Jan/2026:07:46:29 -0500] "GET /page/3/?e=28283549 HTTP/1.1" 404 1251 "-" "meta-externalagent/1.1 (+https://developers.facebook.com/docs/sharing/webmasters/crawler)"
2a03:2880:f800:2c:: - - [14/Jan/2026:07:46:34 -0500] "GET /page/45/?e=15781605 HTTP/1.1" 404 1251 "-" "meta-externalagent/1.1 (+https://developers.facebook.com/docs/sharing/webmasters/crawler)"
2a03:2880:f800:1e:: - - [14/Jan/2026:07:46:36 -0500] "GET /page/3/?e=26584594 HTTP/1.1" 404 1251 "-" "meta-externalagent/1.1 (+https://developers.facebook.com/docs/sharing/webmasters/crawler)"
2a03:2880:f800:44:: - - [14/Jan/2026:07:46:38 -0500] "GET /page/3/?e=18728705 HTTP/1.1" 404 1251 "-" "meta-externalagent/1.1 (+https://developers.facebook.com/docs/sharing/webmasters/crawler)"
2a03:2880:f800:3d:: - - [14/Jan/2026:07:46:14 -0500] "GET /page/3/?e=25255761 HTTP/1.1" 404 1251 "-" "meta-externalagent/1.1 (+https://developers.facebook.com/docs/sharing/webmasters/crawler)"
2a03:2880:f800:8:: - - [14/Jan/2026:07:46:17 -0500] "GET /page/3/?e=28431461 HTTP/1.1" 404 1251 "-" "meta-externalagent/1.1 (+https://developers.facebook.com/docs/sharing/webmasters/crawler)"
2a03:2880:f800:2a:: - - [14/Jan/2026:07:46:18 -0500] "GET /page/46/?e=11002238 HTTP/1.1" 404 1251 "-" "meta-externalagent/1.1 (+https://developers.facebook.com/docs/sharing/webmasters/crawler)"
2a03:2880:f800:3:: - - [14/Jan/2026:07:46:23 -0500] "GET /page/3/?e=10257649 HTTP/1.1" 404 1251 "-" "meta-externalagent/1.1 (+https://developers.facebook.com/docs/sharing/webmasters/crawler)"
2a03:2880:f800:38:: - - [14/Jan/2026:07:46:31 -0500] "GET /page/44/?e=23637305 HTTP/1.1" 404 1251 "-" "meta-externalagent/1.1 (+https://developers.facebook.com/docs/sharing/webmasters/crawler)"
2a03:2880:f800:49:: - - [14/Jan/2026:07:46:33 -0500] "GET /page/3/?e=12708305 HTTP/1.1" 404 1251 "-" "meta-externalagent/1.1 (+https://developers.facebook.com/docs/sharing/webmasters/crawler)"
2a03:2880:f800:4c:: - - [14/Jan/2026:07:46:43 -0500] "GET /page/3/?e=12470772 HTTP/1.1" 404 1251 "-" "meta-externalagent/1.1 (+https://developers.facebook.com/docs/sharing/webmasters/crawler)"
2a03:2880:f800:3:: - - [14/Jan/2026:07:46:45 -0500] "GET /page/3/?e=20873750 HTTP/1.1" 404 1251 "-" "meta-externalagent/1.1 (+https://developers.facebook.com/docs/sharing/webmasters/crawler)"
2a03:2880:f800:28:: - - [14/Jan/2026:07:46:48 -0500] "GET /page/46/?e=27123949 HTTP/1.1" 404 1251 "-" "meta-externalagent/1.1 (+https://developers.facebook.com/docs/sharing/webmasters/crawler)"
2a03:2880:f800:7:: - - [14/Jan/2026:07:46:52 -0500] "GET /page/44/?e=20612305 HTTP/1.1" 404 1251 "-" "meta-externalagent/1.1 (+https://developers.facebook.com/docs/sharing/webmasters/crawler)"
2a03:2880:f800:8:: - - [14/Jan/2026:07:46:57 -0500] "GET /page/2/?e=17254261 HTTP/1.1" 404 1251 "-" "meta-externalagent/1.1 (+https://developers.facebook.com/docs/sharing/webmasters/crawler)"
2a03:2880:f800:21:: - - [14/Jan/2026:07:46:59 -0500] "GET /page/44/?e=24892161 HTTP/1.1" 404 1251 "-" "meta-externalagent/1.1 (+https://developers.facebook.com/docs/sharing/webmasters/crawler)"
2a03:2880:f800:7:: - - [14/Jan/2026:07:47:02 -0500] "GET /page/4/?e=1946283 HTTP/1.1" 404 1251 "-" "meta-externalagent/1.1 (+https://developers.facebook.com/docs/sharing/webmasters/crawler)"
2a03:2880:f800:8:: - - [14/Jan/2026:07:47:07 -0500] "GET /page/44/?e=8590994 HTTP/1.1" 404 1251 "-" "meta-externalagent/1.1 (+https://developers.facebook.com/docs/sharing/webmasters/crawler)"
2a03:2880:f800:44:: - - [14/Jan/2026:07:47:09 -0500] "GET /page/3/?e=18147094 HTTP/1.1" 404 1251 "-" "meta-externalagent/1.1 (+https://developers.facebook.com/docs/sharing/webmasters/crawler)"
2a03:2880:f800:12:: - - [14/Jan/2026:07:47:11 -0500] "GET /page/3/?e=26095627 HTTP/1.1" 404 1251 "-" "meta-externalagent/1.1 (+https://developers.facebook.com/docs/sharing/webmasters/crawler)"
2a03:2880:f800:16:: - - [14/Jan/2026:07:47:14 -0500] "GET /page/44/?e=23363872 HTTP/1.1" 404 1251 "-" "meta-externalagent/1.1 (+https://developers.facebook.com/docs/sharing/webmasters/crawler)"
2a03:2880:f800:3d:: - - [14/Jan/2026:07:47:23 -0500] "GET /page/44/?e=6532849 HTTP/1.1" 404 1251 "-" "meta-externalagent/1.1 (+https://developers.facebook.com/docs/sharing/webmasters/crawler)"
2a03:2880:f800:19:: - - [14/Jan/2026:07:47:25 -0500] "GET /page/46/?e=24010016 HTTP/1.1" 404 1251 "-" "meta-externalagent/1.1 (+https://developers.facebook.com/docs/sharing/webmasters/crawler)"
66.249.66.196 - - [14/Jan/2026:07:47:28 -0500] "GET /?s=online-133321828 HTTP/1.1" 200 1828 "-" "Mozilla/5.0 (Linux; Android 6.0.1; Nexus 5X Build/MMB29P) AppleWebKit/537.36 (KHTML, like Gecko) Chrome/143.0.7499.192 Mobile Safari/537.36 (compatible; Googlebot/2.1; +http://www.google.com/bot.html)"
2a03:2880:f800:f:: - - [14/Jan/2026:07:46:41 -0500] "GET /page/3/?e=29231672 HTTP/1.1" 404 1251 "-" "meta-externalagent/1.1 (+https://developers.facebook.com/docs/sharing/webmasters/crawler)"
2a03:2880:f800:3a:: - - [14/Jan/2026:07:46:46 -0500] "GET /page/44/?e=22157227 HTTP/1.1" 404 1251 "-" "meta-externalagent/1.1 (+https://developers.facebook.com/docs/sharing/webmasters/crawler)"
2a03:2880:f800:6:: - - [14/Jan/2026:07:46:50 -0500] "GET /page/44/?e=29899838 HTTP/1.1" 404 1251 "-" "meta-externalagent/1.1 (+https://developers.facebook.com/docs/sharing/webmasters/crawler)"
2a03:2880:f800:b:: - - [14/Jan/2026:07:46:55 -0500] "GET /page/44/?e=26855938 HTTP/1.1" 404 1251 "-" "meta-externalagent/1.1 (+https://developers.facebook.com/docs/sharing/webmasters/crawler)"
2a03:2880:f800:1a:: - - [14/Jan/2026:07:47:01 -0500] "GET /page/44/?e=22367827 HTTP/1.1" 404 1251 "-" "meta-externalagent/1.1 (+https://developers.facebook.com/docs/sharing/webmasters/crawler)"
2a03:2880:f800:28:: - - [14/Jan/2026:07:47:05 -0500] "GET /page/3/?e=1665583 HTTP/1.1" 404 1251 "-" "meta-externalagent/1.1 (+https://developers.facebook.com/docs/sharing/webmasters/crawler)"
149.56.30.69 - - [14/Jan/2026:07:47:07 -0500] "GET /ads.txt HTTP/1.1" 404 1251 "-" "Mozilla/5.0 (Macintosh; Intel Mac OS X 11_6_5) AppleWebKit/537.36 (KHTML, like Gecko) Chrome/110.0.5481.178 Safari/537.36"
2a03:2880:f800:33:: - - [14/Jan/2026:07:47:12 -0500] "GET /page/44/?e=11010861 HTTP/1.1" 404 1251 "-" "meta-externalagent/1.1 (+https://developers.facebook.com/docs/sharing/webmasters/crawler)"
2a03:2880:f800:22:: - - [14/Jan/2026:07:47:16 -0500] "GET /page/44/?e=26634416 HTTP/1.1" 404 1251 "-" "meta-externalagent/1.1 (+https://developers.facebook.com/docs/sharing/webmasters/crawler)"
2a03:2880:f800:25:: - - [14/Jan/2026:07:47:18 -0500] "GET /page/3/?e=20145238 HTTP/1.1" 404 1251 "-" "meta-externalagent/1.1 (+https://developers.facebook.com/docs/sharing/webmasters/crawler)"
2a03:2880:f800:9:: - - [14/Jan/2026:07:47:20 -0500] "GET /page/44/?e=21101849 HTTP/1.1" 404 1251 "-" "meta-externalagent/1.1 (+https://developers.facebook.com/docs/sharing/webmasters/crawler)"
2a03:2880:f800:34:: - - [14/Jan/2026:07:47:27 -0500] "GET /page/44/?e=29091994 HTTP/1.1" 404 1251 "-" "meta-externalagent/1.1 (+https://developers.facebook.com/docs/sharing/webmasters/crawler)"
2a03:2880:f800:21:: - - [14/Jan/2026:07:47:33 -0500] "GET /page/3/?e=17061194 HTTP/1.1" 404 1251 "-" "meta-externalagent/1.1 (+https://developers.facebook.com/docs/sharing/webmasters/crawler)"
2a03:2880:f800:2e:: - - [14/Jan/2026:07:47:35 -0500] "GET /page/44/?e=12168649 HTTP/1.1" 404 1251 "-" "meta-externalagent/1.1 (+https://developers.facebook.com/docs/sharing/webmasters/crawler)"
2a03:2880:f800:b:: - - [14/Jan/2026:07:47:37 -0500] "GET /page/44/?e=21855550 HTTP/1.1" 404 1251 "-" "meta-externalagent/1.1 (+https://developers.facebook.com/docs/sharing/webmasters/crawler)"
2a03:2880:f800:19:: - - [14/Jan/2026:07:47:44 -0500] "GET /page/3/?e=24336349 HTTP/1.1" 404 1251 "-" "meta-externalagent/1.1 (+https://developers.facebook.com/docs/sharing/webmasters/crawler)"
2a03:2880:f800:10:: - - [14/Jan/2026:07:47:46 -0500] "GET /page/46/?e=17840316 HTTP/1.1" 404 1251 "-" "meta-externalagent/1.1 (+https://developers.facebook.com/docs/sharing/webmasters/crawler)"
2a03:2880:f800:10:: - - [14/Jan/2026:07:47:49 -0500] "GET /page/46/?e=13744494 HTTP/1.1" 404 1251 "-" "meta-externalagent/1.1 (+https://developers.facebook.com/docs/sharing/webmasters/crawler)"
2a03:2880:f800:37:: - - [14/Jan/2026:07:47:52 -0500] "GET /page/3/?e=14143250 HTTP/1.1" 404 1251 "-" "meta-externalagent/1.1 (+https://developers.facebook.com/docs/sharing/webmasters/crawler)"
2a03:2880:f800:18:: - - [14/Jan/2026:07:48:05 -0500] "GET /page/3/?e=20522350 HTTP/1.1" 404 1251 "-" "meta-externalagent/1.1 (+https://developers.facebook.com/docs/sharing/webmasters/crawler)"
2a03:2880:f800:34:: - - [14/Jan/2026:07:48:06 -0500] "GET /page/44/?e=24849561 HTTP/1.1" 404 1251 "-" "meta-externalagent/1.1 (+https://developers.facebook.com/docs/sharing/webmasters/crawler)"
2a03:2880:f800:15:: - - [14/Jan/2026:07:47:29 -0500] "GET /page/44/?e=1422150 HTTP/1.1" 404 1251 "-" "meta-externalagent/1.1 (+https://developers.facebook.com/docs/sharing/webmasters/crawler)"
2a03:2880:f800:10:: - - [14/Jan/2026:07:47:30 -0500] "GET /page/44/?e=10613638 HTTP/1.1" 404 1251 "-" "meta-externalagent/1.1 (+https://developers.facebook.com/docs/sharing/webmasters/crawler)"
2a03:2880:f800:33:: - - [14/Jan/2026:07:47:39 -0500] "GET /page/46/?e=8724938 HTTP/1.1" 404 1251 "-" "meta-externalagent/1.1 (+https://developers.facebook.com/docs/sharing/webmasters/crawler)"
2a03:2880:f800:d:: - - [14/Jan/2026:07:47:40 -0500] "GET /page/3/?e=20347549 HTTP/1.1" 404 1251 "-" "meta-externalagent/1.1 (+https://developers.facebook.com/docs/sharing/webmasters/crawler)"
2a03:2880:f800:2a:: - - [14/Jan/2026:07:47:43 -0500] "GET /page/3/?e=15304838 HTTP/1.1" 404 1251 "-" "meta-externalagent/1.1 (+https://developers.facebook.com/docs/sharing/webmasters/crawler)"
2a03:2880:f800:4b:: - - [14/Jan/2026:07:47:51 -0500] "GET /page/46/?e=3330661 HTTP/1.1" 404 1251 "-" "meta-externalagent/1.1 (+https://developers.facebook.com/docs/sharing/webmasters/crawler)"
2a03:2880:f800:a:: - - [14/Jan/2026:07:47:54 -0500] "GET /page/44/?e=13596749 HTTP/1.1" 404 1251 "-" "meta-externalagent/1.1 (+https://developers.facebook.com/docs/sharing/webmasters/crawler)"
2a03:2880:f800:3e:: - - [14/Jan/2026:07:47:56 -0500] "GET /page/44/?e=6174683 HTTP/1.1" 404 1251 "-" "meta-externalagent/1.1 (+https://developers.facebook.com/docs/sharing/webmasters/crawler)"
2a03:2880:f800:18:: - - [14/Jan/2026:07:47:58 -0500] "GET /page/46/?e=9703772 HTTP/1.1" 404 1251 "-" "meta-externalagent/1.1 (+https://developers.facebook.com/docs/sharing/webmasters/crawler)"
2a03:2880:f800:7:: - - [14/Jan/2026:07:48:01 -0500] "GET /page/44/?e=5815050 HTTP/1.1" 404 1251 "-" "meta-externalagent/1.1 (+https://developers.facebook.com/docs/sharing/webmasters/crawler)"
146.59.127.80 - - [14/Jan/2026:07:48:02 -0500] "GET /13-manfaat-jahe-bagi-kesehatan-tubuh/ HTTP/1.1" 404 1251 "-" "Mozilla/5.0 (Windows NT 10.0; Win64; x64) AppleWebKit/537.36 (KHTML, like Gecko) Chrome/139.0.0.0 Safari/537.36"
2a03:2880:f800:15:: - - [14/Jan/2026:07:48:03 -0500] "GET /page/3/?e=28445438 HTTP/1.1" 404 1251 "-" "meta-externalagent/1.1 (+https://developers.facebook.com/docs/sharing/webmasters/crawler)"
57.129.81.155 - - [14/Jan/2026:07:48:03 -0500] "GET /13-manfaat-jahe-bagi-kesehatan-tubuh/ HTTP/1.1" 404 1251 "-" "Mozilla/5.0 (Windows NT 10.0; Win64; x64) AppleWebKit/537.36 (KHTML, like Gecko) Chrome/139.0.0.0 Safari/537.36"
2a03:2880:f800:2:: - - [14/Jan/2026:07:48:10 -0500] "GET /page/3/?e=22817516 HTTP/1.1" 404 1251 "-" "meta-externalagent/1.1 (+https://developers.facebook.com/docs/sharing/webmasters/crawler)"
2a03:2880:f800:21:: - - [14/Jan/2026:07:48:13 -0500] "GET /page/3/?e=2101061 HTTP/1.1" 404 1251 "-" "meta-externalagent/1.1 (+https://developers.facebook.com/docs/sharing/webmasters/crawler)"
2a03:2880:f800:2f:: - - [14/Jan/2026:07:48:17 -0500] "GET /page/46/?e=4733816 HTTP/1.1" 404 1251 "-" "meta-externalagent/1.1 (+https://developers.facebook.com/docs/sharing/webmasters/crawler)"
2a03:2880:f800:c:: - - [14/Jan/2026:07:48:18 -0500] "GET /page/3/?e=19813250 HTTP/1.1" 404 1251 "-" "meta-externalagent/1.1 (+https://developers.facebook.com/docs/sharing/webmasters/crawler)"
2a03:2880:f800:20:: - - [14/Jan/2026:07:48:23 -0500] "GET /page/3/?e=16048405 HTTP/1.1" 404 1251 "-" "meta-externalagent/1.1 (+https://developers.facebook.com/docs/sharing/webmasters/crawler)"
2a03:2880:f800:17:: - - [14/Jan/2026:07:48:24 -0500] "GET /page/3/?e=17590249 HTTP/1.1" 404 1251 "-" "meta-externalagent/1.1 (+https://developers.facebook.com/docs/sharing/webmasters/crawler)"
2a03:2880:f800:34:: - - [14/Jan/2026:07:48:27 -0500] "GET /page/3/?e=15902750 HTTP/1.1" 404 1251 "-" "meta-externalagent/1.1 (+https://developers.facebook.com/docs/sharing/webmasters/crawler)"
2a03:2880:f800:25:: - - [14/Jan/2026:07:48:08 -0500] "GET /page/3/?e=11799749 HTTP/1.1" 404 1251 "-" "meta-externalagent/1.1 (+https://developers.facebook.com/docs/sharing/webmasters/crawler)"
2a03:2880:f800:1d:: - - [14/Jan/2026:07:48:15 -0500] "GET /page/44/?e=4403416 HTTP/1.1" 404 1251 "-" "meta-externalagent/1.1 (+https://developers.facebook.com/docs/sharing/webmasters/crawler)"
2a03:2880:f800:19:: - - [14/Jan/2026:07:48:21 -0500] "GET /page/46/?e=10001072 HTTP/1.1" 404 1251 "-" "meta-externalagent/1.1 (+https://developers.facebook.com/docs/sharing/webmasters/crawler)"
2a03:2880:f800:1a:: - - [14/Jan/2026:07:48:30 -0500] "GET /page/3/?e=10725283 HTTP/1.1" 404 1251 "-" "meta-externalagent/1.1 (+https://developers.facebook.com/docs/sharing/webmasters/crawler)"
2a03:2880:f800:19:: - - [14/Jan/2026:07:48:35 -0500] "GET /page/44/?e=1767761 HTTP/1.1" 404 1251 "-" "meta-externalagent/1.1 (+https://developers.facebook.com/docs/sharing/webmasters/crawler)"
2a03:2880:f800:3e:: - - [14/Jan/2026:07:48:36 -0500] "GET /page/44/?e=13536149 HTTP/1.1" 404 1251 "-" "meta-externalagent/1.1 (+https://developers.facebook.com/docs/sharing/webmasters/crawler)"
2a03:2880:f800:6:: - - [14/Jan/2026:07:48:39 -0500] "GET /page/44/?e=24256250 HTTP/1.1" 404 1251 "-" "meta-externalagent/1.1 (+https://developers.facebook.com/docs/sharing/webmasters/crawler)"
2a03:2880:f800:b:: - - [14/Jan/2026:07:48:40 -0500] "GET /page/3/?e=26104161 HTTP/1.1" 404 1251 "-" "meta-externalagent/1.1 (+https://developers.facebook.com/docs/sharing/webmasters/crawler)"
2a03:2880:f800:1a:: - - [14/Jan/2026:07:48:43 -0500] "GET /page/44/?e=16643005 HTTP/1.1" 404 1251 "-" "meta-externalagent/1.1 (+https://developers.facebook.com/docs/sharing/webmasters/crawler)"
2a03:2880:f800:39:: - - [14/Jan/2026:07:48:44 -0500] "GET /page/44/?e=18648061 HTTP/1.1" 404 1251 "-" "meta-externalagent/1.1 (+https://developers.facebook.com/docs/sharing/webmasters/crawler)"
57.129.81.153 - - [14/Jan/2026:07:48:52 -0500] "GET /zlate-vejce-na-dosah-dokazete-bezpecne-provest-kuratko-nebezpecnou-chicken-road-a-odnest-si-98-vypl/ HTTP/1.1" 404 1251 "-" "Mozilla/5.0 (Windows NT 10.0; Win64; x64) AppleWebKit/537.36 (KHTML, like Gecko) Chrome/139.0.0.0 Safari/537.36"
2a03:2880:f800:22:: - - [14/Jan/2026:07:48:54 -0500] "GET /page/3/?e=15067738 HTTP/1.1" 404 1251 "-" "meta-externalagent/1.1 (+https://developers.facebook.com/docs/sharing/webmasters/crawler)"
2a03:2880:f800:4:: - - [14/Jan/2026:07:48:57 -0500] "GET /page/3/?e=30304494 HTTP/1.1" 404 1251 "-" "meta-externalagent/1.1 (+https://developers.facebook.com/docs/sharing/webmasters/crawler)"
2a03:2880:f800:2b:: - - [14/Jan/2026:07:49:01 -0500] "GET /page/44/?e=30979561 HTTP/1.1" 404 1251 "-" "meta-externalagent/1.1 (+https://developers.facebook.com/docs/sharing/webmasters/crawler)"
66.249.66.36 - - [14/Jan/2026:07:49:03 -0500] "GET /?a=07480129388807 HTTP/1.1" 200 1850 "-" "Mozilla/5.0 (Linux; Android 6.0.1; Nexus 5X Build/MMB29P) AppleWebKit/537.36 (KHTML, like Gecko) Chrome/143.0.7499.192 Mobile Safari/537.36 (compatible; Googlebot/2.1; +http://www.google.com/bot.html)"
2a03:2880:f800:49:: - - [14/Jan/2026:07:49:08 -0500] "GET /page/44/?e=21822805 HTTP/1.1" 404 1251 "-" "meta-externalagent/1.1 (+https://developers.facebook.com/docs/sharing/webmasters/crawler)"
2a03:2880:f800:4:: - - [14/Jan/2026:07:49:11 -0500] "GET /page/44/?e=11655283 HTTP/1.1" 404 1251 "-" "meta-externalagent/1.1 (+https://developers.facebook.com/docs/sharing/webmasters/crawler)"
2a03:2880:f800:4c:: - - [14/Jan/2026:07:49:13 -0500] "GET /page/44/?e=30510127 HTTP/1.1" 404 1251 "-" "meta-externalagent/1.1 (+https://developers.facebook.com/docs/sharing/webmasters/crawler)"
2a03:2880:f800:45:: - - [14/Jan/2026:07:49:16 -0500] "GET /page/3/?e=14744283 HTTP/1.1" 404 1251 "-" "meta-externalagent/1.1 (+https://developers.facebook.com/docs/sharing/webmasters/crawler)"
2a03:2880:f800:4:: - - [14/Jan/2026:07:49:17 -0500] "GET /page/44/?e=20917450 HTTP/1.1" 404 1251 "-" "meta-externalagent/1.1 (+https://developers.facebook.com/docs/sharing/webmasters/crawler)"
2a03:2880:f800:29:: - - [14/Jan/2026:07:48:29 -0500] "GET /page/4/?e=8288649 HTTP/1.1" 404 1251 "-" "meta-externalagent/1.1 (+https://developers.facebook.com/docs/sharing/webmasters/crawler)"
2a03:2880:f800:3b:: - - [14/Jan/2026:07:48:33 -0500] "GET /page/44/?e=27219950 HTTP/1.1" 404 1251 "-" "meta-externalagent/1.1 (+https://developers.facebook.com/docs/sharing/webmasters/crawler)"
2a03:2880:f800:44:: - - [14/Jan/2026:07:48:46 -0500] "GET /page/3/?e=21500427 HTTP/1.1" 404 1251 "-" "meta-externalagent/1.1 (+https://developers.facebook.com/docs/sharing/webmasters/crawler)"
2a03:2880:f800:19:: - - [14/Jan/2026:07:48:49 -0500] "GET /page/3/?e=11556905 HTTP/1.1" 404 1251 "-" "meta-externalagent/1.1 (+https://developers.facebook.com/docs/sharing/webmasters/crawler)"
2a03:2880:f800:7:: - - [14/Jan/2026:07:48:51 -0500] "GET /page/46/?e=16340461 HTTP/1.1" 404 1251 "-" "meta-externalagent/1.1 (+https://developers.facebook.com/docs/sharing/webmasters/crawler)"
57.129.81.225 - - [14/Jan/2026:07:48:51 -0500] "GET /zlate-vejce-na-dosah-dokazete-bezpecne-provest-kuratko-nebezpecnou-chicken-road-a-odnest-si-98-vypl/ HTTP/1.1" 404 1251 "-" "Mozilla/5.0 (Windows NT 10.0; Win64; x64) AppleWebKit/537.36 (KHTML, like Gecko) Chrome/139.0.0.0 Safari/537.36"
2a03:2880:f800:13:: - - [14/Jan/2026:07:48:53 -0500] "GET /page/46/?e=28161872 HTTP/1.1" 404 1251 "-" "meta-externalagent/1.1 (+https://developers.facebook.com/docs/sharing/webmasters/crawler)"
2a03:2880:f800:13:: - - [14/Jan/2026:07:48:58 -0500] "GET /page/3/?e=17052516 HTTP/1.1" 404 1251 "-" "meta-externalagent/1.1 (+https://developers.facebook.com/docs/sharing/webmasters/crawler)"
2a03:2880:f800:: - - [14/Jan/2026:07:49:02 -0500] "GET /page/44/?e=13546394 HTTP/1.1" 404 1251 "-" "meta-externalagent/1.1 (+https://developers.facebook.com/docs/sharing/webmasters/crawler)"
2a03:2880:f800:7:: - - [14/Jan/2026:07:49:04 -0500] "GET /page/3/?e=9679383 HTTP/1.1" 404 1251 "-" "meta-externalagent/1.1 (+https://developers.facebook.com/docs/sharing/webmasters/crawler)"
2a03:2880:f800:44:: - - [14/Jan/2026:07:49:07 -0500] "GET /page/46/?e=9006872 HTTP/1.1" 404 1251 "-" "meta-externalagent/1.1 (+https://developers.facebook.com/docs/sharing/webmasters/crawler)"
2a03:2880:f800:25:: - - [14/Jan/2026:07:49:21 -0500] "GET /page/3/?e=18025305 HTTP/1.1" 404 1251 "-" "meta-externalagent/1.1 (+https://developers.facebook.com/docs/sharing/webmasters/crawler)"
2a03:2880:f800:4a:: - - [14/Jan/2026:07:49:31 -0500] "GET /page/3/?e=28144161 HTTP/1.1" 404 1251 "-" "meta-externalagent/1.1 (+https://developers.facebook.com/docs/sharing/webmasters/crawler)"
2a03:2880:f800:1d:: - - [14/Jan/2026:07:49:33 -0500] "GET /page/46/?e=19011861 HTTP/1.1" 404 1251 "-" "meta-externalagent/1.1 (+https://developers.facebook.com/docs/sharing/webmasters/crawler)"
2a03:2880:f800:7:: - - [14/Jan/2026:07:49:36 -0500] "GET /page/3/?e=15878294 HTTP/1.1" 404 1251 "-" "meta-externalagent/1.1 (+https://developers.facebook.com/docs/sharing/webmasters/crawler)"
2a03:2880:f800:48:: - - [14/Jan/2026:07:49:38 -0500] "GET /page/44/?e=23137350 HTTP/1.1" 404 1251 "-" "meta-externalagent/1.1 (+https://developers.facebook.com/docs/sharing/webmasters/crawler)"
2a03:2880:f800:1d:: - - [14/Jan/2026:07:49:52 -0500] "GET /page/44/?e=7977538 HTTP/1.1" 404 1251 "-" "meta-externalagent/1.1 (+https://developers.facebook.com/docs/sharing/webmasters/crawler)"
2a03:2880:f800:2f:: - - [14/Jan/2026:07:50:01 -0500] "GET /page/44/?e=2727949 HTTP/1.1" 404 1251 "-" "meta-externalagent/1.1 (+https://developers.facebook.com/docs/sharing/webmasters/crawler)"
2a03:2880:f800:1c:: - - [14/Jan/2026:07:50:02 -0500] "GET /page/44/?e=28076250 HTTP/1.1" 404 1251 "-" "meta-externalagent/1.1 (+https://developers.facebook.com/docs/sharing/webmasters/crawler)"
2a03:2880:f800:44:: - - [14/Jan/2026:07:50:09 -0500] "GET /page/3/?e=24263916 HTTP/1.1" 404 1251 "-" "meta-externalagent/1.1 (+https://developers.facebook.com/docs/sharing/webmasters/crawler)"
2a03:2880:f800:f:: - - [14/Jan/2026:07:49:19 -0500] "GET /page/44/?e=24188161 HTTP/1.1" 404 1251 "-" "meta-externalagent/1.1 (+https://developers.facebook.com/docs/sharing/webmasters/crawler)"
2a03:2880:f800:20:: - - [14/Jan/2026:07:49:22 -0500] "GET /page/43/?e=30536338 HTTP/1.1" 404 1251 "-" "meta-externalagent/1.1 (+https://developers.facebook.com/docs/sharing/webmasters/crawler)"
2a03:2880:f800:30:: - - [14/Jan/2026:07:49:25 -0500] "GET /page/3/?e=17966516 HTTP/1.1" 404 1251 "-" "meta-externalagent/1.1 (+https://developers.facebook.com/docs/sharing/webmasters/crawler)"
2a03:2880:f800:2d:: - - [14/Jan/2026:07:49:27 -0500] "GET /page/46/?e=5882838 HTTP/1.1" 404 1251 "-" "meta-externalagent/1.1 (+https://developers.facebook.com/docs/sharing/webmasters/crawler)"
2a03:2880:f800:1b:: - - [14/Jan/2026:07:49:29 -0500] "GET /page/3/?e=16879672 HTTP/1.1" 404 1251 "-" "meta-externalagent/1.1 (+https://developers.facebook.com/docs/sharing/webmasters/crawler)"
2a03:2880:f800:1c:: - - [14/Jan/2026:07:49:35 -0500] "GET /page/3/?e=25071272 HTTP/1.1" 404 1251 "-" "meta-externalagent/1.1 (+https://developers.facebook.com/docs/sharing/webmasters/crawler)"
2a03:2880:f800:f:: - - [14/Jan/2026:07:49:41 -0500] "GET /page/44/?e=20617561 HTTP/1.1" 404 1251 "-" "meta-externalagent/1.1 (+https://developers.facebook.com/docs/sharing/webmasters/crawler)"
2a03:2880:f800:34:: - - [14/Jan/2026:07:49:43 -0500] "GET /page/43/?a=70810163888700 HTTP/1.1" 404 1251 "-" "meta-externalagent/1.1 (+https://developers.facebook.com/docs/sharing/webmasters/crawler)"
2a03:2880:f800:29:: - - [14/Jan/2026:07:49:44 -0500] "GET /page/44/?e=27549149 HTTP/1.1" 404 1251 "-" "meta-externalagent/1.1 (+https://developers.facebook.com/docs/sharing/webmasters/crawler)"
2a03:2880:f800:9:: - - [14/Jan/2026:07:49:46 -0500] "GET /page/44/?e=17537805 HTTP/1.1" 404 1251 "-" "meta-externalagent/1.1 (+https://developers.facebook.com/docs/sharing/webmasters/crawler)"
2a03:2880:f800:2c:: - - [14/Jan/2026:07:49:49 -0500] "GET /page/3/?e=1495294 HTTP/1.1" 404 1251 "-" "meta-externalagent/1.1 (+https://developers.facebook.com/docs/sharing/webmasters/crawler)"
2a03:2880:f800:2d:: - - [14/Jan/2026:07:49:50 -0500] "GET /page/46/?e=30197516 HTTP/1.1" 404 1251 "-" "meta-externalagent/1.1 (+https://developers.facebook.com/docs/sharing/webmasters/crawler)"
2a03:2880:f800:21:: - - [14/Jan/2026:07:49:55 -0500] "GET /page/46/?e=13249649 HTTP/1.1" 404 1251 "-" "meta-externalagent/1.1 (+https://developers.facebook.com/docs/sharing/webmasters/crawler)"
2a03:2880:f800:18:: - - [14/Jan/2026:07:49:56 -0500] "GET /page/3/?e=16969061 HTTP/1.1" 404 1251 "-" "meta-externalagent/1.1 (+https://developers.facebook.com/docs/sharing/webmasters/crawler)"
2a03:2880:f800:c:: - - [14/Jan/2026:07:49:59 -0500] "GET /page/44/?e=24099050 HTTP/1.1" 404 1251 "-" "meta-externalagent/1.1 (+https://developers.facebook.com/docs/sharing/webmasters/crawler)"
2a03:2880:f800:5:: - - [14/Jan/2026:07:50:05 -0500] "GET /page/44/?e=20738761 HTTP/1.1" 404 1251 "-" "meta-externalagent/1.1 (+https://developers.facebook.com/docs/sharing/webmasters/crawler)"
2a03:2880:f800:1:: - - [14/Jan/2026:07:50:07 -0500] "GET /page/3/?e=12803349 HTTP/1.1" 404 1251 "-" "meta-externalagent/1.1 (+https://developers.facebook.com/docs/sharing/webmasters/crawler)"
2a03:2880:f800:10:: - - [14/Jan/2026:07:50:10 -0500] "GET /page/43/?e=27915827 HTTP/1.1" 404 1251 "-" "meta-externalagent/1.1 (+https://developers.facebook.com/docs/sharing/webmasters/crawler)"
2a03:2880:f800:5:: - - [14/Jan/2026:07:50:14 -0500] "GET /page/46/?e=14192949 HTTP/1.1" 404 1251 "-" "meta-externalagent/1.1 (+https://developers.facebook.com/docs/sharing/webmasters/crawler)"
2a03:2880:f800:45:: - - [14/Jan/2026:07:50:17 -0500] "GET /page/3/?e=16799883 HTTP/1.1" 404 1251 "-" "meta-externalagent/1.1 (+https://developers.facebook.com/docs/sharing/webmasters/crawler)"
2a03:2880:f800:48:: - - [14/Jan/2026:07:50:19 -0500] "GET /page/3/?e=31470361 HTTP/1.1" 404 1251 "-" "meta-externalagent/1.1 (+https://developers.facebook.com/docs/sharing/webmasters/crawler)"
2a03:2880:f800:1d:: - - [14/Jan/2026:07:50:23 -0500] "GET /page/44/?e=2847283 HTTP/1.1" 404 1251 "-" "meta-externalagent/1.1 (+https://developers.facebook.com/docs/sharing/webmasters/crawler)"
2a03:2880:f800:2a:: - - [14/Jan/2026:07:50:27 -0500] "GET /page/3/?e=18203916 HTTP/1.1" 404 1251 "-" "meta-externalagent/1.1 (+https://developers.facebook.com/docs/sharing/webmasters/crawler)"
2a03:2880:f800:26:: - - [14/Jan/2026:07:50:29 -0500] "GET /page/3/?e=16965449 HTTP/1.1" 404 1251 "-" "meta-externalagent/1.1 (+https://developers.facebook.com/docs/sharing/webmasters/crawler)"
2a03:2880:f800:: - - [14/Jan/2026:07:50:30 -0500] "GET /page/46/?a=60038208613108 HTTP/1.1" 404 1251 "-" "meta-externalagent/1.1 (+https://developers.facebook.com/docs/sharing/webmasters/crawler)"
2a03:2880:f800:39:: - - [14/Jan/2026:07:50:34 -0500] "GET /page/3/?e=23323350 HTTP/1.1" 404 1251 "-" "meta-externalagent/1.1 (+https://developers.facebook.com/docs/sharing/webmasters/crawler)"
2a03:2880:f800:13:: - - [14/Jan/2026:07:50:40 -0500] "GET /page/44/?e=24964250 HTTP/1.1" 404 1251 "-" "meta-externalagent/1.1 (+https://developers.facebook.com/docs/sharing/webmasters/crawler)"
2a03:2880:f800:38:: - - [14/Jan/2026:07:50:43 -0500] "GET /page/44/?e=15790850 HTTP/1.1" 404 1251 "-" "meta-externalagent/1.1 (+https://developers.facebook.com/docs/sharing/webmasters/crawler)"
2a03:2880:f800:b:: - - [14/Jan/2026:07:50:44 -0500] "GET /page/46/?e=27195350 HTTP/1.1" 404 1251 "-" "meta-externalagent/1.1 (+https://developers.facebook.com/docs/sharing/webmasters/crawler)"
2a03:2880:f800:1d:: - - [14/Jan/2026:07:50:48 -0500] "GET /page/44/?e=26011161 HTTP/1.1" 404 1251 "-" "meta-externalagent/1.1 (+https://developers.facebook.com/docs/sharing/webmasters/crawler)"
2a03:2880:f800:33:: - - [14/Jan/2026:07:50:50 -0500] "GET /page/44/?e=6177894 HTTP/1.1" 404 1251 "-" "meta-externalagent/1.1 (+https://developers.facebook.com/docs/sharing/webmasters/crawler)"
114.119.139.247 - - [14/Jan/2026:07:50:54 -0500] "GET /wp-includes/sodium_compat/src/Core32/Curve25519/Fe.php HTTP/1.1" 403 1242 "https://www.sahabatmiliter.com/wp-includes/sodium_compat/src/Core32/Curve25519/?MD" "Mozilla/5.0 (Linux; Android 7.0;) AppleWebKit/537.36 (KHTML, like Gecko) Mobile Safari/537.36 (compatible; PetalBot;+https://webmaster.petalsearch.com/site/petalbot)"
2a03:2880:f800:44:: - - [14/Jan/2026:07:50:55 -0500] "GET /page/3/?e=30731705 HTTP/1.1" 404 1251 "-" "meta-externalagent/1.1 (+https://developers.facebook.com/docs/sharing/webmasters/crawler)"
2a03:2880:f800:2c:: - - [14/Jan/2026:07:50:56 -0500] "GET /page/44/?e=15336738 HTTP/1.1" 404 1251 "-" "meta-externalagent/1.1 (+https://developers.facebook.com/docs/sharing/webmasters/crawler)"
2a03:2880:f800:1b:: - - [14/Jan/2026:07:51:01 -0500] "GET /page/3/?e=15758072 HTTP/1.1" 404 1251 "-" "meta-externalagent/1.1 (+https://developers.facebook.com/docs/sharing/webmasters/crawler)"
2a03:2880:f800:44:: - - [14/Jan/2026:07:51:05 -0500] "GET /page/46/?e=17182394 HTTP/1.1" 404 1251 "-" "meta-externalagent/1.1 (+https://developers.facebook.com/docs/sharing/webmasters/crawler)"
2a03:2880:f800:1:: - - [14/Jan/2026:07:51:11 -0500] "GET /page/46/?e=17034138 HTTP/1.1" 404 1251 "-" "meta-externalagent/1.1 (+https://developers.facebook.com/docs/sharing/webmasters/crawler)"
2a03:2880:f800:3d:: - - [14/Jan/2026:07:51:18 -0500] "GET /page/3/?e=20572316 HTTP/1.1" 404 1251 "-" "meta-externalagent/1.1 (+https://developers.facebook.com/docs/sharing/webmasters/crawler)"
2a03:2880:f800:16:: - - [14/Jan/2026:07:51:20 -0500] "GET /page/4/?e=29950350 HTTP/1.1" 404 1251 "-" "meta-externalagent/1.1 (+https://developers.facebook.com/docs/sharing/webmasters/crawler)"
2a03:2880:f800:35:: - - [14/Jan/2026:07:51:22 -0500] "GET /page/3/?e=6469561 HTTP/1.1" 404 1251 "-" "meta-externalagent/1.1 (+https://developers.facebook.com/docs/sharing/webmasters/crawler)"
2a03:2880:f800:a:: - - [14/Jan/2026:07:51:24 -0500] "GET /page/44/?e=20666672 HTTP/1.1" 404 1251 "-" "meta-externalagent/1.1 (+https://developers.facebook.com/docs/sharing/webmasters/crawler)"
2a03:2880:f800:17:: - - [14/Jan/2026:07:50:12 -0500] "GET /page/44/?e=16872838 HTTP/1.1" 404 1251 "-" "meta-externalagent/1.1 (+https://developers.facebook.com/docs/sharing/webmasters/crawler)"
2a03:2880:f800:5:: - - [14/Jan/2026:07:50:20 -0500] "GET /page/3/?e=6286338 HTTP/1.1" 404 1251 "-" "meta-externalagent/1.1 (+https://developers.facebook.com/docs/sharing/webmasters/crawler)"
2a03:2880:f800:2f:: - - [14/Jan/2026:07:50:25 -0500] "GET /page/44/?e=15283049 HTTP/1.1" 404 1251 "-" "meta-externalagent/1.1 (+https://developers.facebook.com/docs/sharing/webmasters/crawler)"
2a03:2880:f800:33:: - - [14/Jan/2026:07:50:33 -0500] "GET /page/3/?e=1636961 HTTP/1.1" 404 1251 "-" "meta-externalagent/1.1 (+https://developers.facebook.com/docs/sharing/webmasters/crawler)"
2a03:2880:f800:25:: - - [14/Jan/2026:07:50:36 -0500] "GET /page/44/?e=2757816 HTTP/1.1" 404 1251 "-" "meta-externalagent/1.1 (+https://developers.facebook.com/docs/sharing/webmasters/crawler)"
2a03:2880:f800:32:: - - [14/Jan/2026:07:50:38 -0500] "GET /page/3/?e=15466561 HTTP/1.1" 404 1251 "-" "meta-externalagent/1.1 (+https://developers.facebook.com/docs/sharing/webmasters/crawler)"
66.249.66.3 - - [14/Jan/2026:07:50:39 -0500] "GET /?s=online-27276757 HTTP/1.1" 200 1828 "-" "Mozilla/5.0 (Linux; Android 6.0.1; Nexus 5X Build/MMB29P) AppleWebKit/537.36 (KHTML, like Gecko) Chrome/143.0.7499.192 Mobile Safari/537.36 (compatible; Googlebot/2.1; +http://www.google.com/bot.html)"
2a03:2880:f800:4:: - - [14/Jan/2026:07:50:47 -0500] "GET /page/3/?e=29879105 HTTP/1.1" 404 1251 "-" "meta-externalagent/1.1 (+https://developers.facebook.com/docs/sharing/webmasters/crawler)"
2a03:2880:f800:2f:: - - [14/Jan/2026:07:50:52 -0500] "GET /page/3/?e=7976094 HTTP/1.1" 404 1251 "-" "meta-externalagent/1.1 (+https://developers.facebook.com/docs/sharing/webmasters/crawler)"
2a03:2880:f800:c:: - - [14/Jan/2026:07:50:59 -0500] "GET /page/3/?e=18798205 HTTP/1.1" 404 1251 "-" "meta-externalagent/1.1 (+https://developers.facebook.com/docs/sharing/webmasters/crawler)"
2a03:2880:f800:10:: - - [14/Jan/2026:07:51:03 -0500] "GET /page/44/?e=24580983 HTTP/1.1" 404 1251 "-" "meta-externalagent/1.1 (+https://developers.facebook.com/docs/sharing/webmasters/crawler)"
2a03:2880:f800:3:: - - [14/Jan/2026:07:51:07 -0500] "GET /page/46/?e=1979627 HTTP/1.1" 404 1251 "-" "meta-externalagent/1.1 (+https://developers.facebook.com/docs/sharing/webmasters/crawler)"
2a03:2880:f800:28:: - - [14/Jan/2026:07:51:08 -0500] "GET /page/44/?e=10137427 HTTP/1.1" 404 1251 "-" "meta-externalagent/1.1 (+https://developers.facebook.com/docs/sharing/webmasters/crawler)"
2a03:2880:f800:1c:: - - [14/Jan/2026:07:51:13 -0500] "GET /page/46/?e=6524861 HTTP/1.1" 404 1251 "-" "meta-externalagent/1.1 (+https://developers.facebook.com/docs/sharing/webmasters/crawler)"
2a03:2880:f800:28:: - - [14/Jan/2026:07:51:15 -0500] "GET /page/3/?e=28692127 HTTP/1.1" 404 1251 "-" "meta-externalagent/1.1 (+https://developers.facebook.com/docs/sharing/webmasters/crawler)"
2a03:2880:f800:1a:: - - [14/Jan/2026:07:51:16 -0500] "GET /page/3/?e=8051661 HTTP/1.1" 404 1251 "-" "meta-externalagent/1.1 (+https://developers.facebook.com/docs/sharing/webmasters/crawler)"
2a03:2880:f800:4b:: - - [14/Jan/2026:07:51:27 -0500] "GET /page/3/?e=27291594 HTTP/1.1" 404 1251 "-" "meta-externalagent/1.1 (+https://developers.facebook.com/docs/sharing/webmasters/crawler)"
2a03:2880:f800:c:: - - [14/Jan/2026:07:51:31 -0500] "GET /page/46/?e=28817416 HTTP/1.1" 404 1251 "-" "meta-externalagent/1.1 (+https://developers.facebook.com/docs/sharing/webmasters/crawler)"
2a03:2880:f800:34:: - - [14/Jan/2026:07:51:35 -0500] "GET /page/3/?e=26500916 HTTP/1.1" 404 1251 "-" "meta-externalagent/1.1 (+https://developers.facebook.com/docs/sharing/webmasters/crawler)"
2a03:2880:f800:2c:: - - [14/Jan/2026:07:51:39 -0500] "GET /page/3/?e=11189249 HTTP/1.1" 404 1251 "-" "meta-externalagent/1.1 (+https://developers.facebook.com/docs/sharing/webmasters/crawler)"
2a03:2880:f800:45:: - - [14/Jan/2026:07:51:29 -0500] "GET /page/3/?e=23884705 HTTP/1.1" 404 1251 "-" "meta-externalagent/1.1 (+https://developers.facebook.com/docs/sharing/webmasters/crawler)"
2a03:2880:f800:34:: - - [14/Jan/2026:07:51:33 -0500] "GET /page/3/?e=6748761 HTTP/1.1" 404 1251 "-" "meta-externalagent/1.1 (+https://developers.facebook.com/docs/sharing/webmasters/crawler)"
2a03:2880:f800:39:: - - [14/Jan/2026:07:51:37 -0500] "GET /page/3/?e=3936450 HTTP/1.1" 404 1251 "-" "meta-externalagent/1.1 (+https://developers.facebook.com/docs/sharing/webmasters/crawler)"
2a03:2880:f800:14:: - - [14/Jan/2026:07:51:40 -0500] "GET /page/44/?e=18857050 HTTP/1.1" 404 1251 "-" "meta-externalagent/1.1 (+https://developers.facebook.com/docs/sharing/webmasters/crawler)"
2a03:2880:f800:1a:: - - [14/Jan/2026:07:51:43 -0500] "GET /page/3/?e=4316316 HTTP/1.1" 404 1251 "-" "meta-externalagent/1.1 (+https://developers.facebook.com/docs/sharing/webmasters/crawler)"
2a03:2880:f800:1a:: - - [14/Jan/2026:07:51:44 -0500] "GET /page/44/?e=16964816 HTTP/1.1" 404 1251 "-" "meta-externalagent/1.1 (+https://developers.facebook.com/docs/sharing/webmasters/crawler)"
2a03:2880:f800:1a:: - - [14/Jan/2026:07:51:53 -0500] "GET /page/3/?e=5043272 HTTP/1.1" 404 1251 "-" "meta-externalagent/1.1 (+https://developers.facebook.com/docs/sharing/webmasters/crawler)"
2a03:2880:f800:4a:: - - [14/Jan/2026:07:51:59 -0500] "GET /page/3/?e=24794483 HTTP/1.1" 404 1251 "-" "meta-externalagent/1.1 (+https://developers.facebook.com/docs/sharing/webmasters/crawler)"
2a03:2880:f800:15:: - - [14/Jan/2026:07:52:07 -0500] "GET /page/3/?e=25155449 HTTP/1.1" 404 1251 "-" "meta-externalagent/1.1 (+https://developers.facebook.com/docs/sharing/webmasters/crawler)"
2a03:2880:f800:2d:: - - [14/Jan/2026:07:52:11 -0500] "GET /page/3/?e=30843216 HTTP/1.1" 404 1251 "-" "meta-externalagent/1.1 (+https://developers.facebook.com/docs/sharing/webmasters/crawler)"
2a03:2880:f800:f:: - - [14/Jan/2026:07:52:13 -0500] "GET /page/3/?e=29819016 HTTP/1.1" 404 1251 "-" "meta-externalagent/1.1 (+https://developers.facebook.com/docs/sharing/webmasters/crawler)"
66.249.66.168 - - [14/Jan/2026:07:52:14 -0500] "GET /?s=online-16904454 HTTP/1.1" 200 1828 "-" "Mozilla/5.0 (Linux; Android 6.0.1; Nexus 5X Build/MMB29P) AppleWebKit/537.36 (KHTML, like Gecko) Chrome/143.0.7499.192 Mobile Safari/537.36 (compatible; Googlebot/2.1; +http://www.google.com/bot.html)"
2a03:2880:f800:1f:: - - [14/Jan/2026:07:52:15 -0500] "GET /page/3/?e=10667672 HTTP/1.1" 404 1251 "-" "meta-externalagent/1.1 (+https://developers.facebook.com/docs/sharing/webmasters/crawler)"
2a03:2880:f800:10:: - - [14/Jan/2026:07:52:21 -0500] "GET /page/44/?e=7925749 HTTP/1.1" 404 1251 "-" "meta-externalagent/1.1 (+https://developers.facebook.com/docs/sharing/webmasters/crawler)"
2a03:2880:f800:c:: - - [14/Jan/2026:07:52:29 -0500] "GET /page/45/?e=6663272 HTTP/1.1" 404 1251 "-" "meta-externalagent/1.1 (+https://developers.facebook.com/docs/sharing/webmasters/crawler)"
2a03:2880:f800:4a:: - - [14/Jan/2026:07:52:31 -0500] "GET /page/44/?e=22296261 HTTP/1.1" 404 1251 "-" "meta-externalagent/1.1 (+https://developers.facebook.com/docs/sharing/webmasters/crawler)"
2a03:2880:f800:26:: - - [14/Jan/2026:07:52:35 -0500] "GET /page/46/?e=19838150 HTTP/1.1" 404 1251 "-" "meta-externalagent/1.1 (+https://developers.facebook.com/docs/sharing/webmasters/crawler)"
2a03:2880:f800:38:: - - [14/Jan/2026:07:52:38 -0500] "GET /page/46/?e=29142338 HTTP/1.1" 404 1251 "-" "meta-externalagent/1.1 (+https://developers.facebook.com/docs/sharing/webmasters/crawler)"
2a03:2880:f800:16:: - - [14/Jan/2026:07:52:41 -0500] "GET /page/44/?e=20980772 HTTP/1.1" 404 1251 "-" "meta-externalagent/1.1 (+https://developers.facebook.com/docs/sharing/webmasters/crawler)"
2a03:2880:f800:23:: - - [14/Jan/2026:07:52:44 -0500] "GET /page/3/?e=10132150 HTTP/1.1" 404 1251 "-" "meta-externalagent/1.1 (+https://developers.facebook.com/docs/sharing/webmasters/crawler)"
2a03:2880:f800:28:: - - [14/Jan/2026:07:51:46 -0500] "GET /page/44/?e=1073705 HTTP/1.1" 404 1251 "-" "meta-externalagent/1.1 (+https://developers.facebook.com/docs/sharing/webmasters/crawler)"
2a03:2880:f800:2a:: - - [14/Jan/2026:07:51:48 -0500] "GET /page/44/?e=8086916 HTTP/1.1" 404 1251 "-" "meta-externalagent/1.1 (+https://developers.facebook.com/docs/sharing/webmasters/crawler)"
2a03:2880:f800:26:: - - [14/Jan/2026:07:51:50 -0500] "GET /page/3/?e=18616794 HTTP/1.1" 404 1251 "-" "meta-externalagent/1.1 (+https://developers.facebook.com/docs/sharing/webmasters/crawler)"
2a03:2880:f800:18:: - - [14/Jan/2026:07:51:55 -0500] "GET /page/3/?e=25761805 HTTP/1.1" 404 1251 "-" "meta-externalagent/1.1 (+https://developers.facebook.com/docs/sharing/webmasters/crawler)"
2a03:2880:f800:1a:: - - [14/Jan/2026:07:51:57 -0500] "GET /page/46/?e=2763138 HTTP/1.1" 404 1251 "-" "meta-externalagent/1.1 (+https://developers.facebook.com/docs/sharing/webmasters/crawler)"
2a03:2880:f800:1:: - - [14/Jan/2026:07:52:01 -0500] "GET /page/44/?e=8239916 HTTP/1.1" 404 1251 "-" "meta-externalagent/1.1 (+https://developers.facebook.com/docs/sharing/webmasters/crawler)"
2a03:2880:f800:32:: - - [14/Jan/2026:07:52:03 -0500] "GET /page/3/?e=24280850 HTTP/1.1" 404 1251 "-" "meta-externalagent/1.1 (+https://developers.facebook.com/docs/sharing/webmasters/crawler)"
2a03:2880:f800:37:: - - [14/Jan/2026:07:52:05 -0500] "GET /page/44/?e=20515672 HTTP/1.1" 404 1251 "-" "meta-externalagent/1.1 (+https://developers.facebook.com/docs/sharing/webmasters/crawler)"
2a03:2880:f800:31:: - - [14/Jan/2026:07:52:09 -0500] "GET /page/3/?e=31382972 HTTP/1.1" 404 1251 "-" "meta-externalagent/1.1 (+https://developers.facebook.com/docs/sharing/webmasters/crawler)"
2a03:2880:f800:2e:: - - [14/Jan/2026:07:52:16 -0500] "GET /page/3/?e=31153849 HTTP/1.1" 404 1251 "-" "meta-externalagent/1.1 (+https://developers.facebook.com/docs/sharing/webmasters/crawler)"
2a03:2880:f800:24:: - - [14/Jan/2026:07:52:19 -0500] "GET /page/3/?e=2676527 HTTP/1.1" 404 1251 "-" "meta-externalagent/1.1 (+https://developers.facebook.com/docs/sharing/webmasters/crawler)"
2a03:2880:f800:3b:: - - [14/Jan/2026:07:52:22 -0500] "GET /page/3/?e=17936016 HTTP/1.1" 404 1251 "-" "meta-externalagent/1.1 (+https://developers.facebook.com/docs/sharing/webmasters/crawler)"
2a03:2880:f800:2a:: - - [14/Jan/2026:07:52:25 -0500] "GET /page/3/?e=9121749 HTTP/1.1" 404 1251 "-" "meta-externalagent/1.1 (+https://developers.facebook.com/docs/sharing/webmasters/crawler)"
2a03:2880:f800:1d:: - - [14/Jan/2026:07:52:26 -0500] "GET /page/44/?e=10552949 HTTP/1.1" 404 1251 "-" "meta-externalagent/1.1 (+https://developers.facebook.com/docs/sharing/webmasters/crawler)"
2a03:2880:f800:22:: - - [14/Jan/2026:07:52:32 -0500] "GET /page/3/?e=19749216 HTTP/1.1" 404 1251 "-" "meta-externalagent/1.1 (+https://developers.facebook.com/docs/sharing/webmasters/crawler)"
2a03:2880:f800:13:: - - [14/Jan/2026:07:52:37 -0500] "GET /page/3/?e=19813594 HTTP/1.1" 404 1251 "-" "meta-externalagent/1.1 (+https://developers.facebook.com/docs/sharing/webmasters/crawler)"
2a03:2880:f800:21:: - - [14/Jan/2026:07:52:43 -0500] "GET /page/46/?e=12366950 HTTP/1.1" 404 1251 "-" "meta-externalagent/1.1 (+https://developers.facebook.com/docs/sharing/webmasters/crawler)"
2a03:2880:f800:1c:: - - [14/Jan/2026:07:52:49 -0500] "GET /page/44/?e=11842550 HTTP/1.1" 404 1251 "-" "meta-externalagent/1.1 (+https://developers.facebook.com/docs/sharing/webmasters/crawler)"
2a03:2880:f800:1f:: - - [14/Jan/2026:07:52:55 -0500] "GET /page/3/?e=4894216 HTTP/1.1" 404 1251 "-" "meta-externalagent/1.1 (+https://developers.facebook.com/docs/sharing/webmasters/crawler)"
2a03:2880:f800:29:: - - [14/Jan/2026:07:52:59 -0500] "GET /page/3/?e=15894427 HTTP/1.1" 404 1251 "-" "meta-externalagent/1.1 (+https://developers.facebook.com/docs/sharing/webmasters/crawler)"
2a03:2880:f800:11:: - - [14/Jan/2026:07:53:03 -0500] "GET /page/44/?e=18454772 HTTP/1.1" 404 1251 "-" "meta-externalagent/1.1 (+https://developers.facebook.com/docs/sharing/webmasters/crawler)"
2a03:2880:f800:3d:: - - [14/Jan/2026:07:52:47 -0500] "GET /page/46/?e=10733972 HTTP/1.1" 404 1251 "-" "meta-externalagent/1.1 (+https://developers.facebook.com/docs/sharing/webmasters/crawler)"
2a03:2880:f800:2f:: - - [14/Jan/2026:07:52:50 -0500] "GET /page/4/?e=26988572 HTTP/1.1" 404 1251 "-" "meta-externalagent/1.1 (+https://developers.facebook.com/docs/sharing/webmasters/crawler)"
2a03:2880:f800:9:: - - [14/Jan/2026:07:52:53 -0500] "GET /page/3/?e=5053583 HTTP/1.1" 404 1251 "-" "meta-externalagent/1.1 (+https://developers.facebook.com/docs/sharing/webmasters/crawler)"
2a03:2880:f800:34:: - - [14/Jan/2026:07:52:56 -0500] "GET /page/44/?e=26418650 HTTP/1.1" 404 1251 "-" "meta-externalagent/1.1 (+https://developers.facebook.com/docs/sharing/webmasters/crawler)"
2a03:2880:f800:45:: - - [14/Jan/2026:07:53:01 -0500] "GET /page/3/?e=1888961 HTTP/1.1" 404 1251 "-" "meta-externalagent/1.1 (+https://developers.facebook.com/docs/sharing/webmasters/crawler)"
2a03:2880:f800:2d:: - - [14/Jan/2026:07:53:04 -0500] "GET /page/3/?e=14351605 HTTP/1.1" 404 1251 "-" "meta-externalagent/1.1 (+https://developers.facebook.com/docs/sharing/webmasters/crawler)"
2a03:2880:f800:32:: - - [14/Jan/2026:07:53:10 -0500] "GET /page/3/?e=21272672 HTTP/1.1" 404 1251 "-" "meta-externalagent/1.1 (+https://developers.facebook.com/docs/sharing/webmasters/crawler)"
2a03:2880:f800:20:: - - [14/Jan/2026:07:53:13 -0500] "GET /page/3/?e=31423238 HTTP/1.1" 404 1251 "-" "meta-externalagent/1.1 (+https://developers.facebook.com/docs/sharing/webmasters/crawler)"
2a03:2880:f800:18:: - - [14/Jan/2026:07:53:17 -0500] "GET /page/3/?e=18751438 HTTP/1.1" 404 1251 "-" "meta-externalagent/1.1 (+https://developers.facebook.com/docs/sharing/webmasters/crawler)"
2a03:2880:f800:36:: - - [14/Jan/2026:07:53:24 -0500] "GET /page/44/?e=17780205 HTTP/1.1" 404 1251 "-" "meta-externalagent/1.1 (+https://developers.facebook.com/docs/sharing/webmasters/crawler)"
2a03:2880:f800:1e:: - - [14/Jan/2026:07:53:27 -0500] "GET /page/44/?e=11825549 HTTP/1.1" 404 1251 "-" "meta-externalagent/1.1 (+https://developers.facebook.com/docs/sharing/webmasters/crawler)"
2a03:2880:f800:48:: - - [14/Jan/2026:07:53:29 -0500] "GET /page/3/?e=17987916 HTTP/1.1" 404 1251 "-" "meta-externalagent/1.1 (+https://developers.facebook.com/docs/sharing/webmasters/crawler)"
2a03:2880:f800:4:: - - [14/Jan/2026:07:53:37 -0500] "GET /page/43/?e=28124827 HTTP/1.1" 404 1251 "-" "meta-externalagent/1.1 (+https://developers.facebook.com/docs/sharing/webmasters/crawler)"
2a03:2880:f800:27:: - - [14/Jan/2026:07:53:39 -0500] "GET /page/46/?e=12108183 HTTP/1.1" 404 1251 "-" "meta-externalagent/1.1 (+https://developers.facebook.com/docs/sharing/webmasters/crawler)"
2a03:2880:f800:14:: - - [14/Jan/2026:07:53:41 -0500] "GET /page/44/?e=20189050 HTTP/1.1" 404 1251 "-" "meta-externalagent/1.1 (+https://developers.facebook.com/docs/sharing/webmasters/crawler)"
2a03:2880:f800:24:: - - [14/Jan/2026:07:53:46 -0500] "GET /page/3/?e=13243172 HTTP/1.1" 404 1251 "-" "meta-externalagent/1.1 (+https://developers.facebook.com/docs/sharing/webmasters/crawler)"
2a03:2880:f800:13:: - - [14/Jan/2026:07:53:48 -0500] "GET /page/44/?e=3561694 HTTP/1.1" 404 1251 "-" "meta-externalagent/1.1 (+https://developers.facebook.com/docs/sharing/webmasters/crawler)"
66.249.66.3 - - [14/Jan/2026:07:53:50 -0500] "GET /?s=online-28584857 HTTP/1.1" 200 1850 "-" "Mozilla/5.0 (Linux; Android 6.0.1; Nexus 5X Build/MMB29P) AppleWebKit/537.36 (KHTML, like Gecko) Chrome/143.0.7499.192 Mobile Safari/537.36 (compatible; Googlebot/2.1; +http://www.google.com/bot.html)"
2a03:2880:f800:2f:: - - [14/Jan/2026:07:53:53 -0500] "GET /page/44/?e=4461116 HTTP/1.1" 404 1251 "-" "meta-externalagent/1.1 (+https://developers.facebook.com/docs/sharing/webmasters/crawler)"
2a03:2880:f800:3e:: - - [14/Jan/2026:07:53:57 -0500] "GET /page/46/?e=13374716 HTTP/1.1" 404 1251 "-" "meta-externalagent/1.1 (+https://developers.facebook.com/docs/sharing/webmasters/crawler)"
2a03:2880:f800:22:: - - [14/Jan/2026:07:53:06 -0500] "GET /page/43/?e=20269238 HTTP/1.1" 404 1251 "-" "meta-externalagent/1.1 (+https://developers.facebook.com/docs/sharing/webmasters/crawler)"
2a03:2880:f800:10:: - - [14/Jan/2026:07:53:08 -0500] "GET /page/3/?e=22205638 HTTP/1.1" 404 1251 "-" "meta-externalagent/1.1 (+https://developers.facebook.com/docs/sharing/webmasters/crawler)"
2a03:2880:f800:4b:: - - [14/Jan/2026:07:53:15 -0500] "GET /jadwal-dan-lokasi-samsat-keliling-polres-pangandaran-informasi-terbaru-untuk-anda/ HTTP/1.1" 404 1251 "-" "meta-externalagent/1.1 (+https://developers.facebook.com/docs/sharing/webmasters/crawler)"
2a03:2880:f800:1b:: - - [14/Jan/2026:07:53:18 -0500] "GET /page/46/?e=7443583 HTTP/1.1" 404 1251 "-" "meta-externalagent/1.1 (+https://developers.facebook.com/docs/sharing/webmasters/crawler)"
