216.73.216.30 - - [14/Jan/2026:14:15:23 -0500] "GET /26a9f0/?fileloc=%2F%2Fproc%2Fschedstat&path=%2F%2Fproc HTTP/1.1" 200 2458 "-" "Mozilla/5.0 AppleWebKit/537.36 (KHTML, like Gecko; compatible; ClaudeBot/1.0; [email protected])"
216.73.216.30 - - [14/Jan/2026:14:15:23 -0500] "GET /26a9f0/?fileloc=%2F%2Fproc%2Fdma&path=%2F%2Fproc HTTP/1.1" 200 2454 "-" "Mozilla/5.0 AppleWebKit/537.36 (KHTML, like Gecko; compatible; ClaudeBot/1.0; [email protected])"
216.73.216.30 - - [14/Jan/2026:14:15:23 -0500] "GET /26a9f0/?fileloc=%2F%2Fproc%2Fkeys&path=%2F%2Fproc HTTP/1.1" 200 2455 "-" "Mozilla/5.0 AppleWebKit/537.36 (KHTML, like Gecko; compatible; ClaudeBot/1.0; [email protected])"
216.73.216.30 - - [14/Jan/2026:14:15:24 -0500] "GET /26a9f0/?fileloc=%2F%2Fproc%2Ffilesystems&path=%2F%2Fproc HTTP/1.1" 200 2634 "-" "Mozilla/5.0 AppleWebKit/537.36 (KHTML, like Gecko; compatible; ClaudeBot/1.0; [email protected])"
216.73.216.30 - - [14/Jan/2026:14:15:39 -0500] "GET /26a9f0/?fileloc=%2F%2Fproc%2Fbuddyinfo&path=%2F%2Fproc HTTP/1.1" 200 2461 "-" "Mozilla/5.0 AppleWebKit/537.36 (KHTML, like Gecko; compatible; ClaudeBot/1.0; [email protected])"
216.73.216.30 - - [14/Jan/2026:14:15:39 -0500] "GET /26a9f0/?fileloc=%2F%2Fproc%2Fiomem&path=%2F%2Fproc HTTP/1.1" 200 2456 "-" "Mozilla/5.0 AppleWebKit/537.36 (KHTML, like Gecko; compatible; ClaudeBot/1.0; [email protected])"
85.208.96.201 - - [14/Jan/2026:14:15:39 -0500] "GET /mengenal-pesawat-a-10-warthog-thunderbolt-ii-si-hiu-terbang/ HTTP/1.1" 404 1251 "-" "Mozilla/5.0 (compatible; SemrushBot/7~bl; +http://www.semrush.com/bot.html)"
66.249.66.37 - - [14/Jan/2026:14:16:05 -0500] "GET /?s=online-441683328 HTTP/1.1" 200 1854 "-" "Mozilla/5.0 (Linux; Android 6.0.1; Nexus 5X Build/MMB29P) AppleWebKit/537.36 (KHTML, like Gecko) Chrome/143.0.7499.192 Mobile Safari/537.36 (compatible; Googlebot/2.1; +http://www.google.com/bot.html)"
216.73.216.30 - - [14/Jan/2026:14:16:35 -0500] "GET /26a9f0/?fileloc=%2F%2Fproc%2Fkpageflags&path=%2F%2Fproc HTTP/1.1" 200 2462 "-" "Mozilla/5.0 AppleWebKit/537.36 (KHTML, like Gecko; compatible; ClaudeBot/1.0; [email protected])"
216.73.216.30 - - [14/Jan/2026:14:16:37 -0500] "GET /26a9f0/?fileloc=%2F%2Fproc%2Fdevices&path=%2F%2Fproc HTTP/1.1" 200 2455 "-" "Mozilla/5.0 AppleWebKit/537.36 (KHTML, like Gecko; compatible; ClaudeBot/1.0; [email protected])"
54.156.248.117 - - [14/Jan/2026:14:15:02 -0500] "GET /tag/jadwal-dan-lokasi-samsat-keliling-polres-jepara/ HTTP/1.1" 404 1251 "-" "Mozilla/5.0 AppleWebKit/537.36 (KHTML, like Gecko; compatible; Amazonbot/0.1; +https://developer.amazon.com/support/amazonbot) Chrome/119.0.6045.214 Safari/537.36"
216.73.216.30 - - [14/Jan/2026:14:15:17 -0500] "GET /26a9f0/?fileloc=%2F%2Fproc%2Fexecdomains&path=%2F%2Fproc HTTP/1.1" 200 2461 "-" "Mozilla/5.0 AppleWebKit/537.36 (KHTML, like Gecko; compatible; ClaudeBot/1.0; [email protected])"
216.73.216.30 - - [14/Jan/2026:14:15:24 -0500] "GET /26a9f0/?fileloc=%2F%2Fproc%2Fswaps&path=%2F%2Fproc HTTP/1.1" 200 2456 "-" "Mozilla/5.0 AppleWebKit/537.36 (KHTML, like Gecko; compatible; ClaudeBot/1.0; [email protected])"
216.73.216.30 - - [14/Jan/2026:14:15:39 -0500] "GET /26a9f0/?fileloc=%2F%2Fproc%2Fpartitions&path=%2F%2Fproc HTTP/1.1" 200 2457 "-" "Mozilla/5.0 AppleWebKit/537.36 (KHTML, like Gecko; compatible; ClaudeBot/1.0; [email protected])"
216.73.216.30 - - [14/Jan/2026:14:15:39 -0500] "GET /26a9f0/?fileloc=%2F%2Fproc%2Fkpagecount&path=%2F%2Fproc HTTP/1.1" 200 2459 "-" "Mozilla/5.0 AppleWebKit/537.36 (KHTML, like Gecko; compatible; ClaudeBot/1.0; [email protected])"
216.73.216.30 - - [14/Jan/2026:14:15:39 -0500] "GET /26a9f0/?fileloc=%2F%2Fproc%2Fmeminfo&path=%2F%2Fproc HTTP/1.1" 200 3021 "-" "Mozilla/5.0 AppleWebKit/537.36 (KHTML, like Gecko; compatible; ClaudeBot/1.0; [email protected])"
85.208.96.198 - - [14/Jan/2026:14:15:39 -0500] "GET /robots.txt HTTP/1.1" 304 0 "-" "Mozilla/5.0 (compatible; SemrushBot/7~bl; +http://www.semrush.com/bot.html)"
66.249.66.38 - - [14/Jan/2026:14:15:50 -0500] "GET /?s=online-199208328 HTTP/1.1" 200 1854 "-" "Mozilla/5.0 (Linux; Android 6.0.1; Nexus 5X Build/MMB29P) AppleWebKit/537.36 (KHTML, like Gecko) Chrome/143.0.7499.192 Mobile Safari/537.36 (compatible; Googlebot/2.1; +http://www.google.com/bot.html)"
216.73.216.30 - - [14/Jan/2026:14:16:35 -0500] "GET /26a9f0/?fileloc=%2F%2Fproc%2Fzoneinfo&path=%2F%2Fproc HTTP/1.1" 200 2460 "-" "Mozilla/5.0 AppleWebKit/537.36 (KHTML, like Gecko; compatible; ClaudeBot/1.0; [email protected])"
216.73.216.30 - - [14/Jan/2026:14:16:36 -0500] "GET /26a9f0/?fileloc=%2F%2Fproc%2Fsoftirqs&path=%2F%2Fproc HTTP/1.1" 200 2458 "-" "Mozilla/5.0 AppleWebKit/537.36 (KHTML, like Gecko; compatible; ClaudeBot/1.0; [email protected])"
216.73.216.30 - - [14/Jan/2026:14:16:36 -0500] "GET /26a9f0/?fileloc=%2F%2Fproc%2Floadavg&path=%2F%2Fproc HTTP/1.1" 200 2486 "-" "Mozilla/5.0 AppleWebKit/537.36 (KHTML, like Gecko; compatible; ClaudeBot/1.0; [email protected])"
66.249.66.165 - - [14/Jan/2026:14:17:06 -0500] "GET /?s=online-180797728 HTTP/1.1" 200 1854 "-" "Mozilla/5.0 (Linux; Android 6.0.1; Nexus 5X Build/MMB29P) AppleWebKit/537.36 (KHTML, like Gecko) Chrome/143.0.7499.192 Mobile Safari/537.36 (compatible; Googlebot/2.1; +http://www.google.com/bot.html)"
216.73.216.30 - - [14/Jan/2026:14:17:12 -0500] "GET /26a9f0/?fileloc=%2F%2Fproc%2Fconsoles&path=%2F%2Fproc HTTP/1.1" 200 2456 "-" "Mozilla/5.0 AppleWebKit/537.36 (KHTML, like Gecko; compatible; ClaudeBot/1.0; [email protected])"
66.249.66.78 - - [14/Jan/2026:14:17:14 -0500] "GET /?s=online-1920853 HTTP/1.1" 200 1854 "-" "Mozilla/5.0 (Linux; Android 6.0.1; Nexus 5X Build/MMB29P) AppleWebKit/537.36 (KHTML, like Gecko) Chrome/143.0.7499.192 Mobile Safari/537.36 (compatible; Googlebot/2.1; +http://www.google.com/bot.html)"
66.249.66.1 - - [14/Jan/2026:14:17:27 -0500] "GET /?s=online-34073058 HTTP/1.1" 200 1854 "-" "Mozilla/5.0 (Linux; Android 6.0.1; Nexus 5X Build/MMB29P) AppleWebKit/537.36 (KHTML, like Gecko) Chrome/143.0.7499.192 Mobile Safari/537.36 (compatible; Googlebot/2.1; +http://www.google.com/bot.html)"
66.249.66.78 - - [14/Jan/2026:14:17:32 -0500] "GET /?s=online-120002054 HTTP/1.1" 200 1854 "-" "Mozilla/5.0 (Linux; Android 6.0.1; Nexus 5X Build/MMB29P) AppleWebKit/537.36 (KHTML, like Gecko) Chrome/143.0.7499.192 Mobile Safari/537.36 (compatible; Googlebot/2.1; +http://www.google.com/bot.html)"
216.73.216.30 - - [14/Jan/2026:14:17:10 -0500] "GET /26a9f0/?fileloc=%2F%2Fproc%2Fkallsyms&path=%2F%2Fproc HTTP/1.1" 200 2457 "-" "Mozilla/5.0 AppleWebKit/537.36 (KHTML, like Gecko; compatible; ClaudeBot/1.0; [email protected])"
216.73.216.30 - - [14/Jan/2026:14:17:11 -0500] "GET /26a9f0/?fileloc=%2F%2Fproc%2Fslabinfo&path=%2F%2Fproc HTTP/1.1" 200 2458 "-" "Mozilla/5.0 AppleWebKit/537.36 (KHTML, like Gecko; compatible; ClaudeBot/1.0; [email protected])"
216.73.216.30 - - [14/Jan/2026:14:17:11 -0500] "GET /26a9f0/?fileloc=%2F%2Fproc%2Fkpagecgroup&path=%2F%2Fproc HTTP/1.1" 200 2414 "-" "Mozilla/5.0 AppleWebKit/537.36 (KHTML, like Gecko; compatible; ClaudeBot/1.0; [email protected])"
216.73.216.30 - - [14/Jan/2026:14:17:12 -0500] "GET /26a9f0/?fileloc=%2F%2Fproc%2Fmtrr&path=%2F%2Fproc HTTP/1.1" 200 2456 "-" "Mozilla/5.0 AppleWebKit/537.36 (KHTML, like Gecko; compatible; ClaudeBot/1.0; [email protected])"
216.73.216.30 - - [14/Jan/2026:14:17:36 -0500] "GET /26a9f0/?path=%2Fhome%2Fsahadove%2Flscache%2Fb HTTP/1.1" 200 2972 "-" "Mozilla/5.0 AppleWebKit/537.36 (KHTML, like Gecko; compatible; ClaudeBot/1.0; [email protected])"
66.249.66.164 - - [14/Jan/2026:14:17:36 -0500] "GET /?s=online-361854628 HTTP/1.1" 200 1854 "-" "Mozilla/5.0 (Linux; Android 6.0.1; Nexus 5X Build/MMB29P) AppleWebKit/537.36 (KHTML, like Gecko) Chrome/143.0.7499.192 Mobile Safari/537.36 (compatible; Googlebot/2.1; +http://www.google.com/bot.html)"
216.73.216.30 - - [14/Jan/2026:14:17:37 -0500] "GET /26a9f0/?path=%2Fhome%2Fsahadove%2F.cagefs%2Ftmp HTTP/1.1" 200 3264 "-" "Mozilla/5.0 AppleWebKit/537.36 (KHTML, like Gecko; compatible; ClaudeBot/1.0; [email protected])"
216.73.216.30 - - [14/Jan/2026:14:17:38 -0500] "GET /26a9f0/?fileloc=%2F%2Fproc%2Fioports&path=%2F%2Fproc HTTP/1.1" 200 2457 "-" "Mozilla/5.0 AppleWebKit/537.36 (KHTML, like Gecko; compatible; ClaudeBot/1.0; [email protected])"
66.249.66.78 - - [14/Jan/2026:14:17:39 -0500] "GET /?s=online-59133959 HTTP/1.1" 200 1854 "-" "Mozilla/5.0 (Linux; Android 6.0.1; Nexus 5X Build/MMB29P) AppleWebKit/537.36 (KHTML, like Gecko) Chrome/143.0.7499.192 Mobile Safari/537.36 (compatible; Googlebot/2.1; +http://www.google.com/bot.html)"
216.73.216.30 - - [14/Jan/2026:14:17:42 -0500] "GET /26a9f0/?path=%2Fhome%2Fsahadove%2Flscache%2F2 HTTP/1.1" 200 2972 "-" "Mozilla/5.0 AppleWebKit/537.36 (KHTML, like Gecko; compatible; ClaudeBot/1.0; [email protected])"
66.249.66.36 - - [14/Jan/2026:14:17:48 -0500] "GET /?s=online-417093328 HTTP/1.1" 200 1854 "-" "Mozilla/5.0 (Linux; Android 6.0.1; Nexus 5X Build/MMB29P) AppleWebKit/537.36 (KHTML, like Gecko) Chrome/143.0.7499.192 Mobile Safari/537.36 (compatible; Googlebot/2.1; +http://www.google.com/bot.html)"
2a03:2880:f800:2e:: - - [14/Jan/2026:14:18:03 -0500] "GET /page/44/?e=23629305 HTTP/1.1" 404 1251 "-" "meta-externalagent/1.1 (+https://developers.facebook.com/docs/sharing/webmasters/crawler)"
216.73.216.30 - - [14/Jan/2026:14:18:58 -0500] "GET /26a9f0/?fileloc=%2Fhome%2Fsahadove%2Flscache%2F.cm.log&path=%2Fhome%2Fsahadove%2Flscache HTTP/1.1" 200 2545 "-" "Mozilla/5.0 AppleWebKit/537.36 (KHTML, like Gecko; compatible; ClaudeBot/1.0; [email protected])"
216.73.216.30 - - [14/Jan/2026:14:18:58 -0500] "GET /26a9f0/?path=%2Fhome%2Fsahadove%2Fpublic_ftp%2Fincoming HTTP/1.1" 200 2547 "-" "Mozilla/5.0 AppleWebKit/537.36 (KHTML, like Gecko; compatible; ClaudeBot/1.0; [email protected])"
216.73.216.30 - - [14/Jan/2026:14:18:59 -0500] "GET /26a9f0/?path=%2Fhome%2Fsahadove%2Flscache%2Fpriv HTTP/1.1" 200 2547 "-" "Mozilla/5.0 AppleWebKit/537.36 (KHTML, like Gecko; compatible; ClaudeBot/1.0; [email protected])"
216.73.216.30 - - [14/Jan/2026:14:18:59 -0500] "GET /26a9f0/?path=%2Fhome%2Fsahadove%2Flscache%2F1 HTTP/1.1" 200 2972 "-" "Mozilla/5.0 AppleWebKit/537.36 (KHTML, like Gecko; compatible; ClaudeBot/1.0; [email protected])"
66.249.66.164 - - [14/Jan/2026:14:17:33 -0500] "GET /?s=online-122800328 HTTP/1.1" 200 1854 "-" "Mozilla/5.0 (Linux; Android 6.0.1; Nexus 5X Build/MMB29P) AppleWebKit/537.36 (KHTML, like Gecko) Chrome/143.0.7499.192 Mobile Safari/537.36 (compatible; Googlebot/2.1; +http://www.google.com/bot.html)"
216.73.216.30 - - [14/Jan/2026:14:17:36 -0500] "GET /26a9f0/?fileloc=%2F%2Fproc%2Fpagetypeinfo&path=%2F%2Fproc HTTP/1.1" 200 2462 "-" "Mozilla/5.0 AppleWebKit/537.36 (KHTML, like Gecko; compatible; ClaudeBot/1.0; [email protected])"
216.73.216.30 - - [14/Jan/2026:14:17:37 -0500] "GET /26a9f0/?fileloc=%2F%2Fproc%2Fuptime&path=%2F%2Fproc HTTP/1.1" 200 2483 "-" "Mozilla/5.0 AppleWebKit/537.36 (KHTML, like Gecko; compatible; ClaudeBot/1.0; [email protected])"
66.249.66.164 - - [14/Jan/2026:14:17:41 -0500] "GET /?s=online-6920653 HTTP/1.1" 200 1854 "-" "Mozilla/5.0 (Linux; Android 6.0.1; Nexus 5X Build/MMB29P) AppleWebKit/537.36 (KHTML, like Gecko) Chrome/143.0.7499.192 Mobile Safari/537.36 (compatible; Googlebot/2.1; +http://www.google.com/bot.html)"
216.73.216.30 - - [14/Jan/2026:14:17:42 -0500] "GET /26a9f0/?path=%2Fhome%2Fsahadove%2F.cagefs%2Fopt HTTP/1.1" 200 2780 "-" "Mozilla/5.0 AppleWebKit/537.36 (KHTML, like Gecko; compatible; ClaudeBot/1.0; [email protected])"
216.73.216.30 - - [14/Jan/2026:14:17:43 -0500] "GET /26a9f0/?path=%2Fhome%2Fsahadove%2Flscache%2Ff HTTP/1.1" 200 2966 "-" "Mozilla/5.0 AppleWebKit/537.36 (KHTML, like Gecko; compatible; ClaudeBot/1.0; [email protected])"
216.73.216.30 - - [14/Jan/2026:14:17:43 -0500] "GET /26a9f0/?path=%2Fhome%2Fsahadove%2Flscache%2Fd HTTP/1.1" 200 2985 "-" "Mozilla/5.0 AppleWebKit/537.36 (KHTML, like Gecko; compatible; ClaudeBot/1.0; [email protected])"
216.73.216.30 - - [14/Jan/2026:14:17:44 -0500] "GET /26a9f0/?path=%2Fhome%2Fsahadove%2Flscache%2Fa HTTP/1.1" 200 2971 "-" "Mozilla/5.0 AppleWebKit/537.36 (KHTML, like Gecko; compatible; ClaudeBot/1.0; [email protected])"
2a03:2880:f800:23:: - - [14/Jan/2026:14:17:46 -0500] "GET /page/43/?e=3537038 HTTP/1.1" 404 1251 "-" "meta-externalagent/1.1 (+https://developers.facebook.com/docs/sharing/webmasters/crawler)"
66.249.66.78 - - [14/Jan/2026:14:18:03 -0500] "GET /?s=online-145562428 HTTP/1.1" 200 1854 "-" "Mozilla/5.0 (Linux; Android 6.0.1; Nexus 5X Build/MMB29P) AppleWebKit/537.36 (KHTML, like Gecko) Chrome/143.0.7499.192 Mobile Safari/537.36 (compatible; Googlebot/2.1; +http://www.google.com/bot.html)"
66.249.66.15 - - [14/Jan/2026:14:18:18 -0500] "GET /?s=online-25206028 HTTP/1.1" 200 1854 "-" "Mozilla/5.0 (Linux; Android 6.0.1; Nexus 5X Build/MMB29P) AppleWebKit/537.36 (KHTML, like Gecko) Chrome/143.0.7499.192 Mobile Safari/537.36 (compatible; Googlebot/2.1; +http://www.google.com/bot.html)"
66.249.66.36 - - [14/Jan/2026:14:18:58 -0500] "GET /?s=online-359340228 HTTP/1.1" 200 1854 "-" "Mozilla/5.0 (Linux; Android 6.0.1; Nexus 5X Build/MMB29P) AppleWebKit/537.36 (KHTML, like Gecko) Chrome/143.0.7499.192 Mobile Safari/537.36 (compatible; Googlebot/2.1; +http://www.google.com/bot.html)"
216.73.216.30 - - [14/Jan/2026:14:19:07 -0500] "GET /26a9f0/?path=%2Fhome%2Fsahadove%2Flscache%2F9 HTTP/1.1" 200 2971 "-" "Mozilla/5.0 AppleWebKit/537.36 (KHTML, like Gecko; compatible; ClaudeBot/1.0; [email protected])"
216.73.216.30 - - [14/Jan/2026:14:19:07 -0500] "GET /26a9f0/?path=%2Fhome%2Fsahadove%2Flscache%2F8 HTTP/1.1" 200 2968 "-" "Mozilla/5.0 AppleWebKit/537.36 (KHTML, like Gecko; compatible; ClaudeBot/1.0; [email protected])"
216.73.216.30 - - [14/Jan/2026:14:19:08 -0500] "GET /26a9f0/?path=%2Fhome%2Fsahadove%2Flscache%2Fe HTTP/1.1" 200 2967 "-" "Mozilla/5.0 AppleWebKit/537.36 (KHTML, like Gecko; compatible; ClaudeBot/1.0; [email protected])"
216.73.216.30 - - [14/Jan/2026:14:19:00 -0500] "GET /26a9f0/?path=%2Fhome%2Fsahadove%2F.cagefs%2Fvar HTTP/1.1" 200 2963 "-" "Mozilla/5.0 AppleWebKit/537.36 (KHTML, like Gecko; compatible; ClaudeBot/1.0; [email protected])"
216.73.216.30 - - [14/Jan/2026:14:19:07 -0500] "GET /26a9f0/?path=%2Fhome%2Fsahadove%2Flscache%2F6 HTTP/1.1" 200 2971 "-" "Mozilla/5.0 AppleWebKit/537.36 (KHTML, like Gecko; compatible; ClaudeBot/1.0; [email protected])"
216.73.216.30 - - [14/Jan/2026:14:19:07 -0500] "GET /26a9f0/?path=%2Fhome%2Fsahadove%2Flscache%2F5 HTTP/1.1" 200 2966 "-" "Mozilla/5.0 AppleWebKit/537.36 (KHTML, like Gecko; compatible; ClaudeBot/1.0; [email protected])"
66.249.66.164 - - [14/Jan/2026:14:19:13 -0500] "GET /?s=online-241758 HTTP/1.1" 200 1854 "-" "Mozilla/5.0 (Linux; Android 6.0.1; Nexus 5X Build/MMB29P) AppleWebKit/537.36 (KHTML, like Gecko) Chrome/143.0.7499.192 Mobile Safari/537.36 (compatible; Googlebot/2.1; +http://www.google.com/bot.html)"
199.188.200.34 - - [14/Jan/2026:14:19:22 -0500] "POST /wp-cron.php?doing_wp_cron=1768418361.9916219711303710937500 HTTP/1.1" 403 1242 "-" "WordPress/6.9; https://www.sahabatmiliter.com"
209.145.52.241 - - [14/Jan/2026:14:19:21 -0500] "GET /wp-login.php HTTP/1.1" 200 1796 "-" "Mozilla/4.0 (compatible; MSIE 7.0; Windows NT 6.3; ARM; Trident/7.0; Touch; .NET4.0E; .NET4.0C; Tablet PC 2.0)"
216.73.216.30 - - [14/Jan/2026:14:19:42 -0500] "GET /26a9f0/?path=%2Fhome%2Fsahadove%2Flscache%2F3 HTTP/1.1" 200 2967 "-" "Mozilla/5.0 AppleWebKit/537.36 (KHTML, like Gecko; compatible; ClaudeBot/1.0; [email protected])"
216.73.216.30 - - [14/Jan/2026:14:19:42 -0500] "GET /26a9f0/?path=%2Fhome%2Fsahadove%2Flscache%2Fc HTTP/1.1" 200 2932 "-" "Mozilla/5.0 AppleWebKit/537.36 (KHTML, like Gecko; compatible; ClaudeBot/1.0; [email protected])"
66.249.66.78 - - [14/Jan/2026:14:19:53 -0500] "GET /?s=online-267359128 HTTP/1.1" 200 1854 "-" "Mozilla/5.0 (Linux; Android 6.0.1; Nexus 5X Build/MMB29P) AppleWebKit/537.36 (KHTML, like Gecko) Chrome/143.0.7499.192 Mobile Safari/537.36 (compatible; Googlebot/2.1; +http://www.google.com/bot.html)"
216.73.216.30 - - [14/Jan/2026:14:20:22 -0500] "GET /26a9f0/?path=%2Fhome%2Fsahadove%2Fwww%2Fwp-admin HTTP/1.1" 200 6201 "-" "Mozilla/5.0 AppleWebKit/537.36 (KHTML, like Gecko; compatible; ClaudeBot/1.0; [email protected])"
66.249.66.1 - - [14/Jan/2026:14:20:23 -0500] "GET /?s=online-169356028 HTTP/1.1" 200 1854 "-" "Mozilla/5.0 (Linux; Android 6.0.1; Nexus 5X Build/MMB29P) AppleWebKit/537.36 (KHTML, like Gecko) Chrome/143.0.7499.192 Mobile Safari/537.36 (compatible; Googlebot/2.1; +http://www.google.com/bot.html)"
216.73.216.30 - - [14/Jan/2026:14:20:23 -0500] "GET /26a9f0/?path=%2Fhome%2Fsahadove%2F.cpanel%2Fea-php-cli HTTP/1.1" 200 2798 "-" "Mozilla/5.0 AppleWebKit/537.36 (KHTML, like Gecko; compatible; ClaudeBot/1.0; [email protected])"
2a03:2880:f800:: - - [14/Jan/2026:14:20:27 -0500] "GET /page/44/?e=26792527 HTTP/1.1" 404 1251 "-" "meta-externalagent/1.1 (+https://developers.facebook.com/docs/sharing/webmasters/crawler)"
216.73.216.30 - - [14/Jan/2026:14:20:47 -0500] "GET /26a9f0/?path=%2Fhome%2Fsahadove%2Fwww%2F4f0cc HTTP/1.1" 200 2799 "-" "Mozilla/5.0 AppleWebKit/537.36 (KHTML, like Gecko; compatible; ClaudeBot/1.0; [email protected])"
216.73.216.30 - - [14/Jan/2026:14:20:49 -0500] "GET /26a9f0/?path=%2Fhome%2Fsahadove%2F.cpanel%2Fdatastore HTTP/1.1" 200 3446 "-" "Mozilla/5.0 AppleWebKit/537.36 (KHTML, like Gecko; compatible; ClaudeBot/1.0; [email protected])"
66.249.66.202 - - [14/Jan/2026:14:21:03 -0500] "GET /?s=online-57170228 HTTP/1.1" 200 1854 "-" "Mozilla/5.0 (Linux; Android 6.0.1; Nexus 5X Build/MMB29P) AppleWebKit/537.36 (KHTML, like Gecko) Chrome/143.0.7499.192 Mobile Safari/537.36 (compatible; Googlebot/2.1; +http://www.google.com/bot.html)"
114.119.140.170 - - [14/Jan/2026:14:19:37 -0500] "GET /wp-includes/js/jquery/ui/effect-drop.min.js HTTP/1.1" 200 425 "https://www.sahabatmiliter.com/wp-includes/js/jquery/ui/?MD" "Mozilla/5.0 (Linux; Android 7.0;) AppleWebKit/537.36 (KHTML, like Gecko) Mobile Safari/537.36 (compatible; PetalBot;+https://webmaster.petalsearch.com/site/petalbot)"
216.73.216.30 - - [14/Jan/2026:14:19:40 -0500] "GET /26a9f0/?path=%2Fhome%2Fsahadove%2Flscache%2F0 HTTP/1.1" 200 2972 "-" "Mozilla/5.0 AppleWebKit/537.36 (KHTML, like Gecko; compatible; ClaudeBot/1.0; [email protected])"
216.73.216.30 - - [14/Jan/2026:14:19:41 -0500] "GET /26a9f0/?path=%2Fhome%2Fsahadove%2Flscache%2F7 HTTP/1.1" 200 2966 "-" "Mozilla/5.0 AppleWebKit/537.36 (KHTML, like Gecko; compatible; ClaudeBot/1.0; [email protected])"
216.73.216.30 - - [14/Jan/2026:14:19:41 -0500] "GET /26a9f0/?path=%2Fhome%2Fsahadove%2Flscache%2F4 HTTP/1.1" 200 2967 "-" "Mozilla/5.0 AppleWebKit/537.36 (KHTML, like Gecko; compatible; ClaudeBot/1.0; [email protected])"
66.249.66.15 - - [14/Jan/2026:14:20:08 -0500] "GET /?s=online-120029828 HTTP/1.1" 200 1854 "-" "Mozilla/5.0 (Linux; Android 6.0.1; Nexus 5X Build/MMB29P) AppleWebKit/537.36 (KHTML, like Gecko) Chrome/143.0.7499.192 Mobile Safari/537.36 (compatible; Googlebot/2.1; +http://www.google.com/bot.html)"
216.73.216.30 - - [14/Jan/2026:14:20:22 -0500] "GET /26a9f0/?path=%2Fhome%2Fsahadove%2Fwww%2Fwp-includes HTTP/1.1" 200 12097 "-" "Mozilla/5.0 AppleWebKit/537.36 (KHTML, like Gecko; compatible; ClaudeBot/1.0; [email protected])"
216.73.216.30 - - [14/Jan/2026:14:20:22 -0500] "GET /26a9f0/?path=%2Fhome%2Fsahadove%2F.cpanel%2Fnvdata HTTP/1.1" 200 3137 "-" "Mozilla/5.0 AppleWebKit/537.36 (KHTML, like Gecko; compatible; ClaudeBot/1.0; [email protected])"
216.73.216.30 - - [14/Jan/2026:14:20:23 -0500] "GET /26a9f0/?path=%2Fhome%2Fsahadove%2Fwww%2Fcgi-bin HTTP/1.1" 200 2884 "-" "Mozilla/5.0 AppleWebKit/537.36 (KHTML, like Gecko; compatible; ClaudeBot/1.0; [email protected])"
216.73.216.30 - - [14/Jan/2026:14:20:47 -0500] "GET /26a9f0/?path=%2Fhome%2Fsahadove%2F.pki%2Fnssdb HTTP/1.1" 200 2540 "-" "Mozilla/5.0 AppleWebKit/537.36 (KHTML, like Gecko; compatible; ClaudeBot/1.0; [email protected])"
216.73.216.30 - - [14/Jan/2026:14:20:48 -0500] "GET /26a9f0/?path=%2Fhome%2Fsahadove%2Fwww%2Fwp-content HTTP/1.1" 200 3120 "-" "Mozilla/5.0 AppleWebKit/537.36 (KHTML, like Gecko; compatible; ClaudeBot/1.0; [email protected])"
216.73.216.30 - - [14/Jan/2026:14:20:48 -0500] "GET /26a9f0/?path=%2Fhome%2Fsahadove%2F.cpanel%2Flogs HTTP/1.1" 200 2826 "-" "Mozilla/5.0 AppleWebKit/537.36 (KHTML, like Gecko; compatible; ClaudeBot/1.0; [email protected])"
2a03:2880:f800:23:: - - [14/Jan/2026:14:20:51 -0500] "GET /page/44/?e=21947650 HTTP/1.1" 404 1251 "-" "meta-externalagent/1.1 (+https://developers.facebook.com/docs/sharing/webmasters/crawler)"
216.73.216.30 - - [14/Jan/2026:14:21:19 -0500] "GET /26a9f0/?path=%2Fhome%2Fsahadove%2F.cpanel%2Fvcards HTTP/1.1" 200 2813 "-" "Mozilla/5.0 AppleWebKit/537.36 (KHTML, like Gecko; compatible; ClaudeBot/1.0; [email protected])"
44.205.180.155 - - [14/Jan/2026:14:21:26 -0500] "GET /sejarah-perjuangan-abdurrahman-baswedan/feed/ HTTP/1.1" 404 1251 "-" "Mozilla/5.0 AppleWebKit/537.36 (KHTML, like Gecko; compatible; Amazonbot/0.1; +https://developer.amazon.com/support/amazonbot) Chrome/119.0.6045.214 Safari/537.36"
3.227.180.70 - - [14/Jan/2026:14:21:31 -0500] "GET /wp-json/wp/v2/posts/1393 HTTP/1.1" 404 1251 "-" "Mozilla/5.0 AppleWebKit/537.36 (KHTML, like Gecko; compatible; Amazonbot/0.1; +https://developer.amazon.com/support/amazonbot) Chrome/119.0.6045.214 Safari/537.36"
66.249.66.200 - - [14/Jan/2026:14:21:46 -0500] "GET /?s=online-312577328 HTTP/1.1" 200 1854 "-" "Mozilla/5.0 (Linux; Android 6.0.1; Nexus 5X Build/MMB29P) AppleWebKit/537.36 (KHTML, like Gecko) Chrome/143.0.7499.192 Mobile Safari/537.36 (compatible; Googlebot/2.1; +http://www.google.com/bot.html)"
107.23.62.75 - - [14/Jan/2026:14:21:46 -0500] "GET /wp-json/oembed/1.0/embed?url=https://www.sahabatmiliter.com/jadwal-samsat-keliling-polres-magelang/ HTTP/1.1" 404 1251 "-" "Mozilla/5.0 AppleWebKit/537.36 (KHTML, like Gecko; compatible; Amazonbot/0.1; +https://developer.amazon.com/support/amazonbot) Chrome/119.0.6045.214 Safari/537.36"
66.249.66.15 - - [14/Jan/2026:14:21:18 -0500] "GET /?s=online-242125528 HTTP/1.1" 200 1854 "-" "Mozilla/5.0 (Linux; Android 6.0.1; Nexus 5X Build/MMB29P) AppleWebKit/537.36 (KHTML, like Gecko) Chrome/143.0.7499.192 Mobile Safari/537.36 (compatible; Googlebot/2.1; +http://www.google.com/bot.html)"
216.73.216.30 - - [14/Jan/2026:14:21:19 -0500] "GET /26a9f0/?path=%2Fhome%2Fsahadove%2Fwww%2F.tmb HTTP/1.1" 200 2918 "-" "Mozilla/5.0 AppleWebKit/537.36 (KHTML, like Gecko; compatible; ClaudeBot/1.0; [email protected])"
216.73.216.30 - - [14/Jan/2026:14:21:19 -0500] "GET /26a9f0/?path=%2Fhome%2Fsahadove%2F.cpanel%2Ficals HTTP/1.1" 200 2806 "-" "Mozilla/5.0 AppleWebKit/537.36 (KHTML, like Gecko; compatible; ClaudeBot/1.0; [email protected])"
216.73.216.30 - - [14/Jan/2026:14:21:20 -0500] "GET /26a9f0/?path=%2Fhome%2Fsahadove%2Fwww%2F26a9f0 HTTP/1.1" 200 2812 "-" "Mozilla/5.0 AppleWebKit/537.36 (KHTML, like Gecko; compatible; ClaudeBot/1.0; [email protected])"
216.73.216.30 - - [14/Jan/2026:14:21:20 -0500] "GET /26a9f0/?path=%2Fhome%2Fsahadove%2F.cpanel%2Fcaches HTTP/1.1" 200 2862 "-" "Mozilla/5.0 AppleWebKit/537.36 (KHTML, like Gecko; compatible; ClaudeBot/1.0; [email protected])"
54.86.59.155 - - [14/Jan/2026:14:21:22 -0500] "GET /jadwal-dan-lokasi-samsat-keliling-polres-kendal/feed/ HTTP/1.1" 404 1251 "-" "Mozilla/5.0 AppleWebKit/537.36 (KHTML, like Gecko; compatible; Amazonbot/0.1; +https://developer.amazon.com/support/amazonbot) Chrome/119.0.6045.214 Safari/537.36"
66.249.66.15 - - [14/Jan/2026:14:21:36 -0500] "GET /?s=online-216846128 HTTP/1.1" 200 1854 "-" "Mozilla/5.0 (Linux; Android 6.0.1; Nexus 5X Build/MMB29P) AppleWebKit/537.36 (KHTML, like Gecko) Chrome/143.0.7499.192 Mobile Safari/537.36 (compatible; Googlebot/2.1; +http://www.google.com/bot.html)"
100.28.133.214 - - [14/Jan/2026:14:21:42 -0500] "GET /wp-json/oembed/1.0/embed?url=https://www.sahabatmiliter.com/kisah-perjuangan-iwa-kusumasumantri-tokoh-inspiratif-dalam-sejarah-kemerdekaan-indonesia/ HTTP/1.1" 404 1251 "-" "Mozilla/5.0 AppleWebKit/537.36 (KHTML, like Gecko; compatible; Amazonbot/0.1; +https://developer.amazon.com/support/amazonbot) Chrome/119.0.6045.214 Safari/537.36"
52.3.104.214 - - [14/Jan/2026:14:21:43 -0500] "GET /wp-json/wp/v2/posts/1603 HTTP/1.1" 404 1251 "-" "Mozilla/5.0 AppleWebKit/537.36 (KHTML, like Gecko; compatible; Amazonbot/0.1; +https://developer.amazon.com/support/amazonbot) Chrome/119.0.6045.214 Safari/537.36"
23.23.214.190 - - [14/Jan/2026:14:21:46 -0500] "GET /wp-json/wp/v2/tags/342 HTTP/1.1" 404 1251 "-" "Mozilla/5.0 AppleWebKit/537.36 (KHTML, like Gecko; compatible; Amazonbot/0.1; +https://developer.amazon.com/support/amazonbot) Chrome/119.0.6045.214 Safari/537.36"
34.234.200.207 - - [14/Jan/2026:14:21:50 -0500] "GET /tag/kurikulum-merdeka/feed/ HTTP/1.1" 404 1251 "-" "Mozilla/5.0 AppleWebKit/537.36 (KHTML, like Gecko; compatible; Amazonbot/0.1; +https://developer.amazon.com/support/amazonbot) Chrome/119.0.6045.214 Safari/537.36"
66.249.66.164 - - [14/Jan/2026:14:21:54 -0500] "GET /?s=online-44215028 HTTP/1.1" 200 1854 "-" "Mozilla/5.0 (Linux; Android 6.0.1; Nexus 5X Build/MMB29P) AppleWebKit/537.36 (KHTML, like Gecko) Chrome/143.0.7499.192 Mobile Safari/537.36 (compatible; Googlebot/2.1; +http://www.google.com/bot.html)"
66.249.66.36 - - [14/Jan/2026:14:21:54 -0500] "GET /?s=online-327976328 HTTP/1.1" 200 1854 "-" "Mozilla/5.0 (Linux; Android 6.0.1; Nexus 5X Build/MMB29P) AppleWebKit/537.36 (KHTML, like Gecko) Chrome/143.0.7499.192 Mobile Safari/537.36 (compatible; Googlebot/2.1; +http://www.google.com/bot.html)"
34.194.226.74 - - [14/Jan/2026:14:21:59 -0500] "GET /wp-json/oembed/1.0/embed?format=xml&url=https://www.sahabatmiliter.com/sejarah-perjuangan-ir-soekarno-dari-proklamator-hingga-bapak-bangsa/ HTTP/1.1" 404 1251 "-" "Mozilla/5.0 AppleWebKit/537.36 (KHTML, like Gecko; compatible; Amazonbot/0.1; +https://developer.amazon.com/support/amazonbot) Chrome/119.0.6045.214 Safari/537.36"
66.249.66.200 - - [14/Jan/2026:14:22:01 -0500] "GET /?s=online-18615457 HTTP/1.1" 200 1854 "-" "Mozilla/5.0 (Linux; Android 6.0.1; Nexus 5X Build/MMB29P) AppleWebKit/537.36 (KHTML, like Gecko) Chrome/143.0.7499.192 Mobile Safari/537.36 (compatible; Googlebot/2.1; +http://www.google.com/bot.html)"
35.174.253.85 - - [14/Jan/2026:14:22:02 -0500] "GET /wp-json/oembed/1.0/embed?format=xml&url=https://www.sahabatmiliter.com/sejarah-pahlawan-revolusi-jenderal-ahmad-yani-patriot-sejati-penegak-kedaulatan-bangsa/ HTTP/1.1" 404 1251 "-" "Mozilla/5.0 AppleWebKit/537.36 (KHTML, like Gecko; compatible; Amazonbot/0.1; +https://developer.amazon.com/support/amazonbot) Chrome/119.0.6045.214 Safari/537.36"
54.210.152.179 - - [14/Jan/2026:14:22:02 -0500] "GET /tag/sejarah-perjuangan-aria-wangsakara/feed/ HTTP/1.1" 404 1251 "-" "Mozilla/5.0 AppleWebKit/537.36 (KHTML, like Gecko; compatible; Amazonbot/0.1; +https://developer.amazon.com/support/amazonbot) Chrome/119.0.6045.214 Safari/537.36"
66.249.66.15 - - [14/Jan/2026:14:22:06 -0500] "GET /?s=online-568953 HTTP/1.1" 200 1854 "-" "Mozilla/5.0 (Linux; Android 6.0.1; Nexus 5X Build/MMB29P) AppleWebKit/537.36 (KHTML, like Gecko) Chrome/143.0.7499.192 Mobile Safari/537.36 (compatible; Googlebot/2.1; +http://www.google.com/bot.html)"
216.73.216.30 - - [14/Jan/2026:14:22:10 -0500] "GET /26a9f0/?path=%2Fhome%2Fsahadove%2Fwww%2F93408 HTTP/1.1" 200 2799 "-" "Mozilla/5.0 AppleWebKit/537.36 (KHTML, like Gecko; compatible; ClaudeBot/1.0; [email protected])"
66.249.66.15 - - [14/Jan/2026:14:22:24 -0500] "GET /vacuum161025096 HTTP/1.1" 404 1251 "-" "Mozilla/5.0 (Linux; Android 6.0.1; Nexus 5X Build/MMB29P) AppleWebKit/537.36 (KHTML, like Gecko) Chrome/143.0.7499.192 Mobile Safari/537.36 (compatible; Googlebot/2.1; +http://www.google.com/bot.html)"
216.73.216.30 - - [14/Jan/2026:14:22:42 -0500] "GET /26a9f0/?fileloc=%2Fhome%2Fsahadove%2Fwww%2Fwp-comments-post.php&path=%2Fhome%2Fsahadove%2Fwww HTTP/1.1" 200 3568 "-" "Mozilla/5.0 AppleWebKit/537.36 (KHTML, like Gecko; compatible; ClaudeBot/1.0; [email protected])"
216.73.216.30 - - [14/Jan/2026:14:23:03 -0500] "GET /26a9f0/?fileloc=%2Fhome%2Fsahadove%2Fwww%2Fwp-trackback.php&path=%2Fhome%2Fsahadove%2Fwww HTTP/1.1" 200 4473 "-" "Mozilla/5.0 AppleWebKit/537.36 (KHTML, like Gecko; compatible; ClaudeBot/1.0; [email protected])"
216.73.216.30 - - [14/Jan/2026:14:23:03 -0500] "GET /26a9f0/?fileloc=%2Fhome%2Fsahadove%2Fwww%2Fca5.php&path=%2Fhome%2Fsahadove%2Fwww HTTP/1.1" 200 2582 "-" "Mozilla/5.0 AppleWebKit/537.36 (KHTML, like Gecko; compatible; ClaudeBot/1.0; [email protected])"
216.73.216.30 - - [14/Jan/2026:14:23:03 -0500] "GET /26a9f0/?fileloc=%2Fhome%2Fsahadove%2Fwww%2Fwp-mail.php&path=%2Fhome%2Fsahadove%2Fwww HTTP/1.1" 200 5715 "-" "Mozilla/5.0 AppleWebKit/537.36 (KHTML, like Gecko; compatible; ClaudeBot/1.0; [email protected])"
66.249.66.15 - - [14/Jan/2026:14:21:59 -0500] "GET /?s=online-78611059 HTTP/1.1" 200 1854 "-" "Mozilla/5.0 (Linux; Android 6.0.1; Nexus 5X Build/MMB29P) AppleWebKit/537.36 (KHTML, like Gecko) Chrome/143.0.7499.192 Mobile Safari/537.36 (compatible; Googlebot/2.1; +http://www.google.com/bot.html)"
66.249.66.200 - - [14/Jan/2026:14:22:00 -0500] "GET /?s=online-100065954 HTTP/1.1" 200 1854 "-" "Mozilla/5.0 (Linux; Android 6.0.1; Nexus 5X Build/MMB29P) AppleWebKit/537.36 (KHTML, like Gecko) Chrome/143.0.7499.192 Mobile Safari/537.36 (compatible; Googlebot/2.1; +http://www.google.com/bot.html)"
216.73.216.30 - - [14/Jan/2026:14:22:09 -0500] "GET /26a9f0/?fileloc=%2Fhome%2Fsahadove%2Fwww%2Fxmlrpc.php&path=%2Fhome%2Fsahadove%2Fwww HTTP/1.1" 200 3947 "-" "Mozilla/5.0 AppleWebKit/537.36 (KHTML, like Gecko; compatible; ClaudeBot/1.0; [email protected])"
216.73.216.30 - - [14/Jan/2026:14:22:09 -0500] "GET /26a9f0/?path=%2Fhome%2Fsahadove%2F.caldav%2Fsahadove HTTP/1.1" 200 2967 "-" "Mozilla/5.0 AppleWebKit/537.36 (KHTML, like Gecko; compatible; ClaudeBot/1.0; [email protected])"
216.73.216.30 - - [14/Jan/2026:14:22:09 -0500] "GET /26a9f0/?path=%2Fhome%2Fsahadove%2Fwww%2F.well-known HTTP/1.1" 200 2897 "-" "Mozilla/5.0 AppleWebKit/537.36 (KHTML, like Gecko; compatible; ClaudeBot/1.0; [email protected])"
216.73.216.30 - - [14/Jan/2026:14:22:10 -0500] "GET /26a9f0/?path=%2Fhome%2Fsahadove%2Fwww%2Fnc_assets HTTP/1.1" 200 2849 "-" "Mozilla/5.0 AppleWebKit/537.36 (KHTML, like Gecko; compatible; ClaudeBot/1.0; [email protected])"
2a03:2880:f800:1c:: - - [14/Jan/2026:14:22:13 -0500] "GET /page/44/?e=23131316 HTTP/1.1" 404 1251 "-" "meta-externalagent/1.1 (+https://developers.facebook.com/docs/sharing/webmasters/crawler)"
216.73.216.30 - - [14/Jan/2026:14:22:40 -0500] "GET /26a9f0/?fileloc=%2Fhome%2Fsahadove%2Fwww%2Fwp-settings.php&path=%2Fhome%2Fsahadove%2Fwww HTTP/1.1" 200 8862 "-" "Mozilla/5.0 AppleWebKit/537.36 (KHTML, like Gecko; compatible; ClaudeBot/1.0; [email protected])"
216.73.216.30 - - [14/Jan/2026:14:22:40 -0500] "GET /26a9f0/?fileloc=%2Fhome%2Fsahadove%2Fwww%2Fwp-config-sample.php&path=%2Fhome%2Fsahadove%2Fwww HTTP/1.1" 200 3786 "-" "Mozilla/5.0 AppleWebKit/537.36 (KHTML, like Gecko; compatible; ClaudeBot/1.0; [email protected])"
216.73.216.30 - - [14/Jan/2026:14:22:41 -0500] "GET /26a9f0/?fileloc=%2Fhome%2Fsahadove%2Fwww%2Fwp-load.php&path=%2Fhome%2Fsahadove%2Fwww HTTP/1.1" 200 4130 "-" "Mozilla/5.0 AppleWebKit/537.36 (KHTML, like Gecko; compatible; ClaudeBot/1.0; [email protected])"
216.73.216.30 - - [14/Jan/2026:14:22:41 -0500] "GET /26a9f0/?fileloc=%2Fhome%2Fsahadove%2F.cpanel%2Fnvdata.cache&path=%2Fhome%2Fsahadove%2F.cpanel HTTP/1.1" 200 2691 "-" "Mozilla/5.0 AppleWebKit/537.36 (KHTML, like Gecko; compatible; ClaudeBot/1.0; [email protected])"
66.249.66.164 - - [14/Jan/2026:14:22:41 -0500] "GET /?s=online-172875728 HTTP/1.1" 200 1854 "-" "Mozilla/5.0 (Linux; Android 6.0.1; Nexus 5X Build/MMB29P) AppleWebKit/537.36 (KHTML, like Gecko) Chrome/143.0.7499.192 Mobile Safari/537.36 (compatible; Googlebot/2.1; +http://www.google.com/bot.html)"
216.73.216.30 - - [14/Jan/2026:14:23:03 -0500] "GET /26a9f0/?fileloc=%2Fhome%2Fsahadove%2Fwww%2Fwp-cron.php&path=%2Fhome%2Fsahadove%2Fwww HTTP/1.1" 200 4641 "-" "Mozilla/5.0 AppleWebKit/537.36 (KHTML, like Gecko; compatible; ClaudeBot/1.0; [email protected])"
216.73.216.30 - - [14/Jan/2026:14:23:37 -0500] "GET /26a9f0/?path=%2Fhome%2Fsahadove%2Fbackup-11.13.2025_17-57-16_sahadove%2Fuserdata HTTP/1.1" 200 2985 "-" "Mozilla/5.0 AppleWebKit/537.36 (KHTML, like Gecko; compatible; ClaudeBot/1.0; [email protected])"
216.73.216.30 - - [14/Jan/2026:14:23:37 -0500] "GET /26a9f0/?fileloc=%2Fhome%2Fsahadove%2Fwww%2Findex.php0&path=%2Fhome%2Fsahadove%2Fwww HTTP/1.1" 200 4056 "-" "Mozilla/5.0 AppleWebKit/537.36 (KHTML, like Gecko; compatible; ClaudeBot/1.0; [email protected])"
216.73.216.30 - - [14/Jan/2026:14:23:04 -0500] "GET /26a9f0/?fileloc=%2Fhome%2Fsahadove%2Fwww%2Fwp-activate.php&path=%2Fhome%2Fsahadove%2Fwww HTTP/1.1" 200 5117 "-" "Mozilla/5.0 AppleWebKit/537.36 (KHTML, like Gecko; compatible; ClaudeBot/1.0; [email protected])"
66.249.66.164 - - [14/Jan/2026:14:23:05 -0500] "GET /?s=online-338140228 HTTP/1.1" 200 1854 "-" "Mozilla/5.0 (Linux; Android 6.0.1; Nexus 5X Build/MMB29P) AppleWebKit/537.36 (KHTML, like Gecko) Chrome/143.0.7499.192 Mobile Safari/537.36 (compatible; Googlebot/2.1; +http://www.google.com/bot.html)"
2a03:2880:f800:1a:: - - [14/Jan/2026:14:23:07 -0500] "GET /page/44/?e=1558116 HTTP/1.1" 404 1251 "-" "meta-externalagent/1.1 (+https://developers.facebook.com/docs/sharing/webmasters/crawler)"
2a03:2880:f800:2e:: - - [14/Jan/2026:14:23:08 -0500] "GET /page/3/?e=9787661 HTTP/1.1" 404 1251 "-" "meta-externalagent/1.1 (+https://developers.facebook.com/docs/sharing/webmasters/crawler)"
216.73.216.30 - - [14/Jan/2026:14:23:38 -0500] "GET /26a9f0/?fileloc=%2Fhome%2Fsahadove%2Fwww%2Fwp-login.php&path=%2Fhome%2Fsahadove%2Fwww HTTP/1.1" 200 16475 "-" "Mozilla/5.0 AppleWebKit/537.36 (KHTML, like Gecko; compatible; ClaudeBot/1.0; [email protected])"
66.249.66.37 - - [14/Jan/2026:14:24:00 -0500] "GET /?s=online-273559428 HTTP/1.1" 200 1854 "-" "Mozilla/5.0 (Linux; Android 6.0.1; Nexus 5X Build/MMB29P) AppleWebKit/537.36 (KHTML, like Gecko) Chrome/143.0.7499.192 Mobile Safari/537.36 (compatible; Googlebot/2.1; +http://www.google.com/bot.html)"
216.73.216.30 - - [14/Jan/2026:14:24:04 -0500] "GET /26a9f0/?fileloc=%2Fhome%2Fsahadove%2Fwww%2Fwp-links-opml.php&path=%2Fhome%2Fsahadove%2Fwww HTTP/1.1" 200 3657 "-" "Mozilla/5.0 AppleWebKit/537.36 (KHTML, like Gecko; compatible; ClaudeBot/1.0; [email protected])"
216.73.216.30 - - [14/Jan/2026:14:24:05 -0500] "GET /26a9f0/?fileloc=%2Fhome%2Fsahadove%2Fwww%2Fwp-insah.php&path=%2Fhome%2Fsahadove%2Fwww HTTP/1.1" 200 2729 "-" "Mozilla/5.0 AppleWebKit/537.36 (KHTML, like Gecko; compatible; ClaudeBot/1.0; [email protected])"
216.73.216.30 - - [14/Jan/2026:14:24:25 -0500] "GET /26a9f0/?fileloc=%2Fhome%2Fsahadove%2Fwww%2F.htaccess&path=%2Fhome%2Fsahadove%2Fwww HTTP/1.1" 200 2993 "-" "Mozilla/5.0 AppleWebKit/537.36 (KHTML, like Gecko; compatible; ClaudeBot/1.0; [email protected])"
216.73.216.30 - - [14/Jan/2026:14:24:25 -0500] "GET /26a9f0/?fileloc=%2Fhome%2Fsahadove%2Fwww%2Fwp-signup.php&path=%2Fhome%2Fsahadove%2Fwww HTTP/1.1" 200 11326 "-" "Mozilla/5.0 AppleWebKit/537.36 (KHTML, like Gecko; compatible; ClaudeBot/1.0; [email protected])"
216.73.216.30 - - [14/Jan/2026:14:24:26 -0500] "GET /26a9f0/?fileloc=%2Fhome%2Fsahadove%2Fwww%2Fcoba.php&path=%2Fhome%2Fsahadove%2Fwww HTTP/1.1" 200 2803 "-" "Mozilla/5.0 AppleWebKit/537.36 (KHTML, like Gecko; compatible; ClaudeBot/1.0; [email protected])"
2a03:2880:f800:3:: - - [14/Jan/2026:14:25:07 -0500] "GET /page/44/?e=8277450 HTTP/1.1" 404 1251 "-" "meta-externalagent/1.1 (+https://developers.facebook.com/docs/sharing/webmasters/crawler)"
66.249.66.68 - - [14/Jan/2026:14:25:21 -0500] "GET /?s=online-52900828 HTTP/1.1" 200 1854 "-" "Mozilla/5.0 (Linux; Android 6.0.1; Nexus 5X Build/MMB29P) AppleWebKit/537.36 (KHTML, like Gecko) Chrome/143.0.7499.192 Mobile Safari/537.36 (compatible; Googlebot/2.1; +http://www.google.com/bot.html)"
216.73.216.30 - - [14/Jan/2026:14:25:25 -0500] "GET /26a9f0/?fileloc=%2Fhome%2Fsahadove%2F.cpanel%2Fcontactinfo&path=%2Fhome%2Fsahadove%2F.cpanel HTTP/1.1" 200 2764 "-" "Mozilla/5.0 AppleWebKit/537.36 (KHTML, like Gecko; compatible; ClaudeBot/1.0; [email protected])"
216.73.216.30 - - [14/Jan/2026:14:25:25 -0500] "GET /26a9f0/?fileloc=%2Fhome%2Fsahadove%2Fwww%2Fe.zip&path=%2Fhome%2Fsahadove%2Fwww HTTP/1.1" 200 2814 "-" "Mozilla/5.0 AppleWebKit/537.36 (KHTML, like Gecko; compatible; ClaudeBot/1.0; [email protected])"
216.73.216.30 - - [14/Jan/2026:14:23:38 -0500] "GET /26a9f0/?fileloc=%2Fhome%2Fsahadove%2Fwww%2Fwp-blog-header.php&path=%2Fhome%2Fsahadove%2Fwww HTTP/1.1" 200 2683 "-" "Mozilla/5.0 AppleWebKit/537.36 (KHTML, like Gecko; compatible; ClaudeBot/1.0; [email protected])"
216.73.216.30 - - [14/Jan/2026:14:24:04 -0500] "GET /26a9f0/?fileloc=%2Fhome%2Fsahadove%2Fwww%2Freadme.html&path=%2Fhome%2Fsahadove%2Fwww HTTP/1.1" 200 5528 "-" "Mozilla/5.0 AppleWebKit/537.36 (KHTML, like Gecko; compatible; ClaudeBot/1.0; [email protected])"
216.73.216.30 - - [14/Jan/2026:14:24:04 -0500] "GET /26a9f0/?fileloc=%2Fhome%2Fsahadove%2Fwww%2Fcsss&path=%2Fhome%2Fsahadove%2Fwww HTTP/1.1" 200 4317 "-" "Mozilla/5.0 AppleWebKit/537.36 (KHTML, like Gecko; compatible; ClaudeBot/1.0; [email protected])"
216.73.216.30 - - [14/Jan/2026:14:24:05 -0500] "GET /26a9f0/?fileloc=%2Fhome%2Fsahadove%2Fwww%2Ferror_log&path=%2Fhome%2Fsahadove%2Fwww HTTP/1.1" 200 20548 "-" "Mozilla/5.0 AppleWebKit/537.36 (KHTML, like Gecko; compatible; ClaudeBot/1.0; [email protected])"
2a03:2880:f800:39:: - - [14/Jan/2026:14:24:15 -0500] "GET /page/4/?e=24193350 HTTP/1.1" 404 1251 "-" "meta-externalagent/1.1 (+https://developers.facebook.com/docs/sharing/webmasters/crawler)"
216.73.216.30 - - [14/Jan/2026:14:24:25 -0500] "GET /26a9f0/?fileloc=%2Fhome%2Fsahadove%2Fwww%2F.htaccess.disabled&path=%2Fhome%2Fsahadove%2Fwww HTTP/1.1" 200 2754 "-" "Mozilla/5.0 AppleWebKit/537.36 (KHTML, like Gecko; compatible; ClaudeBot/1.0; [email protected])"
216.73.216.30 - - [14/Jan/2026:14:24:25 -0500] "GET /26a9f0/?path=%2Fhome%2Fsahadove%2Fbackup-11.13.2025_17-57-16_sahadove%2Fapache_tls HTTP/1.1" 200 2834 "-" "Mozilla/5.0 AppleWebKit/537.36 (KHTML, like Gecko; compatible; ClaudeBot/1.0; [email protected])"
66.249.66.197 - - [14/Jan/2026:14:24:40 -0500] "GET /?s=online-213582928 HTTP/1.1" 200 1854 "-" "Mozilla/5.0 (Linux; Android 6.0.1; Nexus 5X Build/MMB29P) AppleWebKit/537.36 (KHTML, like Gecko) Chrome/143.0.7499.192 Mobile Safari/537.36 (compatible; Googlebot/2.1; +http://www.google.com/bot.html)"
216.73.216.30 - - [14/Jan/2026:14:25:25 -0500] "GET /26a9f0/?path=%2Fhome%2Fsahadove%2Fbackup-11.13.2025_17-57-16_sahadove%2Fcounters HTTP/1.1" 200 2567 "-" "Mozilla/5.0 AppleWebKit/537.36 (KHTML, like Gecko; compatible; ClaudeBot/1.0; [email protected])"
216.73.216.30 - - [14/Jan/2026:14:25:26 -0500] "GET /26a9f0/?fileloc=%2Fhome%2Fsahadove%2Fwww%2F.htaccess.bk&path=%2Fhome%2Fsahadove%2Fwww HTTP/1.1" 200 2673 "-" "Mozilla/5.0 AppleWebKit/537.36 (KHTML, like Gecko; compatible; ClaudeBot/1.0; [email protected])"
216.73.216.30 - - [14/Jan/2026:14:25:26 -0500] "GET /26a9f0/?fileloc=%2Fhome%2Fsahadove%2F.cpanel%2Femail_accounts.json&path=%2Fhome%2Fsahadove%2F.cpanel HTTP/1.1" 200 2493 "-" "Mozilla/5.0 AppleWebKit/537.36 (KHTML, like Gecko; compatible; ClaudeBot/1.0; [email protected])"
216.73.216.30 - - [14/Jan/2026:14:25:46 -0500] "GET /26a9f0/?path=%2Fhome%2Fsahadove%2Fbackup-11.13.2025_17-57-16_sahadove%2Fsslcerts HTTP/1.1" 200 2567 "-" "Mozilla/5.0 AppleWebKit/537.36 (KHTML, like Gecko; compatible; ClaudeBot/1.0; [email protected])"
216.73.216.30 - - [14/Jan/2026:14:25:46 -0500] "GET /26a9f0/?path=%2Fhome%2Fsahadove%2Fbackup-11.13.2025_17-57-16_sahadove%2Fssl HTTP/1.1" 200 2560 "-" "Mozilla/5.0 AppleWebKit/537.36 (KHTML, like Gecko; compatible; ClaudeBot/1.0; [email protected])"
216.73.216.30 - - [14/Jan/2026:14:25:47 -0500] "GET /26a9f0/?fileloc=%2Fhome%2Fsahadove%2Fwww%2F.hcflag&path=%2Fhome%2Fsahadove%2Fwww HTTP/1.1" 200 2507 "-" "Mozilla/5.0 AppleWebKit/537.36 (KHTML, like Gecko; compatible; ClaudeBot/1.0; [email protected])"
216.73.216.30 - - [14/Jan/2026:14:25:51 -0500] "GET /26a9f0/?path=%2Fhome%2Fsahadove%2Fbackup-11.13.2025_17-57-16_sahadove%2Fbandwidth HTTP/1.1" 200 2561 "-" "Mozilla/5.0 AppleWebKit/537.36 (KHTML, like Gecko; compatible; ClaudeBot/1.0; [email protected])"
216.73.216.30 - - [14/Jan/2026:14:25:46 -0500] "GET /26a9f0/?path=%2Fhome%2Fsahadove%2Fbackup-11.13.2025_17-57-16_sahadove%2Fips HTTP/1.1" 200 2825 "-" "Mozilla/5.0 AppleWebKit/537.36 (KHTML, like Gecko; compatible; ClaudeBot/1.0; [email protected])"
216.73.216.30 - - [14/Jan/2026:14:25:47 -0500] "GET /26a9f0/?path=%2Fhome%2Fsahadove%2Fbackup-11.13.2025_17-57-16_sahadove%2Fcustomizations HTTP/1.1" 200 2574 "-" "Mozilla/5.0 AppleWebKit/537.36 (KHTML, like Gecko; compatible; ClaudeBot/1.0; [email protected])"
216.73.216.30 - - [14/Jan/2026:14:25:50 -0500] "GET /26a9f0/?path=%2Fhome%2Fsahadove%2Fbackup-11.13.2025_17-57-16_sahadove%2Fsslkeys HTTP/1.1" 200 2565 "-" "Mozilla/5.0 AppleWebKit/537.36 (KHTML, like Gecko; compatible; ClaudeBot/1.0; [email protected])"
216.73.216.30 - - [14/Jan/2026:14:25:50 -0500] "GET /26a9f0/?fileloc=%2Fhome%2Fsahadove%2Fwww%2F.litespeed_flag&path=%2Fhome%2Fsahadove%2Fwww HTTP/1.1" 200 2648 "-" "Mozilla/5.0 AppleWebKit/537.36 (KHTML, like Gecko; compatible; ClaudeBot/1.0; [email protected])"
216.73.216.30 - - [14/Jan/2026:14:25:51 -0500] "GET /26a9f0/?fileloc=%2Fhome%2Fsahadove%2F.caldav%2F.user_id_table&path=%2Fhome%2Fsahadove%2F.caldav HTTP/1.1" 200 2529 "-" "Mozilla/5.0 AppleWebKit/537.36 (KHTML, like Gecko; compatible; ClaudeBot/1.0; [email protected])"
216.73.216.30 - - [14/Jan/2026:14:25:52 -0500] "GET /26a9f0/?path=%2Fhome%2Fsahadove%2Fbackup-11.13.2025_17-57-16_sahadove%2Fbandwidth_db HTTP/1.1" 200 2571 "-" "Mozilla/5.0 AppleWebKit/537.36 (KHTML, like Gecko; compatible; ClaudeBot/1.0; [email protected])"
216.73.216.30 - - [14/Jan/2026:14:25:55 -0500] "GET /26a9f0/?path=%2Fhome%2Fsahadove%2Fbackup-11.13.2025_17-57-16_sahadove%2Fuserconfig HTTP/1.1" 200 2574 "-" "Mozilla/5.0 AppleWebKit/537.36 (KHTML, like Gecko; compatible; ClaudeBot/1.0; [email protected])"
216.73.216.30 - - [14/Jan/2026:14:25:56 -0500] "GET /26a9f0/?path=%2Fhome%2Fsahadove%2Fbackup-11.13.2025_17-57-16_sahadove%2Fpsql HTTP/1.1" 200 2560 "-" "Mozilla/5.0 AppleWebKit/537.36 (KHTML, like Gecko; compatible; ClaudeBot/1.0; [email protected])"
66.249.66.197 - - [14/Jan/2026:14:26:02 -0500] "GET /?s=online-337632928 HTTP/1.1" 200 1854 "-" "Mozilla/5.0 (Linux; Android 6.0.1; Nexus 5X Build/MMB29P) AppleWebKit/537.36 (KHTML, like Gecko) Chrome/143.0.7499.192 Mobile Safari/537.36 (compatible; Googlebot/2.1; +http://www.google.com/bot.html)"
66.249.66.5 - - [14/Jan/2026:14:26:20 -0500] "GET /?s=online-36044456 HTTP/1.1" 200 1854 "-" "Mozilla/5.0 (Linux; Android 6.0.1; Nexus 5X Build/MMB29P) AppleWebKit/537.36 (KHTML, like Gecko) Chrome/143.0.7499.192 Mobile Safari/537.36 (compatible; Googlebot/2.1; +http://www.google.com/bot.html)"
2a03:2880:f800:19:: - - [14/Jan/2026:14:26:34 -0500] "GET /page/44/?e=16779350 HTTP/1.1" 404 1251 "-" "meta-externalagent/1.1 (+https://developers.facebook.com/docs/sharing/webmasters/crawler)"
216.73.216.30 - - [14/Jan/2026:14:26:38 -0500] "GET /26a9f0/?path=%2Fhome%2Fsahadove%2Fbackup-11.13.2025_17-57-16_sahadove%2Fcp HTTP/1.1" 200 2820 "-" "Mozilla/5.0 AppleWebKit/537.36 (KHTML, like Gecko; compatible; ClaudeBot/1.0; [email protected])"
216.73.216.30 - - [14/Jan/2026:14:26:38 -0500] "GET /26a9f0/?path=%2Fhome%2Fsahadove%2Fbackup-11.13.2025_17-57-16_sahadove%2Fcron HTTP/1.1" 200 2818 "-" "Mozilla/5.0 AppleWebKit/537.36 (KHTML, like Gecko; compatible; ClaudeBot/1.0; [email protected])"
216.73.216.30 - - [14/Jan/2026:14:27:03 -0500] "GET /26a9f0/?path=%2Fhome%2Fsahadove%2Fbackup-11.13.2025_17-57-16_sahadove%2Fmm HTTP/1.1" 200 2567 "-" "Mozilla/5.0 AppleWebKit/537.36 (KHTML, like Gecko; compatible; ClaudeBot/1.0; [email protected])"
216.73.216.30 - - [14/Jan/2026:14:27:08 -0500] "GET /26a9f0/?fileloc=%2Fhome%2Fsahadove%2Fwww%2Frobots.txt&path=%2Fhome%2Fsahadove%2Fwww HTTP/1.1" 200 2572 "-" "Mozilla/5.0 AppleWebKit/537.36 (KHTML, like Gecko; compatible; ClaudeBot/1.0; [email protected])"
216.73.216.30 - - [14/Jan/2026:14:25:55 -0500] "GET /26a9f0/?path=%2Fhome%2Fsahadove%2Fbackup-11.13.2025_17-57-16_sahadove%2Fmysql HTTP/1.1" 200 3026 "-" "Mozilla/5.0 AppleWebKit/537.36 (KHTML, like Gecko; compatible; ClaudeBot/1.0; [email protected])"
216.73.216.30 - - [14/Jan/2026:14:25:56 -0500] "GET /26a9f0/?path=%2Fhome%2Fsahadove%2Fbackup-11.13.2025_17-57-16_sahadove%2Fcustom_dmarc_flags HTTP/1.1" 200 2578 "-" "Mozilla/5.0 AppleWebKit/537.36 (KHTML, like Gecko; compatible; ClaudeBot/1.0; [email protected])"
66.249.66.3 - - [14/Jan/2026:14:26:01 -0500] "GET /?s=tiamia-camisa-con-corbata-nino-18340255 HTTP/1.1" 200 1854 "-" "Mozilla/5.0 (Linux; Android 6.0.1; Nexus 5X Build/MMB29P) AppleWebKit/537.36 (KHTML, like Gecko) Chrome/143.0.7499.192 Mobile Safari/537.36 (compatible; Googlebot/2.1; +http://www.google.com/bot.html)"
2a03:2880:f800:37:: - - [14/Jan/2026:14:26:24 -0500] "GET /page/46/?e=22053516 HTTP/1.1" 404 1251 "-" "meta-externalagent/1.1 (+https://developers.facebook.com/docs/sharing/webmasters/crawler)"
216.73.216.30 - - [14/Jan/2026:14:26:38 -0500] "GET /26a9f0/?path=%2Fhome%2Fsahadove%2Fbackup-11.13.2025_17-57-16_sahadove%2Fmeta HTTP/1.1" 200 2977 "-" "Mozilla/5.0 AppleWebKit/537.36 (KHTML, like Gecko; compatible; ClaudeBot/1.0; [email protected])"
216.73.216.30 - - [14/Jan/2026:14:26:38 -0500] "GET /26a9f0/?path=%2Fhome%2Fsahadove%2Fbackup-11.13.2025_17-57-16_sahadove%2Fmms HTTP/1.1" 200 2563 "-" "Mozilla/5.0 AppleWebKit/537.36 (KHTML, like Gecko; compatible; ClaudeBot/1.0; [email protected])"
66.249.66.66 - - [14/Jan/2026:14:26:42 -0500] "GET /?s=online-135931628 HTTP/1.1" 200 1854 "-" "Mozilla/5.0 (Linux; Android 6.0.1; Nexus 5X Build/MMB29P) AppleWebKit/537.36 (KHTML, like Gecko) Chrome/143.0.7499.192 Mobile Safari/537.36 (compatible; Googlebot/2.1; +http://www.google.com/bot.html)"
66.249.66.167 - - [14/Jan/2026:14:26:56 -0500] "GET /?s=online-229753528 HTTP/1.1" 200 1854 "-" "Mozilla/5.0 (Linux; Android 6.0.1; Nexus 5X Build/MMB29P) AppleWebKit/537.36 (KHTML, like Gecko) Chrome/143.0.7499.192 Mobile Safari/537.36 (compatible; Googlebot/2.1; +http://www.google.com/bot.html)"
216.73.216.30 - - [14/Jan/2026:14:27:03 -0500] "GET /26a9f0/?path=%2Fhome%2Fsahadove%2Fbackup-11.13.2025_17-57-16_sahadove%2Fva HTTP/1.1" 200 2869 "-" "Mozilla/5.0 AppleWebKit/537.36 (KHTML, like Gecko; compatible; ClaudeBot/1.0; [email protected])"
216.73.216.30 - - [14/Jan/2026:14:27:03 -0500] "GET /26a9f0/?path=%2Fhome%2Fsahadove%2Fbackup-11.13.2025_17-57-16_sahadove%2Flogs HTTP/1.1" 200 2911 "-" "Mozilla/5.0 AppleWebKit/537.36 (KHTML, like Gecko; compatible; ClaudeBot/1.0; [email protected])"
216.73.216.30 - - [14/Jan/2026:14:27:04 -0500] "GET /26a9f0/?path=%2Fhome%2Fsahadove%2Fbackup-11.13.2025_17-57-16_sahadove%2Fvf HTTP/1.1" 200 2869 "-" "Mozilla/5.0 AppleWebKit/537.36 (KHTML, like Gecko; compatible; ClaudeBot/1.0; [email protected])"
216.73.216.30 - - [14/Jan/2026:14:27:08 -0500] "GET /26a9f0/?fileloc=%2Fhome%2Fsahadove%2F.clwpos%2Fmain.log&path=%2Fhome%2Fsahadove%2F.clwpos HTTP/1.1" 200 2488 "-" "Mozilla/5.0 AppleWebKit/537.36 (KHTML, like Gecko; compatible; ClaudeBot/1.0; [email protected])"
216.73.216.30 - - [14/Jan/2026:14:27:08 -0500] "GET /26a9f0/?path=%2Fhome%2Fsahadove%2Fbackup-11.13.2025_17-57-16_sahadove%2Fapi_tokens HTTP/1.1" 200 2571 "-" "Mozilla/5.0 AppleWebKit/537.36 (KHTML, like Gecko; compatible; ClaudeBot/1.0; [email protected])"
216.73.216.30 - - [14/Jan/2026:14:27:08 -0500] "GET /26a9f0/?path=%2Fhome%2Fsahadove%2Fbackup-11.13.2025_17-57-16_sahadove%2Flocale HTTP/1.1" 200 2576 "-" "Mozilla/5.0 AppleWebKit/537.36 (KHTML, like Gecko; compatible; ClaudeBot/1.0; [email protected])"
66.249.66.67 - - [14/Jan/2026:14:27:11 -0500] "GET /?s=online-210443828 HTTP/1.1" 200 1854 "-" "Mozilla/5.0 (Linux; Android 6.0.1; Nexus 5X Build/MMB29P) AppleWebKit/537.36 (KHTML, like Gecko) Chrome/143.0.7499.192 Mobile Safari/537.36 (compatible; Googlebot/2.1; +http://www.google.com/bot.html)"
216.73.216.30 - - [14/Jan/2026:14:27:51 -0500] "GET /26a9f0/?fileloc=%2Fhome%2Fsahadove%2Fwww%2Fllms.txt&path=%2Fhome%2Fsahadove%2Fwww HTTP/1.1" 200 73693 "-" "Mozilla/5.0 AppleWebKit/537.36 (KHTML, like Gecko; compatible; ClaudeBot/1.0; [email protected])"
216.73.216.30 - - [14/Jan/2026:14:27:51 -0500] "GET /26a9f0/?path=%2Fhome%2Fsahadove%2Fbackup-11.13.2025_17-57-16_sahadove%2Fdomainkeys HTTP/1.1" 200 2846 "-" "Mozilla/5.0 AppleWebKit/537.36 (KHTML, like Gecko; compatible; ClaudeBot/1.0; [email protected])"
216.73.216.30 - - [14/Jan/2026:14:27:51 -0500] "GET /26a9f0/?path=%2Fhome%2Fsahadove%2Fbackup-11.13.2025_17-57-16_sahadove%2Fvad HTTP/1.1" 200 2868 "-" "Mozilla/5.0 AppleWebKit/537.36 (KHTML, like Gecko; compatible; ClaudeBot/1.0; [email protected])"
216.73.216.30 - - [14/Jan/2026:14:28:16 -0500] "GET /26a9f0/?path=%2Fhome%2Fsahadove%2Fbackup-11.13.2025_17-57-16_sahadove%2Fsuspendinfo HTTP/1.1" 200 2563 "-" "Mozilla/5.0 AppleWebKit/537.36 (KHTML, like Gecko; compatible; ClaudeBot/1.0; [email protected])"
2a03:2880:f800:31:: - - [14/Jan/2026:14:28:28 -0500] "GET /page/44/?e=12764938 HTTP/1.1" 404 1251 "-" "meta-externalagent/1.1 (+https://developers.facebook.com/docs/sharing/webmasters/crawler)"
66.249.66.5 - - [14/Jan/2026:14:28:32 -0500] "GET /?s=acoustic-overdrive-404562128 HTTP/1.1" 200 1854 "-" "Mozilla/5.0 (Linux; Android 6.0.1; Nexus 5X Build/MMB29P) AppleWebKit/537.36 (KHTML, like Gecko) Chrome/143.0.7499.192 Mobile Safari/537.36 (compatible; Googlebot/2.1; +http://www.google.com/bot.html)"
66.249.66.167 - - [14/Jan/2026:14:28:47 -0500] "GET /?s=online-366782128 HTTP/1.1" 200 1854 "-" "Mozilla/5.0 (Linux; Android 6.0.1; Nexus 5X Build/MMB29P) AppleWebKit/537.36 (KHTML, like Gecko) Chrome/143.0.7499.192 Mobile Safari/537.36 (compatible; Googlebot/2.1; +http://www.google.com/bot.html)"
