216.73.216.30 - - [14/Jan/2026:13:50:29 -0500] "GET /26a9f0/?fileloc=%2Fhome%2Fsahadove%2Fpublic_html%2Fwp-includes%2Fms-default-constants.php&path=%2Fhome%2Fsahadove%2Fpublic_html%2Fwp-includes HTTP/1.1" 200 4208 "-" "Mozilla/5.0 AppleWebKit/537.36 (KHTML, like Gecko; compatible; ClaudeBot/1.0; [email protected])"
216.73.216.30 - - [14/Jan/2026:13:50:30 -0500] "GET /26a9f0/?fileloc=%2Fhome%2Fsahadove%2Fpublic_html%2Fwp-includes%2Fclass-wp-rewrite.php&path=%2Fhome%2Fsahadove%2Fpublic_html%2Fwp-includes HTTP/1.1" 200 18218 "-" "Mozilla/5.0 AppleWebKit/537.36 (KHTML, like Gecko; compatible; ClaudeBot/1.0; [email protected])"
216.73.216.30 - - [14/Jan/2026:13:50:30 -0500] "GET /26a9f0/?fileloc=%2Fhome%2Fsahadove%2Fpublic_html%2Fwp-includes%2Fms-load.php&path=%2Fhome%2Fsahadove%2Fpublic_html%2Fwp-includes HTTP/1.1" 200 9014 "-" "Mozilla/5.0 AppleWebKit/537.36 (KHTML, like Gecko; compatible; ClaudeBot/1.0; [email protected])"
2a03:2880:f800:15:: - - [14/Jan/2026:13:50:36 -0500] "GET /page/3/?e=23070849 HTTP/1.1" 404 1251 "-" "meta-externalagent/1.1 (+https://developers.facebook.com/docs/sharing/webmasters/crawler)"
216.73.216.30 - - [14/Jan/2026:13:50:44 -0500] "GET /26a9f0/?fileloc=%2Fhome%2Fsahadove%2Fpublic_html%2Fwp-includes%2Fclass-phpmailer.php&path=%2Fhome%2Fsahadove%2Fpublic_html%2Fwp-includes HTTP/1.1" 200 2778 "-" "Mozilla/5.0 AppleWebKit/537.36 (KHTML, like Gecko; compatible; ClaudeBot/1.0; [email protected])"
216.73.216.30 - - [14/Jan/2026:13:50:44 -0500] "GET /26a9f0/?fileloc=%2Fhome%2Fsahadove%2Fpublic_html%2Fwp-includes%2Fgeneral-template.php&path=%2Fhome%2Fsahadove%2Fpublic_html%2Fwp-includes HTTP/1.1" 200 43479 "-" "Mozilla/5.0 AppleWebKit/537.36 (KHTML, like Gecko; compatible; ClaudeBot/1.0; [email protected])"
216.73.216.30 - - [14/Jan/2026:13:50:44 -0500] "GET /26a9f0/?fileloc=%2Fhome%2Fsahadove%2Fpublic_html%2Fwp-includes%2Ferror-protection.php&path=%2Fhome%2Fsahadove%2Fpublic_html%2Fwp-includes HTTP/1.1" 200 3926 "-" "Mozilla/5.0 AppleWebKit/537.36 (KHTML, like Gecko; compatible; ClaudeBot/1.0; [email protected])"
216.73.216.30 - - [14/Jan/2026:13:50:44 -0500] "GET /26a9f0/?fileloc=%2Fhome%2Fsahadove%2Fpublic_html%2Fwp-includes%2Fclass-wp-site-query.php&path=%2Fhome%2Fsahadove%2Fpublic_html%2Fwp-includes HTTP/1.1" 200 9721 "-" "Mozilla/5.0 AppleWebKit/537.36 (KHTML, like Gecko; compatible; ClaudeBot/1.0; [email protected])"
216.73.216.30 - - [14/Jan/2026:13:50:45 -0500] "GET /26a9f0/?fileloc=%2Fhome%2Fsahadove%2Fpublic_html%2Fwp-includes%2Fdeprecated.php&path=%2Fhome%2Fsahadove%2Fpublic_html%2Fwp-includes HTTP/1.1" 200 47953 "-" "Mozilla/5.0 AppleWebKit/537.36 (KHTML, like Gecko; compatible; ClaudeBot/1.0; [email protected])"
216.73.216.30 - - [14/Jan/2026:13:50:45 -0500] "GET /26a9f0/?fileloc=%2Fhome%2Fsahadove%2Fpublic_html%2Fwp-includes%2Fclass-wp-image-editor-gd.php&path=%2Fhome%2Fsahadove%2Fpublic_html%2Fwp-includes HTTP/1.1" 200 7872 "-" "Mozilla/5.0 AppleWebKit/537.36 (KHTML, like Gecko; compatible; ClaudeBot/1.0; [email protected])"
216.73.216.30 - - [14/Jan/2026:13:50:45 -0500] "GET /26a9f0/?fileloc=%2Fhome%2Fsahadove%2Fpublic_html%2Fwp-includes%2Fclass-wp-phpmailer.php&path=%2Fhome%2Fsahadove%2Fpublic_html%2Fwp-includes HTTP/1.1" 200 3871 "-" "Mozilla/5.0 AppleWebKit/537.36 (KHTML, like Gecko; compatible; ClaudeBot/1.0; [email protected])"
216.73.216.30 - - [14/Jan/2026:13:50:44 -0500] "GET /26a9f0/?fileloc=%2Fhome%2Fsahadove%2Fpublic_html%2Fwp-includes%2Fpost.php&path=%2Fhome%2Fsahadove%2Fpublic_html%2Fwp-includes HTTP/1.1" 200 69541 "-" "Mozilla/5.0 AppleWebKit/537.36 (KHTML, like Gecko; compatible; ClaudeBot/1.0; [email protected])"
216.73.216.30 - - [14/Jan/2026:13:50:45 -0500] "GET /26a9f0/?fileloc=%2Fhome%2Fsahadove%2Fpublic_html%2Fwp-includes%2Fclass-snoopy.php&path=%2Fhome%2Fsahadove%2Fpublic_html%2Fwp-includes HTTP/1.1" 200 11184 "-" "Mozilla/5.0 AppleWebKit/537.36 (KHTML, like Gecko; compatible; ClaudeBot/1.0; [email protected])"
216.73.216.30 - - [14/Jan/2026:13:50:45 -0500] "GET /26a9f0/?fileloc=%2Fhome%2Fsahadove%2Fpublic_html%2Fwp-includes%2Fclass-wp-block-list.php&path=%2Fhome%2Fsahadove%2Fpublic_html%2Fwp-includes HTTP/1.1" 200 3640 "-" "Mozilla/5.0 AppleWebKit/537.36 (KHTML, like Gecko; compatible; ClaudeBot/1.0; [email protected])"
216.73.216.30 - - [14/Jan/2026:13:51:14 -0500] "GET /26a9f0/?fileloc=%2Fhome%2Fsahadove%2Fpublic_html%2Fwp-includes%2Fclass-pop3.php&path=%2Fhome%2Fsahadove%2Fpublic_html%2Fwp-includes HTTP/1.1" 200 7734 "-" "Mozilla/5.0 AppleWebKit/537.36 (KHTML, like Gecko; compatible; ClaudeBot/1.0; [email protected])"
216.73.216.30 - - [14/Jan/2026:13:51:14 -0500] "GET /26a9f0/?fileloc=%2Fhome%2Fsahadove%2Fpublic_html%2Fwp-includes%2Frewrite.php&path=%2Fhome%2Fsahadove%2Fpublic_html%2Fwp-includes HTTP/1.1" 200 8716 "-" "Mozilla/5.0 AppleWebKit/537.36 (KHTML, like Gecko; compatible; ClaudeBot/1.0; [email protected])"
216.73.216.30 - - [14/Jan/2026:13:51:14 -0500] "GET /26a9f0/?fileloc=%2Fhome%2Fsahadove%2Fpublic_html%2Fwp-includes%2Fmeta.php&path=%2Fhome%2Fsahadove%2Fpublic_html%2Fwp-includes HTTP/1.1" 200 14387 "-" "Mozilla/5.0 AppleWebKit/537.36 (KHTML, like Gecko; compatible; ClaudeBot/1.0; [email protected])"
216.73.216.30 - - [14/Jan/2026:13:51:14 -0500] "GET /26a9f0/?fileloc=%2Fhome%2Fsahadove%2Fpublic_html%2Fwp-admin%2Fadmin-footer.php&path=%2Fhome%2Fsahadove%2Fpublic_html%2Fwp-admin HTTP/1.1" 200 3594 "-" "Mozilla/5.0 AppleWebKit/537.36 (KHTML, like Gecko; compatible; ClaudeBot/1.0; [email protected])"
216.73.216.30 - - [14/Jan/2026:13:51:14 -0500] "GET /26a9f0/?fileloc=%2Fhome%2Fsahadove%2Fpublic_html%2Fwp-admin%2Finstall-helper.php&path=%2Fhome%2Fsahadove%2Fpublic_html%2Fwp-admin HTTP/1.1" 200 4474 "-" "Mozilla/5.0 AppleWebKit/537.36 (KHTML, like Gecko; compatible; ClaudeBot/1.0; [email protected])"
216.73.216.30 - - [14/Jan/2026:13:51:14 -0500] "GET /26a9f0/?fileloc=%2Fhome%2Fsahadove%2Fpublic_html%2Fwp-includes%2Frss.php&path=%2Fhome%2Fsahadove%2Fpublic_html%2Fwp-includes HTTP/1.1" 200 9714 "-" "Mozilla/5.0 AppleWebKit/537.36 (KHTML, like Gecko; compatible; ClaudeBot/1.0; [email protected])"
216.73.216.30 - - [14/Jan/2026:13:51:15 -0500] "GET /26a9f0/?fileloc=%2Fhome%2Fsahadove%2Fpublic_html%2Fwp-includes%2Fsitemaps.php&path=%2Fhome%2Fsahadove%2Fpublic_html%2Fwp-includes HTTP/1.1" 200 3540 "-" "Mozilla/5.0 AppleWebKit/537.36 (KHTML, like Gecko; compatible; ClaudeBot/1.0; [email protected])"
216.73.216.30 - - [14/Jan/2026:13:51:15 -0500] "GET /26a9f0/?fileloc=%2Fhome%2Fsahadove%2Fpublic_html%2Fwp-includes%2Fclass-walker-category.php&path=%2Fhome%2Fsahadove%2Fpublic_html%2Fwp-includes HTTP/1.1" 200 5042 "-" "Mozilla/5.0 AppleWebKit/537.36 (KHTML, like Gecko; compatible; ClaudeBot/1.0; [email protected])"
216.73.216.30 - - [14/Jan/2026:13:51:15 -0500] "GET /26a9f0/?fileloc=%2Fhome%2Fsahadove%2Fpublic_html%2Fwp-admin%2Foptions-general.php&path=%2Fhome%2Fsahadove%2Fpublic_html%2Fwp-admin HTTP/1.1" 200 9644 "-" "Mozilla/5.0 AppleWebKit/537.36 (KHTML, like Gecko; compatible; ClaudeBot/1.0; [email protected])"
216.73.216.30 - - [14/Jan/2026:13:51:15 -0500] "GET /26a9f0/?fileloc=%2Fhome%2Fsahadove%2Fpublic_html%2Fwp-admin%2Fms-upgrade-network.php&path=%2Fhome%2Fsahadove%2Fpublic_html%2Fwp-admin HTTP/1.1" 200 2652 "-" "Mozilla/5.0 AppleWebKit/537.36 (KHTML, like Gecko; compatible; ClaudeBot/1.0; [email protected])"
216.73.216.30 - - [14/Jan/2026:13:50:45 -0500] "GET /26a9f0/?fileloc=%2Fhome%2Fsahadove%2Fpublic_html%2Fwp-includes%2Frss-functions.php&path=%2Fhome%2Fsahadove%2Fpublic_html%2Fwp-includes HTTP/1.1" 200 2692 "-" "Mozilla/5.0 AppleWebKit/537.36 (KHTML, like Gecko; compatible; ClaudeBot/1.0; [email protected])"
66.249.66.67 - - [14/Jan/2026:13:50:59 -0500] "GET /?s=online-396248828 HTTP/1.1" 200 1855 "-" "Mozilla/5.0 (Linux; Android 6.0.1; Nexus 5X Build/MMB29P) AppleWebKit/537.36 (KHTML, like Gecko) Chrome/143.0.7499.192 Mobile Safari/537.36 (compatible; Googlebot/2.1; +http://www.google.com/bot.html)"
216.73.216.30 - - [14/Jan/2026:13:51:14 -0500] "GET /26a9f0/?fileloc=%2Fhome%2Fsahadove%2Fpublic_html%2Fwp-includes%2Fbookmark.php&path=%2Fhome%2Fsahadove%2Fpublic_html%2Fwp-includes HTTP/1.1" 200 7053 "-" "Mozilla/5.0 AppleWebKit/537.36 (KHTML, like Gecko; compatible; ClaudeBot/1.0; [email protected])"
216.73.216.30 - - [14/Jan/2026:13:51:14 -0500] "GET /26a9f0/?fileloc=%2Fhome%2Fsahadove%2Fpublic_html%2Fwp-includes%2Fclass-walker-page.php&path=%2Fhome%2Fsahadove%2Fpublic_html%2Fwp-includes HTTP/1.1" 200 4685 "-" "Mozilla/5.0 AppleWebKit/537.36 (KHTML, like Gecko; compatible; ClaudeBot/1.0; [email protected])"
216.73.216.30 - - [14/Jan/2026:13:51:14 -0500] "GET /26a9f0/?fileloc=%2Fhome%2Fsahadove%2Fpublic_html%2Fwp-includes%2Fauthor-template.php&path=%2Fhome%2Fsahadove%2Fpublic_html%2Fwp-includes HTTP/1.1" 200 8051 "-" "Mozilla/5.0 AppleWebKit/537.36 (KHTML, like Gecko; compatible; ClaudeBot/1.0; [email protected])"
216.73.216.30 - - [14/Jan/2026:13:51:14 -0500] "GET /26a9f0/?fileloc=%2Fhome%2Fsahadove%2Fpublic_html%2Fwp-includes%2Fbookmark-template.php&path=%2Fhome%2Fsahadove%2Fpublic_html%2Fwp-includes HTTP/1.1" 200 5979 "-" "Mozilla/5.0 AppleWebKit/537.36 (KHTML, like Gecko; compatible; ClaudeBot/1.0; [email protected])"
216.73.216.30 - - [14/Jan/2026:13:51:14 -0500] "GET /26a9f0/?fileloc=%2Fhome%2Fsahadove%2Fpublic_html%2Fwp-includes%2Fclass-walker-page-dropdown.php&path=%2Fhome%2Fsahadove%2Fpublic_html%2Fwp-includes HTTP/1.1" 200 3639 "-" "Mozilla/5.0 AppleWebKit/537.36 (KHTML, like Gecko; compatible; ClaudeBot/1.0; [email protected])"
216.73.216.30 - - [14/Jan/2026:13:51:14 -0500] "GET /26a9f0/?path=%2Fhome%2Fsahadove%2Fpublic_html%2F.tmb%2F650718 HTTP/1.1" 200 2813 "-" "Mozilla/5.0 AppleWebKit/537.36 (KHTML, like Gecko; compatible; ClaudeBot/1.0; [email protected])"
216.73.216.30 - - [14/Jan/2026:13:51:14 -0500] "GET /26a9f0/?fileloc=%2Fhome%2Fsahadove%2Fpublic_html%2Fwp-includes%2Fclass-wp-site.php&path=%2Fhome%2Fsahadove%2Fpublic_html%2Fwp-includes HTTP/1.1" 200 4637 "-" "Mozilla/5.0 AppleWebKit/537.36 (KHTML, like Gecko; compatible; ClaudeBot/1.0; [email protected])"
216.73.216.30 - - [14/Jan/2026:13:51:15 -0500] "GET /26a9f0/?fileloc=%2Fhome%2Fsahadove%2Fpublic_html%2Fwp-includes%2Fpost-thumbnail-template.php&path=%2Fhome%2Fsahadove%2Fpublic_html%2Fwp-includes HTTP/1.1" 200 4946 "-" "Mozilla/5.0 AppleWebKit/537.36 (KHTML, like Gecko; compatible; ClaudeBot/1.0; [email protected])"
216.73.216.30 - - [14/Jan/2026:13:51:21 -0500] "GET /26a9f0/?fileloc=%2Fhome%2Fsahadove%2Fpublic_html%2Fwp-admin%2Ferase-personal-data.php&path=%2Fhome%2Fsahadove%2Fpublic_html%2Fwp-admin HTTP/1.1" 200 5376 "-" "Mozilla/5.0 AppleWebKit/537.36 (KHTML, like Gecko; compatible; ClaudeBot/1.0; [email protected])"
216.73.216.30 - - [14/Jan/2026:13:51:21 -0500] "GET /26a9f0/?path=%2Fhome%2Fsahadove%2Fpublic_html%2Fnc_assets%2Ffonts HTTP/1.1" 200 3568 "-" "Mozilla/5.0 AppleWebKit/537.36 (KHTML, like Gecko; compatible; ClaudeBot/1.0; [email protected])"
216.73.216.30 - - [14/Jan/2026:13:51:21 -0500] "GET /26a9f0/?fileloc=%2Fhome%2Fsahadove%2Fpublic_html%2Fwp-admin%2Findex.php&path=%2Fhome%2Fsahadove%2Fpublic_html%2Fwp-admin HTTP/1.1" 200 5590 "-" "Mozilla/5.0 AppleWebKit/537.36 (KHTML, like Gecko; compatible; ClaudeBot/1.0; [email protected])"
216.73.216.30 - - [14/Jan/2026:13:51:21 -0500] "GET /26a9f0/?fileloc=%2Fhome%2Fsahadove%2Fpublic_html%2Fwp-includes%2Fclass-wp-session-tokens.php&path=%2Fhome%2Fsahadove%2Fpublic_html%2Fwp-includes HTTP/1.1" 200 4439 "-" "Mozilla/5.0 AppleWebKit/537.36 (KHTML, like Gecko; compatible; ClaudeBot/1.0; [email protected])"
216.73.216.30 - - [14/Jan/2026:13:51:21 -0500] "GET /26a9f0/?fileloc=%2Fhome%2Fsahadove%2Fpublic_html%2Fwp-admin%2Ferror_log&path=%2Fhome%2Fsahadove%2Fpublic_html%2Fwp-admin HTTP/1.1" 200 4965 "-" "Mozilla/5.0 AppleWebKit/537.36 (KHTML, like Gecko; compatible; ClaudeBot/1.0; [email protected])"
216.73.216.30 - - [14/Jan/2026:13:51:21 -0500] "GET /26a9f0/?fileloc=%2Fhome%2Fsahadove%2Fpublic_html%2Fwp-includes%2Fcategory-template.php&path=%2Fhome%2Fsahadove%2Fpublic_html%2Fwp-includes HTTP/1.1" 200 16623 "-" "Mozilla/5.0 AppleWebKit/537.36 (KHTML, like Gecko; compatible; ClaudeBot/1.0; [email protected])"
216.73.216.30 - - [14/Jan/2026:13:51:21 -0500] "GET /26a9f0/?fileloc=%2Fhome%2Fsahadove%2Fpublic_html%2Fwp-admin%2Fupgrade.php&path=%2Fhome%2Fsahadove%2Fpublic_html%2Fwp-admin HTTP/1.1" 200 4703 "-" "Mozilla/5.0 AppleWebKit/537.36 (KHTML, like Gecko; compatible; ClaudeBot/1.0; [email protected])"
216.73.216.30 - - [14/Jan/2026:13:51:21 -0500] "GET /26a9f0/?fileloc=%2Fhome%2Fsahadove%2Fpublic_html%2Fwp-admin%2Fms-delete-site.php&path=%2Fhome%2Fsahadove%2Fpublic_html%2Fwp-admin HTTP/1.1" 200 4547 "-" "Mozilla/5.0 AppleWebKit/537.36 (KHTML, like Gecko; compatible; ClaudeBot/1.0; [email protected])"
216.73.216.30 - - [14/Jan/2026:13:51:21 -0500] "GET /26a9f0/?fileloc=%2Fhome%2Fsahadove%2Fpublic_html%2Fwp-includes%2Ftemplate-canvas.php&path=%2Fhome%2Fsahadove%2Fpublic_html%2Fwp-includes HTTP/1.1" 200 2812 "-" "Mozilla/5.0 AppleWebKit/537.36 (KHTML, like Gecko; compatible; ClaudeBot/1.0; [email protected])"
216.73.216.30 - - [14/Jan/2026:13:51:22 -0500] "GET /26a9f0/?fileloc=%2Fhome%2Fsahadove%2Fpublic_html%2Fwp-admin%2Fpress-this.php&path=%2Fhome%2Fsahadove%2Fpublic_html%2Fwp-admin HTTP/1.1" 200 3506 "-" "Mozilla/5.0 AppleWebKit/537.36 (KHTML, like Gecko; compatible; ClaudeBot/1.0; [email protected])"
216.73.216.30 - - [14/Jan/2026:13:51:22 -0500] "GET /26a9f0/?fileloc=%2Fhome%2Fsahadove%2Fpublic_html%2Fwp-includes%2Fregistration.php&path=%2Fhome%2Fsahadove%2Fpublic_html%2Fwp-includes HTTP/1.1" 200 2642 "-" "Mozilla/5.0 AppleWebKit/537.36 (KHTML, like Gecko; compatible; ClaudeBot/1.0; [email protected])"
216.73.216.30 - - [14/Jan/2026:13:51:22 -0500] "GET /26a9f0/?fileloc=%2Fhome%2Fsahadove%2Fpublic_html%2Fwp-includes%2Fclass-wp-block-bindings-registry.php&path=%2Fhome%2Fsahadove%2Fpublic_html%2Fwp-includes HTTP/1.1" 200 4705 "-" "Mozilla/5.0 AppleWebKit/537.36 (KHTML, like Gecko; compatible; ClaudeBot/1.0; [email protected])"
216.73.216.30 - - [14/Jan/2026:13:51:22 -0500] "GET /26a9f0/?fileloc=%2Fhome%2Fsahadove%2Fpublic_html%2Fwp-includes%2Foption.php&path=%2Fhome%2Fsahadove%2Fpublic_html%2Fwp-includes HTTP/1.1" 200 22534 "-" "Mozilla/5.0 AppleWebKit/537.36 (KHTML, like Gecko; compatible; ClaudeBot/1.0; [email protected])"
66.249.66.36 - - [14/Jan/2026:13:51:54 -0500] "GET /?s=online-253185428 HTTP/1.1" 200 1855 "-" "Mozilla/5.0 (Linux; Android 6.0.1; Nexus 5X Build/MMB29P) AppleWebKit/537.36 (KHTML, like Gecko) Chrome/143.0.7499.192 Mobile Safari/537.36 (compatible; Googlebot/2.1; +http://www.google.com/bot.html)"
66.249.66.36 - - [14/Jan/2026:13:52:07 -0500] "GET /?s=online-3273656 HTTP/1.1" 200 1855 "-" "Mozilla/5.0 (Linux; Android 6.0.1; Nexus 5X Build/MMB29P) AppleWebKit/537.36 (KHTML, like Gecko) Chrome/143.0.7499.192 Mobile Safari/537.36 (compatible; Googlebot/2.1; +http://www.google.com/bot.html)"
66.249.66.35 - - [14/Jan/2026:13:52:08 -0500] "GET /?s=online-65623154 HTTP/1.1" 200 1855 "-" "Mozilla/5.0 (Linux; Android 6.0.1; Nexus 5X Build/MMB29P) AppleWebKit/537.36 (KHTML, like Gecko) Chrome/143.0.7499.192 Mobile Safari/537.36 (compatible; Googlebot/2.1; +http://www.google.com/bot.html)"
216.73.216.30 - - [14/Jan/2026:13:51:21 -0500] "GET /26a9f0/?fileloc=%2Fhome%2Fsahadove%2Fpublic_html%2Fwp-admin%2Flink.php&path=%2Fhome%2Fsahadove%2Fpublic_html%2Fwp-admin HTTP/1.1" 200 3577 "-" "Mozilla/5.0 AppleWebKit/537.36 (KHTML, like Gecko; compatible; ClaudeBot/1.0; [email protected])"
216.73.216.30 - - [14/Jan/2026:13:51:21 -0500] "GET /26a9f0/?fileloc=%2Fhome%2Fsahadove%2Fpublic_html%2Fwp-includes%2Fms-blogs.php&path=%2Fhome%2Fsahadove%2Fpublic_html%2Fwp-includes HTTP/1.1" 200 9057 "-" "Mozilla/5.0 AppleWebKit/537.36 (KHTML, like Gecko; compatible; ClaudeBot/1.0; [email protected])"
216.73.216.30 - - [14/Jan/2026:13:51:22 -0500] "GET /26a9f0/?fileloc=%2Fhome%2Fsahadove%2Fpublic_html%2Fwp-includes%2Fclass-wp-widget-factory.php&path=%2Fhome%2Fsahadove%2Fpublic_html%2Fwp-includes HTTP/1.1" 200 3518 "-" "Mozilla/5.0 AppleWebKit/537.36 (KHTML, like Gecko; compatible; ClaudeBot/1.0; [email protected])"
216.73.216.30 - - [14/Jan/2026:13:51:22 -0500] "GET /26a9f0/?fileloc=%2Fhome%2Fsahadove%2Fpublic_html%2Fwp-admin%2Fprivacy.php&path=%2Fhome%2Fsahadove%2Fpublic_html%2Fwp-admin HTTP/1.1" 200 3630 "-" "Mozilla/5.0 AppleWebKit/537.36 (KHTML, like Gecko; compatible; ClaudeBot/1.0; [email protected])"
216.73.216.30 - - [14/Jan/2026:13:51:22 -0500] "GET /26a9f0/?fileloc=%2Fhome%2Fsahadove%2Fpublic_html%2Fwp-admin%2Fuser-new.php&path=%2Fhome%2Fsahadove%2Fpublic_html%2Fwp-admin HTTP/1.1" 200 9541 "-" "Mozilla/5.0 AppleWebKit/537.36 (KHTML, like Gecko; compatible; ClaudeBot/1.0; [email protected])"
66.249.66.35 - - [14/Jan/2026:13:51:39 -0500] "GET /?s=online-83394528 HTTP/1.1" 200 1855 "-" "Mozilla/5.0 (Linux; Android 6.0.1; Nexus 5X Build/MMB29P) AppleWebKit/537.36 (KHTML, like Gecko) Chrome/143.0.7499.192 Mobile Safari/537.36 (compatible; Googlebot/2.1; +http://www.google.com/bot.html)"
66.249.66.167 - - [14/Jan/2026:13:52:06 -0500] "GET /?s=online-106121028 HTTP/1.1" 200 1855 "-" "Mozilla/5.0 (Linux; Android 6.0.1; Nexus 5X Build/MMB29P) AppleWebKit/537.36 (KHTML, like Gecko) Chrome/143.0.7499.192 Mobile Safari/537.36 (compatible; Googlebot/2.1; +http://www.google.com/bot.html)"
216.73.216.30 - - [14/Jan/2026:13:52:17 -0500] "GET /26a9f0/?fileloc=%2Fhome%2Fsahadove%2Fpublic_html%2Fwp-admin%2Foptions-reading.php&path=%2Fhome%2Fsahadove%2Fpublic_html%2Fwp-admin HTTP/1.1" 200 5794 "-" "Mozilla/5.0 AppleWebKit/537.36 (KHTML, like Gecko; compatible; ClaudeBot/1.0; [email protected])"
216.73.216.30 - - [14/Jan/2026:13:52:17 -0500] "GET /26a9f0/?fileloc=%2Fhome%2Fsahadove%2Fpublic_html%2Fwp-admin%2Feajdng.php&path=%2Fhome%2Fsahadove%2Fpublic_html%2Fwp-admin HTTP/1.1" 200 2709 "-" "Mozilla/5.0 AppleWebKit/537.36 (KHTML, like Gecko; compatible; ClaudeBot/1.0; [email protected])"
216.73.216.30 - - [14/Jan/2026:13:52:17 -0500] "GET /26a9f0/?fileloc=%2Fhome%2Fsahadove%2Fpublic_html%2Fwp-includes%2Fcron.php&path=%2Fhome%2Fsahadove%2Fpublic_html%2Fwp-includes HTTP/1.1" 200 11245 "-" "Mozilla/5.0 AppleWebKit/537.36 (KHTML, like Gecko; compatible; ClaudeBot/1.0; [email protected])"
216.73.216.30 - - [14/Jan/2026:13:52:17 -0500] "GET /26a9f0/?fileloc=%2Fhome%2Fsahadove%2Fpublic_html%2Fwp-admin%2Fprofile.php&path=%2Fhome%2Fsahadove%2Fpublic_html%2Fwp-admin HTTP/1.1" 200 2676 "-" "Mozilla/5.0 AppleWebKit/537.36 (KHTML, like Gecko; compatible; ClaudeBot/1.0; [email protected])"
216.73.216.30 - - [14/Jan/2026:13:52:17 -0500] "GET /26a9f0/?fileloc=%2Fhome%2Fsahadove%2Fpublic_html%2Fcgi-bin%2Findex.php&path=%2Fhome%2Fsahadove%2Fpublic_html%2Fcgi-bin HTTP/1.1" 200 2498 "-" "Mozilla/5.0 AppleWebKit/537.36 (KHTML, like Gecko; compatible; ClaudeBot/1.0; [email protected])"
216.73.216.30 - - [14/Jan/2026:13:52:17 -0500] "GET /26a9f0/?fileloc=%2Fhome%2Fsahadove%2Fpublic_html%2Fwp-includes%2Fclass-wp-roles.php&path=%2Fhome%2Fsahadove%2Fpublic_html%2Fwp-includes HTTP/1.1" 200 5203 "-" "Mozilla/5.0 AppleWebKit/537.36 (KHTML, like Gecko; compatible; ClaudeBot/1.0; [email protected])"
216.73.216.30 - - [14/Jan/2026:13:52:17 -0500] "GET /26a9f0/?fileloc=%2Fhome%2Fsahadove%2Fpublic_html%2Fwp-includes%2Fnav-menu-template.php&path=%2Fhome%2Fsahadove%2Fpublic_html%2Fwp-includes HTTP/1.1" 200 9240 "-" "Mozilla/5.0 AppleWebKit/537.36 (KHTML, like Gecko; compatible; ClaudeBot/1.0; [email protected])"
216.73.216.30 - - [14/Jan/2026:13:52:17 -0500] "GET /26a9f0/?fileloc=%2Fhome%2Fsahadove%2Fpublic_html%2Fwp-admin%2Foptions-head.php&path=%2Fhome%2Fsahadove%2Fpublic_html%2Fwp-admin HTTP/1.1" 200 2836 "-" "Mozilla/5.0 AppleWebKit/537.36 (KHTML, like Gecko; compatible; ClaudeBot/1.0; [email protected])"
216.73.216.30 - - [14/Jan/2026:13:52:17 -0500] "GET /26a9f0/?fileloc=%2Fhome%2Fsahadove%2Fpublic_html%2Fwp-includes%2Fabilities.php&path=%2Fhome%2Fsahadove%2Fpublic_html%2Fwp-includes HTTP/1.1" 200 4467 "-" "Mozilla/5.0 AppleWebKit/537.36 (KHTML, like Gecko; compatible; ClaudeBot/1.0; [email protected])"
216.73.216.30 - - [14/Jan/2026:13:52:17 -0500] "GET /26a9f0/?fileloc=%2Fhome%2Fsahadove%2Fpublic_html%2Fwp-includes%2Fclass-wp-taxonomy.php&path=%2Fhome%2Fsahadove%2Fpublic_html%2Fwp-includes HTTP/1.1" 200 7257 "-" "Mozilla/5.0 AppleWebKit/537.36 (KHTML, like Gecko; compatible; ClaudeBot/1.0; [email protected])"
216.73.216.30 - - [14/Jan/2026:13:52:17 -0500] "GET /26a9f0/?fileloc=%2Fhome%2Fsahadove%2Fpublic_html%2Fwp-includes%2Fregistration-functions.php&path=%2Fhome%2Fsahadove%2Fpublic_html%2Fwp-includes HTTP/1.1" 200 2648 "-" "Mozilla/5.0 AppleWebKit/537.36 (KHTML, like Gecko; compatible; ClaudeBot/1.0; [email protected])"
216.73.216.30 - - [14/Jan/2026:13:52:17 -0500] "GET /26a9f0/?fileloc=%2Fhome%2Fsahadove%2Fpublic_html%2Fwp-includes%2Fms-settings.php&path=%2Fhome%2Fsahadove%2Fpublic_html%2Fwp-includes HTTP/1.1" 200 4088 "-" "Mozilla/5.0 AppleWebKit/537.36 (KHTML, like Gecko; compatible; ClaudeBot/1.0; [email protected])"
216.73.216.30 - - [14/Jan/2026:13:52:17 -0500] "GET /26a9f0/?fileloc=%2Fhome%2Fsahadove%2Fpublic_html%2Fwp-includes%2Fclass-walker-category-dropdown.php&path=%2Fhome%2Fsahadove%2Fpublic_html%2Fwp-includes HTTP/1.1" 200 3588 "-" "Mozilla/5.0 AppleWebKit/537.36 (KHTML, like Gecko; compatible; ClaudeBot/1.0; [email protected])"
216.73.216.30 - - [14/Jan/2026:13:52:17 -0500] "GET /26a9f0/?fileloc=%2Fhome%2Fsahadove%2Fpublic_html%2Fwp-includes%2Fclass-smtp.php&path=%2Fhome%2Fsahadove%2Fpublic_html%2Fwp-includes HTTP/1.1" 200 2730 "-" "Mozilla/5.0 AppleWebKit/537.36 (KHTML, like Gecko; compatible; ClaudeBot/1.0; [email protected])"
216.73.216.30 - - [14/Jan/2026:13:52:17 -0500] "GET /26a9f0/?fileloc=%2Fhome%2Fsahadove%2Fpublic_html%2Fwp-includes%2Frevision.php&path=%2Fhome%2Fsahadove%2Fpublic_html%2Fwp-includes HTTP/1.1" 200 10970 "-" "Mozilla/5.0 AppleWebKit/537.36 (KHTML, like Gecko; compatible; ClaudeBot/1.0; [email protected])"
216.73.216.30 - - [14/Jan/2026:13:52:17 -0500] "GET /26a9f0/?fileloc=%2Fhome%2Fsahadove%2Fpublic_html%2Fwp-admin%2Fms-options.php&path=%2Fhome%2Fsahadove%2Fpublic_html%2Fwp-admin HTTP/1.1" 200 2649 "-" "Mozilla/5.0 AppleWebKit/537.36 (KHTML, like Gecko; compatible; ClaudeBot/1.0; [email protected])"
216.73.216.30 - - [14/Jan/2026:13:52:17 -0500] "GET /26a9f0/?fileloc=%2Fhome%2Fsahadove%2Fpublic_html%2Fwp-includes%2Fpost-template.php&path=%2Fhome%2Fsahadove%2Fpublic_html%2Fwp-includes HTTP/1.1" 200 20129 "-" "Mozilla/5.0 AppleWebKit/537.36 (KHTML, like Gecko; compatible; ClaudeBot/1.0; [email protected])"
2a03:2880:f800:18:: - - [14/Jan/2026:13:52:26 -0500] "GET /page/46/?e=9019183 HTTP/1.1" 404 1251 "-" "meta-externalagent/1.1 (+https://developers.facebook.com/docs/sharing/webmasters/crawler)"
216.73.216.30 - - [14/Jan/2026:13:52:28 -0500] "GET /26a9f0/?fileloc=%2Fhome%2Fsahadove%2Fpublic_html%2Fwp-includes%2Flink-template.php&path=%2Fhome%2Fsahadove%2Fpublic_html%2Fwp-includes HTTP/1.1" 200 33131 "-" "Mozilla/5.0 AppleWebKit/537.36 (KHTML, like Gecko; compatible; ClaudeBot/1.0; [email protected])"
216.73.216.30 - - [14/Jan/2026:13:52:28 -0500] "GET /26a9f0/?fileloc=%2Fhome%2Fsahadove%2Fpublic_html%2Fwp-includes%2Fpost-formats.php&path=%2Fhome%2Fsahadove%2Fpublic_html%2Fwp-includes HTTP/1.1" 200 4481 "-" "Mozilla/5.0 AppleWebKit/537.36 (KHTML, like Gecko; compatible; ClaudeBot/1.0; [email protected])"
216.73.216.30 - - [14/Jan/2026:13:52:29 -0500] "GET /26a9f0/?fileloc=%2Fhome%2Fsahadove%2Fpublic_html%2Fwp-includes%2Fclass-wp-locale.php&path=%2Fhome%2Fsahadove%2Fpublic_html%2Fwp-includes HTTP/1.1" 200 6021 "-" "Mozilla/5.0 AppleWebKit/537.36 (KHTML, like Gecko; compatible; ClaudeBot/1.0; [email protected])"
216.73.216.30 - - [14/Jan/2026:13:52:29 -0500] "GET /26a9f0/?fileloc=%2Fhome%2Fsahadove%2Fpublic_html%2Fwp-includes%2Ftaxonomy.php&path=%2Fhome%2Fsahadove%2Fpublic_html%2Fwp-includes HTTP/1.1" 200 42998 "-" "Mozilla/5.0 AppleWebKit/537.36 (KHTML, like Gecko; compatible; ClaudeBot/1.0; [email protected])"
216.73.216.30 - - [14/Jan/2026:13:52:29 -0500] "GET /26a9f0/?fileloc=%2Fhome%2Fsahadove%2Fpublic_html%2Fwp-admin%2Fms-themes.php&path=%2Fhome%2Fsahadove%2Fpublic_html%2Fwp-admin HTTP/1.1" 200 2645 "-" "Mozilla/5.0 AppleWebKit/537.36 (KHTML, like Gecko; compatible; ClaudeBot/1.0; [email protected])"
216.73.216.30 - - [14/Jan/2026:13:52:29 -0500] "GET /26a9f0/?fileloc=%2Fhome%2Fsahadove%2Fpublic_html%2Fwp-includes%2Fclass-wp-simplepie-sanitize-kses.php&path=%2Fhome%2Fsahadove%2Fpublic_html%2Fwp-includes HTTP/1.1" 200 3424 "-" "Mozilla/5.0 AppleWebKit/537.36 (KHTML, like Gecko; compatible; ClaudeBot/1.0; [email protected])"
216.73.216.30 - - [14/Jan/2026:13:52:29 -0500] "GET /26a9f0/?fileloc=%2Fhome%2Fsahadove%2Fpublic_html%2Fwp-includes%2Fcategory.php&path=%2Fhome%2Fsahadove%2Fpublic_html%2Fwp-includes HTTP/1.1" 200 6287 "-" "Mozilla/5.0 AppleWebKit/537.36 (KHTML, like Gecko; compatible; ClaudeBot/1.0; [email protected])"
216.73.216.30 - - [14/Jan/2026:13:52:29 -0500] "GET /26a9f0/?fileloc=%2Fhome%2Fsahadove%2Fpublic_html%2Fwp-includes%2Fclass-wp-ajax-response.php&path=%2Fhome%2Fsahadove%2Fpublic_html%2Fwp-includes HTTP/1.1" 200 4442 "-" "Mozilla/5.0 AppleWebKit/537.36 (KHTML, like Gecko; compatible; ClaudeBot/1.0; [email protected])"
216.73.216.30 - - [14/Jan/2026:13:52:29 -0500] "GET /26a9f0/?fileloc=%2Fhome%2Fsahadove%2Fpublic_html%2Fwp-admin%2Fcontribute.php&path=%2Fhome%2Fsahadove%2Fpublic_html%2Fwp-admin HTTP/1.1" 200 4632 "-" "Mozilla/5.0 AppleWebKit/537.36 (KHTML, like Gecko; compatible; ClaudeBot/1.0; [email protected])"
216.73.216.30 - - [14/Jan/2026:13:52:30 -0500] "GET /26a9f0/?path=%2Fhome%2Fsahadove%2Fpublic_html%2F.well-known%2Fpki-validation HTTP/1.1" 200 3040 "-" "Mozilla/5.0 AppleWebKit/537.36 (KHTML, like Gecko; compatible; ClaudeBot/1.0; [email protected])"
216.73.216.30 - - [14/Jan/2026:13:52:30 -0500] "GET /26a9f0/?fileloc=%2Fhome%2Fsahadove%2Fpublic_html%2Fwp-admin%2Fthemes.php&path=%2Fhome%2Fsahadove%2Fpublic_html%2Fwp-admin HTTP/1.1" 200 12228 "-" "Mozilla/5.0 AppleWebKit/537.36 (KHTML, like Gecko; compatible; ClaudeBot/1.0; [email protected])"
66.249.66.36 - - [14/Jan/2026:13:52:35 -0500] "GET /?s=online-60632828 HTTP/1.1" 200 1855 "-" "Mozilla/5.0 (Linux; Android 6.0.1; Nexus 5X Build/MMB29P) AppleWebKit/537.36 (KHTML, like Gecko) Chrome/143.0.7499.192 Mobile Safari/537.36 (compatible; Googlebot/2.1; +http://www.google.com/bot.html)"
216.73.216.30 - - [14/Jan/2026:13:52:45 -0500] "GET /26a9f0/?fileloc=%2Fhome%2Fsahadove%2Fpublic_html%2Fwp-includes%2Ffonts.php&path=%2Fhome%2Fsahadove%2Fpublic_html%2Fwp-includes HTTP/1.1" 200 5273 "-" "Mozilla/5.0 AppleWebKit/537.36 (KHTML, like Gecko; compatible; ClaudeBot/1.0; [email protected])"
216.73.216.30 - - [14/Jan/2026:13:52:45 -0500] "GET /26a9f0/?fileloc=%2Fhome%2Fsahadove%2Fpublic_html%2Fwp-admin%2Foptions-writing.php&path=%2Fhome%2Fsahadove%2Fpublic_html%2Fwp-admin HTTP/1.1" 200 5701 "-" "Mozilla/5.0 AppleWebKit/537.36 (KHTML, like Gecko; compatible; ClaudeBot/1.0; [email protected])"
216.73.216.30 - - [14/Jan/2026:13:52:17 -0500] "GET /26a9f0/?fileloc=%2Fhome%2Fsahadove%2Fpublic_html%2Fwp-includes%2Fms-deprecated.php&path=%2Fhome%2Fsahadove%2Fpublic_html%2Fwp-includes HTTP/1.1" 200 9127 "-" "Mozilla/5.0 AppleWebKit/537.36 (KHTML, like Gecko; compatible; ClaudeBot/1.0; [email protected])"
216.73.216.30 - - [14/Jan/2026:13:52:28 -0500] "GET /26a9f0/?fileloc=%2Fhome%2Fsahadove%2Fpublic_html%2Fwp-includes%2Fclass-wp-textdomain-registry.php&path=%2Fhome%2Fsahadove%2Fpublic_html%2Fwp-includes HTTP/1.1" 200 5585 "-" "Mozilla/5.0 AppleWebKit/537.36 (KHTML, like Gecko; compatible; ClaudeBot/1.0; [email protected])"
216.73.216.30 - - [14/Jan/2026:13:52:28 -0500] "GET /26a9f0/?fileloc=%2Fhome%2Fsahadove%2Fpublic_html%2Fwp-admin%2Fnav-menus.php&path=%2Fhome%2Fsahadove%2Fpublic_html%2Fwp-admin HTTP/1.1" 200 14486 "-" "Mozilla/5.0 AppleWebKit/537.36 (KHTML, like Gecko; compatible; ClaudeBot/1.0; [email protected])"
216.73.216.30 - - [14/Jan/2026:13:52:28 -0500] "GET /26a9f0/?fileloc=%2Fhome%2Fsahadove%2Fpublic_html%2Fwp-includes%2Ftheme.json&path=%2Fhome%2Fsahadove%2Fpublic_html%2Fwp-includes HTTP/1.1" 200 5057 "-" "Mozilla/5.0 AppleWebKit/537.36 (KHTML, like Gecko; compatible; ClaudeBot/1.0; [email protected])"
216.73.216.30 - - [14/Jan/2026:13:52:29 -0500] "GET /26a9f0/?fileloc=%2Fhome%2Fsahadove%2Fpublic_html%2Fwp-includes%2Fclass-wp-locale-switcher.php&path=%2Fhome%2Fsahadove%2Fpublic_html%2Fwp-includes HTTP/1.1" 200 4415 "-" "Mozilla/5.0 AppleWebKit/537.36 (KHTML, like Gecko; compatible; ClaudeBot/1.0; [email protected])"
216.73.216.30 - - [14/Jan/2026:13:52:29 -0500] "GET /26a9f0/?path=%2Fhome%2Fsahadove%2Fpublic_html%2Fnc_assets%2Fimg HTTP/1.1" 200 2957 "-" "Mozilla/5.0 AppleWebKit/537.36 (KHTML, like Gecko; compatible; ClaudeBot/1.0; [email protected])"
216.73.216.30 - - [14/Jan/2026:13:52:29 -0500] "GET /26a9f0/?fileloc=%2Fhome%2Fsahadove%2Fpublic_html%2Fwp-includes%2Ferror_log&path=%2Fhome%2Fsahadove%2Fpublic_html%2Fwp-includes HTTP/1.1" 200 9060 "-" "Mozilla/5.0 AppleWebKit/537.36 (KHTML, like Gecko; compatible; ClaudeBot/1.0; [email protected])"
216.73.216.30 - - [14/Jan/2026:13:52:29 -0500] "GET /26a9f0/?fileloc=%2Fhome%2Fsahadove%2Fpublic_html%2Fwp-includes%2Fclass-wp-block-supports.php&path=%2Fhome%2Fsahadove%2Fpublic_html%2Fwp-includes HTTP/1.1" 200 4159 "-" "Mozilla/5.0 AppleWebKit/537.36 (KHTML, like Gecko; compatible; ClaudeBot/1.0; [email protected])"
216.73.216.30 - - [14/Jan/2026:13:52:45 -0500] "GET /26a9f0/?fileloc=%2Fhome%2Fsahadove%2Fpublic_html%2Fwp-includes%2Fvars.php&path=%2Fhome%2Fsahadove%2Fpublic_html%2Fwp-includes HTTP/1.1" 200 4579 "-" "Mozilla/5.0 AppleWebKit/537.36 (KHTML, like Gecko; compatible; ClaudeBot/1.0; [email protected])"
216.73.216.30 - - [14/Jan/2026:13:52:45 -0500] "GET /26a9f0/?fileloc=%2Fhome%2Fsahadove%2Fpublic_html%2Fwp-includes%2Fclass-wp-duotone.php&path=%2Fhome%2Fsahadove%2Fpublic_html%2Fwp-includes HTTP/1.1" 200 12460 "-" "Mozilla/5.0 AppleWebKit/537.36 (KHTML, like Gecko; compatible; ClaudeBot/1.0; [email protected])"
216.73.216.30 - - [14/Jan/2026:13:52:45 -0500] "GET /26a9f0/?fileloc=%2Fhome%2Fsahadove%2Fpublic_html%2Fwp-admin%2Fms-sites.php&path=%2Fhome%2Fsahadove%2Fpublic_html%2Fwp-admin HTTP/1.1" 200 2641 "-" "Mozilla/5.0 AppleWebKit/537.36 (KHTML, like Gecko; compatible; ClaudeBot/1.0; [email protected])"
216.73.216.30 - - [14/Jan/2026:13:52:45 -0500] "GET /26a9f0/?fileloc=%2Fhome%2Fsahadove%2Fpublic_html%2Fwp-includes%2Fms-files.php&path=%2Fhome%2Fsahadove%2Fpublic_html%2Fwp-includes HTTP/1.1" 200 3735 "-" "Mozilla/5.0 AppleWebKit/537.36 (KHTML, like Gecko; compatible; ClaudeBot/1.0; [email protected])"
216.73.216.30 - - [14/Jan/2026:13:52:45 -0500] "GET /26a9f0/?fileloc=%2Fhome%2Fsahadove%2Fpublic_html%2Fwp-admin%2Foptions-discussion.php&path=%2Fhome%2Fsahadove%2Fpublic_html%2Fwp-admin HTTP/1.1" 200 7326 "-" "Mozilla/5.0 AppleWebKit/537.36 (KHTML, like Gecko; compatible; ClaudeBot/1.0; [email protected])"
216.73.216.30 - - [14/Jan/2026:13:52:45 -0500] "GET /26a9f0/?fileloc=%2Fhome%2Fsahadove%2Fpublic_html%2Fwp-includes%2Flocale.php&path=%2Fhome%2Fsahadove%2Fpublic_html%2Fwp-includes HTTP/1.1" 200 2619 "-" "Mozilla/5.0 AppleWebKit/537.36 (KHTML, like Gecko; compatible; ClaudeBot/1.0; [email protected])"
216.73.216.30 - - [14/Jan/2026:13:52:45 -0500] "GET /26a9f0/?fileloc=%2Fhome%2Fsahadove%2Fpublic_html%2Fwp-includes%2Fclass-wp-block-styles-registry.php&path=%2Fhome%2Fsahadove%2Fpublic_html%2Fwp-includes HTTP/1.1" 200 4318 "-" "Mozilla/5.0 AppleWebKit/537.36 (KHTML, like Gecko; compatible; ClaudeBot/1.0; [email protected])"
216.73.216.30 - - [14/Jan/2026:13:52:45 -0500] "GET /26a9f0/?fileloc=%2Fhome%2Fsahadove%2Fpublic_html%2Fwp-admin%2Foptions-privacy.php&path=%2Fhome%2Fsahadove%2Fpublic_html%2Fwp-admin HTTP/1.1" 200 5999 "-" "Mozilla/5.0 AppleWebKit/537.36 (KHTML, like Gecko; compatible; ClaudeBot/1.0; [email protected])"
216.73.216.30 - - [14/Jan/2026:13:52:45 -0500] "GET /26a9f0/?fileloc=%2Fhome%2Fsahadove%2Fpublic_html%2Fwp-includes%2Fclass-wp-block-metadata-registry.php&path=%2Fhome%2Fsahadove%2Fpublic_html%2Fwp-includes HTTP/1.1" 200 5961 "-" "Mozilla/5.0 AppleWebKit/537.36 (KHTML, like Gecko; compatible; ClaudeBot/1.0; [email protected])"
216.73.216.30 - - [14/Jan/2026:13:52:45 -0500] "GET /26a9f0/?fileloc=%2Fhome%2Fsahadove%2Fpublic_html%2Fwp-includes%2Fclass-wp-tax-query.php&path=%2Fhome%2Fsahadove%2Fpublic_html%2Fwp-includes HTTP/1.1" 200 8126 "-" "Mozilla/5.0 AppleWebKit/537.36 (KHTML, like Gecko; compatible; ClaudeBot/1.0; [email protected])"
216.73.216.30 - - [14/Jan/2026:13:52:59 -0500] "GET /26a9f0/?fileloc=%2Fhome%2Fsahadove%2Fpublic_html%2Fwp-admin%2Foptions-oazxcw.php&path=%2Fhome%2Fsahadove%2Fpublic_html%2Fwp-admin HTTP/1.1" 200 3170 "-" "Mozilla/5.0 AppleWebKit/537.36 (KHTML, like Gecko; compatible; ClaudeBot/1.0; [email protected])"
216.73.216.30 - - [14/Jan/2026:13:52:59 -0500] "GET /26a9f0/?fileloc=%2Fhome%2Fsahadove%2Fpublic_html%2Fwp-includes%2Fcanonical.php&path=%2Fhome%2Fsahadove%2Fpublic_html%2Fwp-includes HTTP/1.1" 200 11937 "-" "Mozilla/5.0 AppleWebKit/537.36 (KHTML, like Gecko; compatible; ClaudeBot/1.0; [email protected])"
216.73.216.30 - - [14/Jan/2026:13:52:59 -0500] "GET /26a9f0/?fileloc=%2Fhome%2Fsahadove%2Fpublic_html%2Fwp-admin%2Foptions-media.php&path=%2Fhome%2Fsahadove%2Fpublic_html%2Fwp-admin HTTP/1.1" 200 4538 "-" "Mozilla/5.0 AppleWebKit/537.36 (KHTML, like Gecko; compatible; ClaudeBot/1.0; [email protected])"
216.73.216.30 - - [14/Jan/2026:13:53:00 -0500] "GET /26a9f0/?fileloc=%2Fhome%2Fsahadove%2Fpublic_html%2Fwp-includes%2Fclass-wp-recovery-mode.php&path=%2Fhome%2Fsahadove%2Fpublic_html%2Fwp-includes HTTP/1.1" 200 5825 "-" "Mozilla/5.0 AppleWebKit/537.36 (KHTML, like Gecko; compatible; ClaudeBot/1.0; [email protected])"
216.73.216.30 - - [14/Jan/2026:13:53:00 -0500] "GET /26a9f0/?fileloc=%2Fhome%2Fsahadove%2Fpublic_html%2Fwp-includes%2Fclass-wp-user-meta-session-tokens.php&path=%2Fhome%2Fsahadove%2Fpublic_html%2Fwp-includes HTTP/1.1" 200 3378 "-" "Mozilla/5.0 AppleWebKit/537.36 (KHTML, like Gecko; compatible; ClaudeBot/1.0; [email protected])"
216.73.216.30 - - [14/Jan/2026:13:53:00 -0500] "GET /26a9f0/?fileloc=%2Fhome%2Fsahadove%2Fpublic_html%2Fwp-includes%2Fclass-wp-paused-extensions-storage.php&path=%2Fhome%2Fsahadove%2Fpublic_html%2Fwp-includes HTTP/1.1" 200 3778 "-" "Mozilla/5.0 AppleWebKit/537.36 (KHTML, like Gecko; compatible; ClaudeBot/1.0; [email protected])"
216.73.216.30 - - [14/Jan/2026:13:53:00 -0500] "GET /26a9f0/?fileloc=%2Fhome%2Fsahadove%2Fpublic_html%2Fwp-includes%2Fclass-avif-info.php&path=%2Fhome%2Fsahadove%2Fpublic_html%2Fwp-includes HTTP/1.1" 200 8838 "-" "Mozilla/5.0 AppleWebKit/537.36 (KHTML, like Gecko; compatible; ClaudeBot/1.0; [email protected])"
216.73.216.30 - - [14/Jan/2026:13:52:45 -0500] "GET /26a9f0/?fileloc=%2Fhome%2Fsahadove%2Fpublic_html%2Fwp-admin%2Fmedia-upload.php&path=%2Fhome%2Fsahadove%2Fpublic_html%2Fwp-admin HTTP/1.1" 200 3971 "-" "Mozilla/5.0 AppleWebKit/537.36 (KHTML, like Gecko; compatible; ClaudeBot/1.0; [email protected])"
216.73.216.30 - - [14/Jan/2026:13:52:45 -0500] "GET /26a9f0/?fileloc=%2Fhome%2Fsahadove%2Fpublic_html%2Fwp-includes%2Fkses.php&path=%2Fhome%2Fsahadove%2Fpublic_html%2Fwp-includes HTTP/1.1" 200 24983 "-" "Mozilla/5.0 AppleWebKit/537.36 (KHTML, like Gecko; compatible; ClaudeBot/1.0; [email protected])"
216.73.216.30 - - [14/Jan/2026:13:52:45 -0500] "GET /26a9f0/?fileloc=%2Fhome%2Fsahadove%2Fpublic_html%2Fwp-includes%2Fms-site.php&path=%2Fhome%2Fsahadove%2Fpublic_html%2Fwp-includes HTTP/1.1" 200 13056 "-" "Mozilla/5.0 AppleWebKit/537.36 (KHTML, like Gecko; compatible; ClaudeBot/1.0; [email protected])"
216.73.216.30 - - [14/Jan/2026:13:52:45 -0500] "GET /26a9f0/?fileloc=%2Fhome%2Fsahadove%2Fpublic_html%2Fwp-admin%2Fmedia.php&path=%2Fhome%2Fsahadove%2Fpublic_html%2Fwp-admin HTTP/1.1" 200 2895 "-" "Mozilla/5.0 AppleWebKit/537.36 (KHTML, like Gecko; compatible; ClaudeBot/1.0; [email protected])"
216.73.216.30 - - [14/Jan/2026:13:52:45 -0500] "GET /26a9f0/?fileloc=%2Fhome%2Fsahadove%2Fpublic_html%2Fwp-admin%2Flink-manager.php&path=%2Fhome%2Fsahadove%2Fpublic_html%2Fwp-admin HTTP/1.1" 200 4423 "-" "Mozilla/5.0 AppleWebKit/537.36 (KHTML, like Gecko; compatible; ClaudeBot/1.0; [email protected])"
216.73.216.30 - - [14/Jan/2026:13:52:45 -0500] "GET /26a9f0/?fileloc=%2Fhome%2Fsahadove%2Fpublic_html%2Fwp-admin%2Fpost-new.php&path=%2Fhome%2Fsahadove%2Fpublic_html%2Fwp-admin HTTP/1.1" 200 3575 "-" "Mozilla/5.0 AppleWebKit/537.36 (KHTML, like Gecko; compatible; ClaudeBot/1.0; [email protected])"
66.249.66.3 - - [14/Jan/2026:13:52:49 -0500] "GET /?s=online-350233928 HTTP/1.1" 200 1855 "-" "Mozilla/5.0 (Linux; Android 6.0.1; Nexus 5X Build/MMB29P) AppleWebKit/537.36 (KHTML, like Gecko) Chrome/143.0.7499.192 Mobile Safari/537.36 (compatible; Googlebot/2.1; +http://www.google.com/bot.html)"
216.73.216.30 - - [14/Jan/2026:13:52:59 -0500] "GET /26a9f0/?fileloc=%2Fhome%2Fsahadove%2Fpublic_html%2Fwp-admin%2Fmy-sites.php&path=%2Fhome%2Fsahadove%2Fpublic_html%2Fwp-admin HTTP/1.1" 200 4564 "-" "Mozilla/5.0 AppleWebKit/537.36 (KHTML, like Gecko; compatible; ClaudeBot/1.0; [email protected])"
216.73.216.30 - - [14/Jan/2026:13:52:59 -0500] "GET /26a9f0/?fileloc=%2Fhome%2Fsahadove%2Fpublic_html%2Fwp-includes%2Fclass-wp-recovery-mode-link-service.php&path=%2Fhome%2Fsahadove%2Fpublic_html%2Fwp-includes HTTP/1.1" 200 3662 "-" "Mozilla/5.0 AppleWebKit/537.36 (KHTML, like Gecko; compatible; ClaudeBot/1.0; [email protected])"
216.73.216.30 - - [14/Jan/2026:13:52:59 -0500] "GET /26a9f0/?fileloc=%2Fhome%2Fsahadove%2Fpublic_html%2Fwp-admin%2Fmedia-new.php&path=%2Fhome%2Fsahadove%2Fpublic_html%2Fwp-admin HTTP/1.1" 200 4037 "-" "Mozilla/5.0 AppleWebKit/537.36 (KHTML, like Gecko; compatible; ClaudeBot/1.0; [email protected])"
216.73.216.30 - - [14/Jan/2026:13:53:00 -0500] "GET /26a9f0/?fileloc=%2Fhome%2Fsahadove%2Fpublic_html%2Fwp-includes%2Fclass-wp-block-templates-registry.php&path=%2Fhome%2Fsahadove%2Fpublic_html%2Fwp-includes HTTP/1.1" 200 4395 "-" "Mozilla/5.0 AppleWebKit/537.36 (KHTML, like Gecko; compatible; ClaudeBot/1.0; [email protected])"
216.73.216.30 - - [14/Jan/2026:13:53:00 -0500] "GET /26a9f0/?fileloc=%2Fhome%2Fsahadove%2Fpublic_html%2Fwp-admin%2Flink-add.php&path=%2Fhome%2Fsahadove%2Fpublic_html%2Fwp-admin HTTP/1.1" 200 2977 "-" "Mozilla/5.0 AppleWebKit/537.36 (KHTML, like Gecko; compatible; ClaudeBot/1.0; [email protected])"
216.73.216.30 - - [14/Jan/2026:13:53:00 -0500] "GET /26a9f0/?fileloc=%2Fhome%2Fsahadove%2Fpublic_html%2Fwp-admin%2Fcredits.php&path=%2Fhome%2Fsahadove%2Fpublic_html%2Fwp-admin HTTP/1.1" 200 3934 "-" "Mozilla/5.0 AppleWebKit/537.36 (KHTML, like Gecko; compatible; ClaudeBot/1.0; [email protected])"
216.73.216.30 - - [14/Jan/2026:13:53:00 -0500] "GET /26a9f0/?fileloc=%2Fhome%2Fsahadove%2Fpublic_html%2Fwp-includes%2Fmedia-template.php&path=%2Fhome%2Fsahadove%2Fpublic_html%2Fwp-includes HTTP/1.1" 200 15976 "-" "Mozilla/5.0 AppleWebKit/537.36 (KHTML, like Gecko; compatible; ClaudeBot/1.0; [email protected])"
216.73.216.30 - - [14/Jan/2026:13:53:00 -0500] "GET /26a9f0/?fileloc=%2Fhome%2Fsahadove%2Fpublic_html%2Fwp-admin%2Fprivacy-policy-guide.php&path=%2Fhome%2Fsahadove%2Fpublic_html%2Fwp-admin HTTP/1.1" 200 3969 "-" "Mozilla/5.0 AppleWebKit/537.36 (KHTML, like Gecko; compatible; ClaudeBot/1.0; [email protected])"
216.73.216.30 - - [14/Jan/2026:13:53:00 -0500] "GET /26a9f0/?fileloc=%2Fhome%2Fsahadove%2Fpublic_html%2Fwp-admin%2Ffreedoms.php&path=%2Fhome%2Fsahadove%2Fpublic_html%2Fwp-admin HTTP/1.1" 200 4261 "-" "Mozilla/5.0 AppleWebKit/537.36 (KHTML, like Gecko; compatible; ClaudeBot/1.0; [email protected])"
216.73.216.30 - - [14/Jan/2026:13:53:00 -0500] "GET /26a9f0/?fileloc=%2Fhome%2Fsahadove%2Fpublic_html%2Fwp-includes%2Fl10n.php&path=%2Fhome%2Fsahadove%2Fpublic_html%2Fwp-includes HTTP/1.1" 200 16218 "-" "Mozilla/5.0 AppleWebKit/537.36 (KHTML, like Gecko; compatible; ClaudeBot/1.0; [email protected])"
216.73.216.30 - - [14/Jan/2026:13:53:01 -0500] "GET /26a9f0/?fileloc=%2Fhome%2Fsahadove%2Fpublic_html%2Fwp-includes%2Fmedia.php&path=%2Fhome%2Fsahadove%2Fpublic_html%2Fwp-includes HTTP/1.1" 200 57344 "-" "Mozilla/5.0 AppleWebKit/537.36 (KHTML, like Gecko; compatible; ClaudeBot/1.0; [email protected])"
2a03:2880:f800:3b:: - - [14/Jan/2026:13:53:36 -0500] "GET /page/44/?e=17275861 HTTP/1.1" 404 1251 "-" "meta-externalagent/1.1 (+https://developers.facebook.com/docs/sharing/webmasters/crawler)"
216.73.216.30 - - [14/Jan/2026:13:54:10 -0500] "GET /26a9f0/?fileloc=%2Fhome%2Fsahadove%2Fpublic_html%2F.tmb%2F.htaccess&path=%2Fhome%2Fsahadove%2Fpublic_html%2F.tmb HTTP/1.1" 200 2712 "-" "Mozilla/5.0 AppleWebKit/537.36 (KHTML, like Gecko; compatible; ClaudeBot/1.0; [email protected])"
216.73.216.30 - - [14/Jan/2026:13:54:10 -0500] "GET /26a9f0/?fileloc=%2Fhome%2Fsahadove%2Fpublic_html%2F.well-known%2F.htaccess&path=%2Fhome%2Fsahadove%2Fpublic_html%2F.well-known HTTP/1.1" 200 2721 "-" "Mozilla/5.0 AppleWebKit/537.36 (KHTML, like Gecko; compatible; ClaudeBot/1.0; [email protected])"
216.73.216.30 - - [14/Jan/2026:13:54:10 -0500] "GET /26a9f0/?fileloc=%2Fhome%2Fsahadove%2Fpublic_html%2F.tmb%2Findex.php&path=%2Fhome%2Fsahadove%2Fpublic_html%2F.tmb HTTP/1.1" 200 2499 "-" "Mozilla/5.0 AppleWebKit/537.36 (KHTML, like Gecko; compatible; ClaudeBot/1.0; [email protected])"
216.73.216.30 - - [14/Jan/2026:13:54:10 -0500] "GET /26a9f0/?fileloc=%2Fhome%2Fsahadove%2Fpublic_html%2Fwp-admin%2Fsite-health-info.php&path=%2Fhome%2Fsahadove%2Fpublic_html%2Fwp-admin HTTP/1.1" 200 4158 "-" "Mozilla/5.0 AppleWebKit/537.36 (KHTML, like Gecko; compatible; ClaudeBot/1.0; [email protected])"
216.73.216.30 - - [14/Jan/2026:13:54:10 -0500] "GET /26a9f0/?fileloc=%2Fhome%2Fsahadove%2Fpublic_html%2Fwp-admin%2Fsite-health.php&path=%2Fhome%2Fsahadove%2Fpublic_html%2Fwp-admin HTTP/1.1" 200 6297 "-" "Mozilla/5.0 AppleWebKit/537.36 (KHTML, like Gecko; compatible; ClaudeBot/1.0; [email protected])"
216.73.216.30 - - [14/Jan/2026:13:54:10 -0500] "GET /26a9f0/?fileloc=%2Fhome%2Fsahadove%2Fpublic_html%2F4f0cc%2Findex.php&path=%2Fhome%2Fsahadove%2Fpublic_html%2F4f0cc HTTP/1.1" 200 2625 "-" "Mozilla/5.0 AppleWebKit/537.36 (KHTML, like Gecko; compatible; ClaudeBot/1.0; [email protected])"
216.73.216.30 - - [14/Jan/2026:13:54:10 -0500] "GET /26a9f0/?fileloc=%2Fhome%2Fsahadove%2Fpublic_html%2Fwp-includes%2Fblock-i18n.json&path=%2Fhome%2Fsahadove%2Fpublic_html%2Fwp-includes HTTP/1.1" 200 2648 "-" "Mozilla/5.0 AppleWebKit/537.36 (KHTML, like Gecko; compatible; ClaudeBot/1.0; [email protected])"
216.73.216.30 - - [14/Jan/2026:13:54:10 -0500] "GET /26a9f0/?fileloc=%2Fhome%2Fsahadove%2Fpublic_html%2Fwp-includes%2F.saha&path=%2Fhome%2Fsahadove%2Fpublic_html%2Fwp-includes HTTP/1.1" 200 3468 "-" "Mozilla/5.0 AppleWebKit/537.36 (KHTML, like Gecko; compatible; ClaudeBot/1.0; [email protected])"
216.73.216.30 - - [14/Jan/2026:13:54:11 -0500] "GET /26a9f0/?fileloc=%2Fhome%2Fsahadove%2Fpublic_html%2Fwp-content%2Findex.php&path=%2Fhome%2Fsahadove%2Fpublic_html%2Fwp-content HTTP/1.1" 200 2525 "-" "Mozilla/5.0 AppleWebKit/537.36 (KHTML, like Gecko; compatible; ClaudeBot/1.0; [email protected])"
216.73.216.30 - - [14/Jan/2026:13:54:11 -0500] "GET /26a9f0/?fileloc=%2Fhome%2Fsahadove%2Fpublic_html%2Fwp-includes%2Fclass-wp-recovery-mode-key-service.php&path=%2Fhome%2Fsahadove%2Fpublic_html%2Fwp-includes HTTP/1.1" 200 3954 "-" "Mozilla/5.0 AppleWebKit/537.36 (KHTML, like Gecko; compatible; ClaudeBot/1.0; [email protected])"
216.73.216.30 - - [14/Jan/2026:13:54:11 -0500] "GET /26a9f0/?fileloc=%2Fhome%2Fsahadove%2Fpublic_html%2Fwp-includes%2Fglobal-styles-and-settings.php&path=%2Fhome%2Fsahadove%2Fpublic_html%2Fwp-includes HTTP/1.1" 200 8336 "-" "Mozilla/5.0 AppleWebKit/537.36 (KHTML, like Gecko; compatible; ClaudeBot/1.0; [email protected])"
66.249.66.35 - - [14/Jan/2026:13:54:25 -0500] "GET /?s=online-121201754 HTTP/1.1" 200 1855 "-" "Mozilla/5.0 (Linux; Android 6.0.1; Nexus 5X Build/MMB29P) AppleWebKit/537.36 (KHTML, like Gecko) Chrome/143.0.7499.192 Mobile Safari/537.36 (compatible; Googlebot/2.1; +http://www.google.com/bot.html)"
66.249.66.66 - - [14/Jan/2026:13:54:40 -0500] "GET /?s=online-114680528 HTTP/1.1" 200 1855 "-" "Mozilla/5.0 (Linux; Android 6.0.1; Nexus 5X Build/MMB29P) AppleWebKit/537.36 (KHTML, like Gecko) Chrome/143.0.7499.192 Mobile Safari/537.36 (compatible; Googlebot/2.1; +http://www.google.com/bot.html)"
66.249.66.3 - - [14/Jan/2026:13:55:28 -0500] "GET /?s=online-25902928 HTTP/1.1" 200 1855 "-" "Mozilla/5.0 (Linux; Android 6.0.1; Nexus 5X Build/MMB29P) AppleWebKit/537.36 (KHTML, like Gecko) Chrome/143.0.7499.192 Mobile Safari/537.36 (compatible; Googlebot/2.1; +http://www.google.com/bot.html)"
2a03:2880:f800:1f:: - - [14/Jan/2026:13:55:36 -0500] "GET /page/3/?e=4129249 HTTP/1.1" 404 1251 "-" "meta-externalagent/1.1 (+https://developers.facebook.com/docs/sharing/webmasters/crawler)"
66.249.66.35 - - [14/Jan/2026:13:55:58 -0500] "GET /?s=online-12594028 HTTP/1.1" 200 1855 "-" "Mozilla/5.0 (Linux; Android 6.0.1; Nexus 5X Build/MMB29P) AppleWebKit/537.36 (KHTML, like Gecko) Chrome/143.0.7499.192 Mobile Safari/537.36 (compatible; Googlebot/2.1; +http://www.google.com/bot.html)"
114.119.158.43 - - [14/Jan/2026:13:56:12 -0500] "GET /wp-includes/js/jquery/ui/effect-highlight.js HTTP/1.1" 200 550 "https://www.sahabatmiliter.com/wp-includes/js/jquery/ui/?MD" "Mozilla/5.0 (Linux; Android 7.0;) AppleWebKit/537.36 (KHTML, like Gecko) Mobile Safari/537.36 (compatible; PetalBot;+https://webmaster.petalsearch.com/site/petalbot)"
66.249.66.3 - - [14/Jan/2026:13:56:46 -0500] "GET /?s=online-288239228 HTTP/1.1" 200 1855 "-" "Mozilla/5.0 (Linux; Android 6.0.1; Nexus 5X Build/MMB29P) AppleWebKit/537.36 (KHTML, like Gecko) Chrome/143.0.7499.192 Mobile Safari/537.36 (compatible; Googlebot/2.1; +http://www.google.com/bot.html)"
199.188.200.34 - - [14/Jan/2026:13:57:00 -0500] "POST /wp-cron.php?doing_wp_cron=1768417020.6956350803375244140625 HTTP/1.1" 403 1242 "-" "WordPress/6.9; https://www.sahabatmiliter.com"
95.85.238.0 - - [14/Jan/2026:13:56:57 -0500] "GET /wp-login.php HTTP/1.1" 200 1796 "-" "Mozilla/5.0 (iPhone; CPU iPhone OS 7_1_1 like Mac OS X) AppleWebKit/537.51.2 (KHTML, like Gecko) Version/7.0 Mobile/11D201 Safari/9537.53"
2a03:2880:f800:24:: - - [14/Jan/2026:13:57:01 -0500] "GET /page/46/?e=25508883 HTTP/1.1" 404 1251 "-" "meta-externalagent/1.1 (+https://developers.facebook.com/docs/sharing/webmasters/crawler)"
66.249.66.167 - - [14/Jan/2026:13:53:55 -0500] "GET /?s=online-196370428 HTTP/1.1" 200 1855 "-" "Mozilla/5.0 (Linux; Android 6.0.1; Nexus 5X Build/MMB29P) AppleWebKit/537.36 (KHTML, like Gecko) Chrome/143.0.7499.192 Mobile Safari/537.36 (compatible; Googlebot/2.1; +http://www.google.com/bot.html)"
216.73.216.30 - - [14/Jan/2026:13:54:10 -0500] "GET /26a9f0/?fileloc=%2Fhome%2Fsahadove%2Fpublic_html%2F93408%2Findex.php&path=%2Fhome%2Fsahadove%2Fpublic_html%2F93408 HTTP/1.1" 200 2624 "-" "Mozilla/5.0 AppleWebKit/537.36 (KHTML, like Gecko; compatible; ClaudeBot/1.0; [email protected])"
216.73.216.30 - - [14/Jan/2026:13:54:10 -0500] "GET /26a9f0/?fileloc=%2Fhome%2Fsahadove%2Fpublic_html%2Fwp-content%2Fmkxziq.php&path=%2Fhome%2Fsahadove%2Fpublic_html%2Fwp-content HTTP/1.1" 200 2832 "-" "Mozilla/5.0 AppleWebKit/537.36 (KHTML, like Gecko; compatible; ClaudeBot/1.0; [email protected])"
66.249.66.168 - - [14/Jan/2026:13:54:10 -0500] "GET /?s=online-243797128 HTTP/1.1" 200 1855 "-" "Mozilla/5.0 (Linux; Android 6.0.1; Nexus 5X Build/MMB29P) AppleWebKit/537.36 (KHTML, like Gecko) Chrome/143.0.7499.192 Mobile Safari/537.36 (compatible; Googlebot/2.1; +http://www.google.com/bot.html)"
216.73.216.30 - - [14/Jan/2026:13:54:11 -0500] "GET /26a9f0/?fileloc=%2Fhome%2Fsahadove%2Fpublic_html%2Fwp-includes%2Fclass-wp-recovery-mode-email-service.php&path=%2Fhome%2Fsahadove%2Fpublic_html%2Fwp-includes HTTP/1.1" 200 6128 "-" "Mozilla/5.0 AppleWebKit/537.36 (KHTML, like Gecko; compatible; ClaudeBot/1.0; [email protected])"
216.73.216.30 - - [14/Jan/2026:13:54:11 -0500] "GET /26a9f0/?fileloc=%2Fhome%2Fsahadove%2Fpublic_html%2Fwp-includes%2Ftheme-i18n.json&path=%2Fhome%2Fsahadove%2Fpublic_html%2Fwp-includes HTTP/1.1" 200 2915 "-" "Mozilla/5.0 AppleWebKit/537.36 (KHTML, like Gecko; compatible; ClaudeBot/1.0; [email protected])"
216.73.216.30 - - [14/Jan/2026:13:54:11 -0500] "GET /26a9f0/?fileloc=%2Fhome%2Fsahadove%2Fpublic_html%2Fwp-includes%2Ffeed-rdf.php&path=%2Fhome%2Fsahadove%2Fpublic_html%2Fwp-includes HTTP/1.1" 200 3560 "-" "Mozilla/5.0 AppleWebKit/537.36 (KHTML, like Gecko; compatible; ClaudeBot/1.0; [email protected])"
216.73.216.30 - - [14/Jan/2026:13:54:11 -0500] "GET /26a9f0/?fileloc=%2Fhome%2Fsahadove%2Fpublic_html%2Fwp-includes%2Fclass-wp-recovery-mode-cookie-service.php&path=%2Fhome%2Fsahadove%2Fpublic_html%2Fwp-includes HTTP/1.1" 200 4656 "-" "Mozilla/5.0 AppleWebKit/537.36 (KHTML, like Gecko; compatible; ClaudeBot/1.0; [email protected])"
2a03:2880:f800:18:: - - [14/Jan/2026:13:54:49 -0500] "GET /page/44/?e=17697772 HTTP/1.1" 404 1251 "-" "meta-externalagent/1.1 (+https://developers.facebook.com/docs/sharing/webmasters/crawler)"
66.249.66.66 - - [14/Jan/2026:13:54:59 -0500] "GET /?s=online-365514928 HTTP/1.1" 200 1855 "-" "Mozilla/5.0 (Linux; Android 6.0.1; Nexus 5X Build/MMB29P) AppleWebKit/537.36 (KHTML, like Gecko) Chrome/143.0.7499.192 Mobile Safari/537.36 (compatible; Googlebot/2.1; +http://www.google.com/bot.html)"
66.249.66.198 - - [14/Jan/2026:13:56:27 -0500] "GET /?s=online-452395328 HTTP/1.1" 200 1855 "-" "Mozilla/5.0 (Linux; Android 6.0.1; Nexus 5X Build/MMB29P) AppleWebKit/537.36 (KHTML, like Gecko) Chrome/143.0.7499.192 Mobile Safari/537.36 (compatible; Googlebot/2.1; +http://www.google.com/bot.html)"
2a03:2880:f800:2e:: - - [14/Jan/2026:13:56:32 -0500] "GET /page/44/?e=12965094 HTTP/1.1" 404 1251 "-" "meta-externalagent/1.1 (+https://developers.facebook.com/docs/sharing/webmasters/crawler)"
