2a03:2880:f800:29:: - - [14/Jan/2026:07:53:20 -0500] "GET /page/3/?e=4000361 HTTP/1.1" 404 1251 "-" "meta-externalagent/1.1 (+https://developers.facebook.com/docs/sharing/webmasters/crawler)"
2a03:2880:f800:1f:: - - [14/Jan/2026:07:53:23 -0500] "GET /page/46/?e=27075705 HTTP/1.1" 404 1251 "-" "meta-externalagent/1.1 (+https://developers.facebook.com/docs/sharing/webmasters/crawler)"
2a03:2880:f800:25:: - - [14/Jan/2026:07:53:30 -0500] "GET /page/3/?e=24768861 HTTP/1.1" 404 1251 "-" "meta-externalagent/1.1 (+https://developers.facebook.com/docs/sharing/webmasters/crawler)"
2a03:2880:f800:2e:: - - [14/Jan/2026:07:53:33 -0500] "GET /page/46/?e=11590816 HTTP/1.1" 404 1251 "-" "meta-externalagent/1.1 (+https://developers.facebook.com/docs/sharing/webmasters/crawler)"
2a03:2880:f800:1c:: - - [14/Jan/2026:07:53:35 -0500] "GET /page/3/?e=18848894 HTTP/1.1" 404 1251 "-" "meta-externalagent/1.1 (+https://developers.facebook.com/docs/sharing/webmasters/crawler)"
2a03:2880:f800:48:: - - [14/Jan/2026:07:53:43 -0500] "GET /page/46/?e=14120894 HTTP/1.1" 404 1251 "-" "meta-externalagent/1.1 (+https://developers.facebook.com/docs/sharing/webmasters/crawler)"
2a03:2880:f800:16:: - - [14/Jan/2026:07:53:44 -0500] "GET /page/3/?e=17127805 HTTP/1.1" 404 1251 "-" "meta-externalagent/1.1 (+https://developers.facebook.com/docs/sharing/webmasters/crawler)"
2a03:2880:f800:38:: - - [14/Jan/2026:07:53:50 -0500] "GET /page/3/?e=7652194 HTTP/1.1" 404 1251 "-" "meta-externalagent/1.1 (+https://developers.facebook.com/docs/sharing/webmasters/crawler)"
2a03:2880:f800:6:: - - [14/Jan/2026:07:53:54 -0500] "GET /page/44/?e=29634116 HTTP/1.1" 404 1251 "-" "meta-externalagent/1.1 (+https://developers.facebook.com/docs/sharing/webmasters/crawler)"
2a03:2880:f800:2c:: - - [14/Jan/2026:07:53:58 -0500] "GET /page/3/?e=25262972 HTTP/1.1" 404 1251 "-" "meta-externalagent/1.1 (+https://developers.facebook.com/docs/sharing/webmasters/crawler)"
2a03:2880:f800:4a:: - - [14/Jan/2026:07:54:03 -0500] "GET /page/44/?e=18629616 HTTP/1.1" 404 1251 "-" "meta-externalagent/1.1 (+https://developers.facebook.com/docs/sharing/webmasters/crawler)"
2a03:2880:f800:45:: - - [14/Jan/2026:07:54:05 -0500] "GET /page/44/?e=6289572 HTTP/1.1" 404 1251 "-" "meta-externalagent/1.1 (+https://developers.facebook.com/docs/sharing/webmasters/crawler)"
2a03:2880:f800:48:: - - [14/Jan/2026:07:54:07 -0500] "GET /page/46/?e=7748661 HTTP/1.1" 404 1251 "-" "meta-externalagent/1.1 (+https://developers.facebook.com/docs/sharing/webmasters/crawler)"
2a03:2880:f800:16:: - - [14/Jan/2026:07:54:08 -0500] "GET /page/44/?e=10140883 HTTP/1.1" 404 1251 "-" "meta-externalagent/1.1 (+https://developers.facebook.com/docs/sharing/webmasters/crawler)"
2a03:2880:f800:2d:: - - [14/Jan/2026:07:54:28 -0500] "GET /page/3/?e=3111305 HTTP/1.1" 404 1251 "-" "meta-externalagent/1.1 (+https://developers.facebook.com/docs/sharing/webmasters/crawler)"
2a03:2880:f800:1d:: - - [14/Jan/2026:07:54:33 -0500] "GET /page/3/?e=25066983 HTTP/1.1" 404 1251 "-" "meta-externalagent/1.1 (+https://developers.facebook.com/docs/sharing/webmasters/crawler)"
2a03:2880:f800:17:: - - [14/Jan/2026:07:54:01 -0500] "GET /page/44/?e=30165761 HTTP/1.1" 404 1251 "-" "meta-externalagent/1.1 (+https://developers.facebook.com/docs/sharing/webmasters/crawler)"
2a03:2880:f800:9:: - - [14/Jan/2026:07:54:11 -0500] "GET /page/44/?e=30189350 HTTP/1.1" 404 1251 "-" "meta-externalagent/1.1 (+https://developers.facebook.com/docs/sharing/webmasters/crawler)"
2a03:2880:f800:f:: - - [14/Jan/2026:07:54:13 -0500] "GET /page/46/?e=25147805 HTTP/1.1" 404 1251 "-" "meta-externalagent/1.1 (+https://developers.facebook.com/docs/sharing/webmasters/crawler)"
2a03:2880:f800:d:: - - [14/Jan/2026:07:54:15 -0500] "GET /page/46/?e=25928450 HTTP/1.1" 404 1251 "-" "meta-externalagent/1.1 (+https://developers.facebook.com/docs/sharing/webmasters/crawler)"
2a03:2880:f800:2b:: - - [14/Jan/2026:07:54:16 -0500] "GET /page/44/?e=9043083 HTTP/1.1" 404 1251 "-" "meta-externalagent/1.1 (+https://developers.facebook.com/docs/sharing/webmasters/crawler)"
2a03:2880:f800:10:: - - [14/Jan/2026:07:54:18 -0500] "GET /page/46/?e=16288827 HTTP/1.1" 404 1251 "-" "meta-externalagent/1.1 (+https://developers.facebook.com/docs/sharing/webmasters/crawler)"
2a03:2880:f800:8:: - - [14/Jan/2026:07:54:22 -0500] "GET /page/3/?e=9976472 HTTP/1.1" 404 1251 "-" "meta-externalagent/1.1 (+https://developers.facebook.com/docs/sharing/webmasters/crawler)"
2a03:2880:f800:19:: - - [14/Jan/2026:07:54:22 -0500] "GET /page/44/?e=25841638 HTTP/1.1" 404 1251 "-" "meta-externalagent/1.1 (+https://developers.facebook.com/docs/sharing/webmasters/crawler)"
2a03:2880:f800:2:: - - [14/Jan/2026:07:54:25 -0500] "GET /page/3/?e=27371783 HTTP/1.1" 404 1251 "-" "meta-externalagent/1.1 (+https://developers.facebook.com/docs/sharing/webmasters/crawler)"
2a03:2880:f800:4b:: - - [14/Jan/2026:07:54:27 -0500] "GET /page/3/?e=2907049 HTTP/1.1" 404 1251 "-" "meta-externalagent/1.1 (+https://developers.facebook.com/docs/sharing/webmasters/crawler)"
2a03:2880:f800:29:: - - [14/Jan/2026:07:54:31 -0500] "GET /page/3/?e=7030116 HTTP/1.1" 404 1251 "-" "meta-externalagent/1.1 (+https://developers.facebook.com/docs/sharing/webmasters/crawler)"
40.77.167.61 - - [14/Jan/2026:07:54:40 -0500] "GET /itkigwh-37825xetidm17vgx HTTP/1.1" 404 1251 "-" "Mozilla/5.0 AppleWebKit/537.36 (KHTML, like Gecko; compatible; bingbot/2.0; +http://www.bing.com/bingbot.htm) Chrome/116.0.1938.76 Safari/537.36"
2a03:2880:f800:10:: - - [14/Jan/2026:07:54:41 -0500] "GET /page/44/?e=30513205 HTTP/1.1" 404 1251 "-" "meta-externalagent/1.1 (+https://developers.facebook.com/docs/sharing/webmasters/crawler)"
2a03:2880:f800:45:: - - [14/Jan/2026:07:54:43 -0500] "GET /page/44/?e=1977949 HTTP/1.1" 404 1251 "-" "meta-externalagent/1.1 (+https://developers.facebook.com/docs/sharing/webmasters/crawler)"
2a03:2880:f800:6:: - - [14/Jan/2026:07:54:44 -0500] "GET /page/3/?e=9765149 HTTP/1.1" 404 1251 "-" "meta-externalagent/1.1 (+https://developers.facebook.com/docs/sharing/webmasters/crawler)"
2a03:2880:f800:48:: - - [14/Jan/2026:07:54:47 -0500] "GET /page/3/?e=21383094 HTTP/1.1" 404 1251 "-" "meta-externalagent/1.1 (+https://developers.facebook.com/docs/sharing/webmasters/crawler)"
2a03:2880:f800:49:: - - [14/Jan/2026:07:54:49 -0500] "GET /page/44/?e=7649061 HTTP/1.1" 404 1251 "-" "meta-externalagent/1.1 (+https://developers.facebook.com/docs/sharing/webmasters/crawler)"
2a03:2880:f800:3b:: - - [14/Jan/2026:07:54:51 -0500] "GET /page/44/?e=9242449 HTTP/1.1" 404 1251 "-" "meta-externalagent/1.1 (+https://developers.facebook.com/docs/sharing/webmasters/crawler)"
2a03:2880:f800:b:: - - [14/Jan/2026:07:54:55 -0500] "GET /page/44/?e=7839561 HTTP/1.1" 404 1251 "-" "meta-externalagent/1.1 (+https://developers.facebook.com/docs/sharing/webmasters/crawler)"
2a03:2880:f800:4:: - - [14/Jan/2026:07:55:03 -0500] "GET /page/3/?e=17101150 HTTP/1.1" 404 1251 "-" "meta-externalagent/1.1 (+https://developers.facebook.com/docs/sharing/webmasters/crawler)"
2a03:2880:f800:5:: - - [14/Jan/2026:07:54:35 -0500] "GET /page/3/?e=4134261 HTTP/1.1" 404 1251 "-" "meta-externalagent/1.1 (+https://developers.facebook.com/docs/sharing/webmasters/crawler)"
2a03:2880:f800:29:: - - [14/Jan/2026:07:54:37 -0500] "GET /page/44/?e=28506038 HTTP/1.1" 404 1251 "-" "meta-externalagent/1.1 (+https://developers.facebook.com/docs/sharing/webmasters/crawler)"
2a03:2880:f800:2b:: - - [14/Jan/2026:07:54:39 -0500] "GET /page/3/?e=25973905 HTTP/1.1" 404 1251 "-" "meta-externalagent/1.1 (+https://developers.facebook.com/docs/sharing/webmasters/crawler)"
2a03:2880:f800:14:: - - [14/Jan/2026:07:54:52 -0500] "GET /page/44/?e=18798549 HTTP/1.1" 404 1251 "-" "meta-externalagent/1.1 (+https://developers.facebook.com/docs/sharing/webmasters/crawler)"
2a03:2880:f800:10:: - - [14/Jan/2026:07:54:57 -0500] "GET /page/44/?e=26629161 HTTP/1.1" 404 1251 "-" "meta-externalagent/1.1 (+https://developers.facebook.com/docs/sharing/webmasters/crawler)"
2a03:2880:f800:12:: - - [14/Jan/2026:07:54:59 -0500] "GET /page/43/?e=23943427 HTTP/1.1" 404 1251 "-" "meta-externalagent/1.1 (+https://developers.facebook.com/docs/sharing/webmasters/crawler)"
2a03:2880:f800:29:: - - [14/Jan/2026:07:55:01 -0500] "GET /page/3/?e=7782316 HTTP/1.1" 404 1251 "-" "meta-externalagent/1.1 (+https://developers.facebook.com/docs/sharing/webmasters/crawler)"
2a03:2880:f800:11:: - - [14/Jan/2026:07:55:04 -0500] "GET /page/4/?e=19983916 HTTP/1.1" 404 1251 "-" "meta-externalagent/1.1 (+https://developers.facebook.com/docs/sharing/webmasters/crawler)"
2a03:2880:f800:1d:: - - [14/Jan/2026:07:55:07 -0500] "GET /page/46/?e=2242716 HTTP/1.1" 404 1251 "-" "meta-externalagent/1.1 (+https://developers.facebook.com/docs/sharing/webmasters/crawler)"
2a03:2880:f800:c:: - - [14/Jan/2026:07:55:11 -0500] "GET /page/44/?e=16471383 HTTP/1.1" 404 1251 "-" "meta-externalagent/1.1 (+https://developers.facebook.com/docs/sharing/webmasters/crawler)"
52.7.13.143 - - [14/Jan/2026:07:55:18 -0500] "GET /tag/jadwal-dan-lokasi-sim-keliling-polres-banyumas/feed/ HTTP/1.1" 404 1251 "-" "Mozilla/5.0 AppleWebKit/537.36 (KHTML, like Gecko; compatible; Amazonbot/0.1; +https://developer.amazon.com/support/amazonbot) Chrome/119.0.6045.214 Safari/537.36"
2a03:2880:f800:4c:: - - [14/Jan/2026:07:55:19 -0500] "GET /page/44/?e=30207594 HTTP/1.1" 404 1251 "-" "meta-externalagent/1.1 (+https://developers.facebook.com/docs/sharing/webmasters/crawler)"
2a03:2880:f800:31:: - - [14/Jan/2026:07:55:21 -0500] "GET /page/41/?a=29862113500703 HTTP/1.1" 404 1251 "-" "meta-externalagent/1.1 (+https://developers.facebook.com/docs/sharing/webmasters/crawler)"
2a03:2880:f800:48:: - - [14/Jan/2026:07:55:23 -0500] "GET /page/46/?e=17373850 HTTP/1.1" 404 1251 "-" "meta-externalagent/1.1 (+https://developers.facebook.com/docs/sharing/webmasters/crawler)"
2a03:2880:f800:10:: - - [14/Jan/2026:07:55:25 -0500] "GET /page/2/?e=4954816 HTTP/1.1" 404 1251 "-" "meta-externalagent/1.1 (+https://developers.facebook.com/docs/sharing/webmasters/crawler)"
2a03:2880:f800:2f:: - - [14/Jan/2026:07:55:29 -0500] "GET /page/2/?e=2517294 HTTP/1.1" 404 1251 "-" "meta-externalagent/1.1 (+https://developers.facebook.com/docs/sharing/webmasters/crawler)"
2a03:2880:f800:5:: - - [14/Jan/2026:07:55:30 -0500] "GET /page/2/?e=25565972 HTTP/1.1" 404 1251 "-" "meta-externalagent/1.1 (+https://developers.facebook.com/docs/sharing/webmasters/crawler)"
2a03:2880:f800:2b:: - - [14/Jan/2026:07:55:35 -0500] "GET /page/44/?e=6566961 HTTP/1.1" 404 1251 "-" "meta-externalagent/1.1 (+https://developers.facebook.com/docs/sharing/webmasters/crawler)"
2a03:2880:f800:48:: - - [14/Jan/2026:07:55:36 -0500] "GET /page/2/?e=6352783 HTTP/1.1" 404 1251 "-" "meta-externalagent/1.1 (+https://developers.facebook.com/docs/sharing/webmasters/crawler)"
2a03:2880:f800:7:: - - [14/Jan/2026:07:55:42 -0500] "GET /page/46/?e=8428338 HTTP/1.1" 404 1251 "-" "meta-externalagent/1.1 (+https://developers.facebook.com/docs/sharing/webmasters/crawler)"
2a03:2880:f800:3b:: - - [14/Jan/2026:07:55:09 -0500] "GET /page/46/?e=28228261 HTTP/1.1" 404 1251 "-" "meta-externalagent/1.1 (+https://developers.facebook.com/docs/sharing/webmasters/crawler)"
2a03:2880:f800:1c:: - - [14/Jan/2026:07:55:12 -0500] "GET /page/46/?e=31355961 HTTP/1.1" 404 1251 "-" "meta-externalagent/1.1 (+https://developers.facebook.com/docs/sharing/webmasters/crawler)"
2a03:2880:f800:7:: - - [14/Jan/2026:07:55:14 -0500] "GET /page/44/?e=9476527 HTTP/1.1" 404 1251 "-" "meta-externalagent/1.1 (+https://developers.facebook.com/docs/sharing/webmasters/crawler)"
2a03:2880:f800:39:: - - [14/Jan/2026:07:55:17 -0500] "GET /page/3/?e=6204894 HTTP/1.1" 404 1251 "-" "meta-externalagent/1.1 (+https://developers.facebook.com/docs/sharing/webmasters/crawler)"
3.216.86.144 - - [14/Jan/2026:07:55:22 -0500] "GET /sejarah-perjuangan-ir-soekarno-dari-proklamator-hingga-bapak-bangsa/feed/ HTTP/1.1" 404 1251 "-" "Mozilla/5.0 AppleWebKit/537.36 (KHTML, like Gecko; compatible; Amazonbot/0.1; +https://developer.amazon.com/support/amazonbot) Chrome/119.0.6045.214 Safari/537.36"
66.249.66.3 - - [14/Jan/2026:07:55:25 -0500] "GET /?s=online-258016128 HTTP/1.1" 200 1850 "-" "Mozilla/5.0 (Linux; Android 6.0.1; Nexus 5X Build/MMB29P) AppleWebKit/537.36 (KHTML, like Gecko) Chrome/143.0.7499.192 Mobile Safari/537.36 (compatible; Googlebot/2.1; +http://www.google.com/bot.html)"
2a03:2880:f800:d:: - - [14/Jan/2026:07:55:27 -0500] "GET /page/44/?e=19530927 HTTP/1.1" 404 1251 "-" "meta-externalagent/1.1 (+https://developers.facebook.com/docs/sharing/webmasters/crawler)"
2a03:2880:f800:4c:: - - [14/Jan/2026:07:55:33 -0500] "GET /page/2/?e=3103205 HTTP/1.1" 404 1251 "-" "meta-externalagent/1.1 (+https://developers.facebook.com/docs/sharing/webmasters/crawler)"
2a03:2880:f800:10:: - - [14/Jan/2026:07:55:38 -0500] "GET /page/44/?e=29132061 HTTP/1.1" 404 1251 "-" "meta-externalagent/1.1 (+https://developers.facebook.com/docs/sharing/webmasters/crawler)"
2a03:2880:f800:49:: - - [14/Jan/2026:07:55:41 -0500] "GET /page/3/?e=6686683 HTTP/1.1" 404 1251 "-" "meta-externalagent/1.1 (+https://developers.facebook.com/docs/sharing/webmasters/crawler)"
2a03:2880:f800:1b:: - - [14/Jan/2026:07:55:45 -0500] "GET /page/3/?e=4622349 HTTP/1.1" 404 1251 "-" "meta-externalagent/1.1 (+https://developers.facebook.com/docs/sharing/webmasters/crawler)"
2a03:2880:f800:d:: - - [14/Jan/2026:07:55:47 -0500] "GET /page/2/?e=15495716 HTTP/1.1" 404 1251 "-" "meta-externalagent/1.1 (+https://developers.facebook.com/docs/sharing/webmasters/crawler)"
2a03:2880:f800:2f:: - - [14/Jan/2026:07:55:53 -0500] "GET /page/45/?e=5256138 HTTP/1.1" 404 1251 "-" "meta-externalagent/1.1 (+https://developers.facebook.com/docs/sharing/webmasters/crawler)"
2a03:2880:f800:36:: - - [14/Jan/2026:07:56:02 -0500] "GET /page/45/?e=25688138 HTTP/1.1" 404 1251 "-" "meta-externalagent/1.1 (+https://developers.facebook.com/docs/sharing/webmasters/crawler)"
2a03:2880:f800:2f:: - - [14/Jan/2026:07:56:04 -0500] "GET /page/2/?e=11806716 HTTP/1.1" 404 1251 "-" "meta-externalagent/1.1 (+https://developers.facebook.com/docs/sharing/webmasters/crawler)"
2a03:2880:f800:5:: - - [14/Jan/2026:07:56:07 -0500] "GET /page/5/?a=4377013002800 HTTP/1.1" 404 1251 "-" "meta-externalagent/1.1 (+https://developers.facebook.com/docs/sharing/webmasters/crawler)"
2a03:2880:f800:b:: - - [14/Jan/2026:07:56:12 -0500] "GET /page/3/?e=3837227 HTTP/1.1" 404 1251 "-" "meta-externalagent/1.1 (+https://developers.facebook.com/docs/sharing/webmasters/crawler)"
2a03:2880:f800:22:: - - [14/Jan/2026:07:56:15 -0500] "GET /page/44/?e=14118116 HTTP/1.1" 404 1251 "-" "meta-externalagent/1.1 (+https://developers.facebook.com/docs/sharing/webmasters/crawler)"
2a03:2880:f800:24:: - - [14/Jan/2026:07:56:19 -0500] "GET /page/44/?e=10986072 HTTP/1.1" 404 1251 "-" "meta-externalagent/1.1 (+https://developers.facebook.com/docs/sharing/webmasters/crawler)"
2a03:2880:f800:24:: - - [14/Jan/2026:07:56:21 -0500] "GET /page/2/?e=10384949 HTTP/1.1" 404 1251 "-" "meta-externalagent/1.1 (+https://developers.facebook.com/docs/sharing/webmasters/crawler)"
66.249.66.35 - - [14/Jan/2026:07:55:48 -0500] "GET /?s=online-23563654 HTTP/1.1" 200 1850 "-" "Mozilla/5.0 (Linux; Android 6.0.1; Nexus 5X Build/MMB29P) AppleWebKit/537.36 (KHTML, like Gecko) Chrome/143.0.7499.192 Mobile Safari/537.36 (compatible; Googlebot/2.1; +http://www.google.com/bot.html)"
2a03:2880:f800:29:: - - [14/Jan/2026:07:55:48 -0500] "GET /page/46/?e=19818272 HTTP/1.1" 404 1251 "-" "meta-externalagent/1.1 (+https://developers.facebook.com/docs/sharing/webmasters/crawler)"
2a03:2880:f800:2f:: - - [14/Jan/2026:07:55:50 -0500] "GET /page/42/?a=882509914502 HTTP/1.1" 404 1251 "-" "meta-externalagent/1.1 (+https://developers.facebook.com/docs/sharing/webmasters/crawler)"
2a03:2880:f800:3a:: - - [14/Jan/2026:07:55:55 -0500] "GET /page/3/?e=7721750 HTTP/1.1" 404 1251 "-" "meta-externalagent/1.1 (+https://developers.facebook.com/docs/sharing/webmasters/crawler)"
2a03:2880:f800:37:: - - [14/Jan/2026:07:55:57 -0500] "GET /page/45/?e=3028327 HTTP/1.1" 404 1251 "-" "meta-externalagent/1.1 (+https://developers.facebook.com/docs/sharing/webmasters/crawler)"
2a03:2880:f800:29:: - - [14/Jan/2026:07:55:58 -0500] "GET /page/46/?e=30770361 HTTP/1.1" 404 1251 "-" "meta-externalagent/1.1 (+https://developers.facebook.com/docs/sharing/webmasters/crawler)"
2a03:2880:f800:11:: - - [14/Jan/2026:07:56:01 -0500] "GET /page/46/?e=20881561 HTTP/1.1" 404 1251 "-" "meta-externalagent/1.1 (+https://developers.facebook.com/docs/sharing/webmasters/crawler)"
2a03:2880:f800:7:: - - [14/Jan/2026:07:56:08 -0500] "GET /page/45/?e=11933450 HTTP/1.1" 404 1251 "-" "meta-externalagent/1.1 (+https://developers.facebook.com/docs/sharing/webmasters/crawler)"
2a03:2880:f800:15:: - - [14/Jan/2026:07:56:10 -0500] "GET /page/45/?e=27922827 HTTP/1.1" 404 1251 "-" "meta-externalagent/1.1 (+https://developers.facebook.com/docs/sharing/webmasters/crawler)"
2a03:2880:f800:4a:: - - [14/Jan/2026:07:56:16 -0500] "GET /page/3/?e=5452316 HTTP/1.1" 404 1251 "-" "meta-externalagent/1.1 (+https://developers.facebook.com/docs/sharing/webmasters/crawler)"
2a03:2880:f800:6:: - - [14/Jan/2026:07:56:25 -0500] "GET /page/46/?e=8219849 HTTP/1.1" 404 1251 "-" "meta-externalagent/1.1 (+https://developers.facebook.com/docs/sharing/webmasters/crawler)"
2a03:2880:f800:b:: - - [14/Jan/2026:07:56:26 -0500] "GET /page/42/?a=52700150628202 HTTP/1.1" 404 1251 "-" "meta-externalagent/1.1 (+https://developers.facebook.com/docs/sharing/webmasters/crawler)"
2a03:2880:f800:11:: - - [14/Jan/2026:07:56:29 -0500] "GET /page/3/?e=4536938 HTTP/1.1" 404 1251 "-" "meta-externalagent/1.1 (+https://developers.facebook.com/docs/sharing/webmasters/crawler)"
2a03:2880:f800:34:: - - [14/Jan/2026:07:56:33 -0500] "GET /page/3/?e=16726694 HTTP/1.1" 404 1251 "-" "meta-externalagent/1.1 (+https://developers.facebook.com/docs/sharing/webmasters/crawler)"
2a03:2880:f800:6:: - - [14/Jan/2026:07:56:35 -0500] "GET /page/46/?e=23445350 HTTP/1.1" 404 1251 "-" "meta-externalagent/1.1 (+https://developers.facebook.com/docs/sharing/webmasters/crawler)"
2a03:2880:f800:11:: - - [14/Jan/2026:07:56:37 -0500] "GET /page/3/?e=28539650 HTTP/1.1" 404 1251 "-" "meta-externalagent/1.1 (+https://developers.facebook.com/docs/sharing/webmasters/crawler)"
2a03:2880:f800:a:: - - [14/Jan/2026:07:56:39 -0500] "GET /page/45/?e=9503916 HTTP/1.1" 404 1251 "-" "meta-externalagent/1.1 (+https://developers.facebook.com/docs/sharing/webmasters/crawler)"
2a03:2880:f800:4a:: - - [14/Jan/2026:07:56:40 -0500] "GET /page/45/?e=18394672 HTTP/1.1" 404 1251 "-" "meta-externalagent/1.1 (+https://developers.facebook.com/docs/sharing/webmasters/crawler)"
2a03:2880:f800:45:: - - [14/Jan/2026:07:56:42 -0500] "GET /page/2/?e=29716650 HTTP/1.1" 404 1251 "-" "meta-externalagent/1.1 (+https://developers.facebook.com/docs/sharing/webmasters/crawler)"
2a03:2880:f800:23:: - - [14/Jan/2026:07:56:47 -0500] "GET /page/45/?e=15798250 HTTP/1.1" 404 1251 "-" "meta-externalagent/1.1 (+https://developers.facebook.com/docs/sharing/webmasters/crawler)"
2a03:2880:f800:1d:: - - [14/Jan/2026:07:56:49 -0500] "GET /page/44/?a=9718177309707 HTTP/1.1" 404 1251 "-" "meta-externalagent/1.1 (+https://developers.facebook.com/docs/sharing/webmasters/crawler)"
2a03:2880:f800:1b:: - - [14/Jan/2026:07:56:59 -0500] "GET /page/3/?e=30541205 HTTP/1.1" 404 1251 "-" "meta-externalagent/1.1 (+https://developers.facebook.com/docs/sharing/webmasters/crawler)"
66.249.66.36 - - [14/Jan/2026:07:57:01 -0500] "GET /?s=online-239657628 HTTP/1.1" 200 1850 "-" "Mozilla/5.0 (Linux; Android 6.0.1; Nexus 5X Build/MMB29P) AppleWebKit/537.36 (KHTML, like Gecko) Chrome/143.0.7499.192 Mobile Safari/537.36 (compatible; Googlebot/2.1; +http://www.google.com/bot.html)"
2a03:2880:f800:12:: - - [14/Jan/2026:07:57:05 -0500] "GET /page/44/?e=26934472 HTTP/1.1" 404 1251 "-" "meta-externalagent/1.1 (+https://developers.facebook.com/docs/sharing/webmasters/crawler)"
2a03:2880:f800:3a:: - - [14/Jan/2026:07:57:07 -0500] "GET /page/45/?e=17806783 HTTP/1.1" 404 1251 "-" "meta-externalagent/1.1 (+https://developers.facebook.com/docs/sharing/webmasters/crawler)"
2a03:2880:f800:33:: - - [14/Jan/2026:07:57:09 -0500] "GET /page/45/?e=2659027 HTTP/1.1" 404 1251 "-" "meta-externalagent/1.1 (+https://developers.facebook.com/docs/sharing/webmasters/crawler)"
2a03:2880:f800:26:: - - [14/Jan/2026:07:57:13 -0500] "GET /page/2/?e=23479949 HTTP/1.1" 404 1251 "-" "meta-externalagent/1.1 (+https://developers.facebook.com/docs/sharing/webmasters/crawler)"
2a03:2880:f800:2c:: - - [14/Jan/2026:07:57:16 -0500] "GET /page/45/?e=6900449 HTTP/1.1" 404 1251 "-" "meta-externalagent/1.1 (+https://developers.facebook.com/docs/sharing/webmasters/crawler)"
2a03:2880:f800:10:: - - [14/Jan/2026:07:57:19 -0500] "GET /page/44/?e=5637394 HTTP/1.1" 404 1251 "-" "meta-externalagent/1.1 (+https://developers.facebook.com/docs/sharing/webmasters/crawler)"
2a03:2880:f800:19:: - - [14/Jan/2026:07:57:21 -0500] "GET /page/45/?e=23382894 HTTP/1.1" 404 1251 "-" "meta-externalagent/1.1 (+https://developers.facebook.com/docs/sharing/webmasters/crawler)"
2a03:2880:f800:27:: - - [14/Jan/2026:07:57:23 -0500] "GET /page/45/?e=9119383 HTTP/1.1" 404 1251 "-" "meta-externalagent/1.1 (+https://developers.facebook.com/docs/sharing/webmasters/crawler)"
2a03:2880:f800:7:: - - [14/Jan/2026:07:57:26 -0500] "GET /page/3/?e=23920650 HTTP/1.1" 404 1251 "-" "meta-externalagent/1.1 (+https://developers.facebook.com/docs/sharing/webmasters/crawler)"
2a03:2880:f800:8:: - - [14/Jan/2026:07:57:28 -0500] "GET /page/2/?e=13995861 HTTP/1.1" 404 1251 "-" "meta-externalagent/1.1 (+https://developers.facebook.com/docs/sharing/webmasters/crawler)"
2a03:2880:f800:49:: - - [14/Jan/2026:07:57:37 -0500] "GET /page/45/?e=15426149 HTTP/1.1" 404 1251 "-" "meta-externalagent/1.1 (+https://developers.facebook.com/docs/sharing/webmasters/crawler)"
2a03:2880:f800:49:: - - [14/Jan/2026:07:57:39 -0500] "GET /page/45/?e=13401149 HTTP/1.1" 404 1251 "-" "meta-externalagent/1.1 (+https://developers.facebook.com/docs/sharing/webmasters/crawler)"
2a03:2880:f800:3d:: - - [14/Jan/2026:07:57:41 -0500] "GET /page/45/?e=25819161 HTTP/1.1" 404 1251 "-" "meta-externalagent/1.1 (+https://developers.facebook.com/docs/sharing/webmasters/crawler)"
2a03:2880:f800:33:: - - [14/Jan/2026:07:57:42 -0500] "GET /page/45/?e=27362138 HTTP/1.1" 404 1251 "-" "meta-externalagent/1.1 (+https://developers.facebook.com/docs/sharing/webmasters/crawler)"
2a03:2880:f800:44:: - - [14/Jan/2026:07:57:50 -0500] "GET /page/2/?e=21077094 HTTP/1.1" 404 1251 "-" "meta-externalagent/1.1 (+https://developers.facebook.com/docs/sharing/webmasters/crawler)"
2a03:2880:f800:34:: - - [14/Jan/2026:07:57:53 -0500] "GET /page/2/?e=20145783 HTTP/1.1" 404 1251 "-" "meta-externalagent/1.1 (+https://developers.facebook.com/docs/sharing/webmasters/crawler)"
2a03:2880:f800:14:: - - [14/Jan/2026:07:57:55 -0500] "GET /page/45/?e=4830305 HTTP/1.1" 404 1251 "-" "meta-externalagent/1.1 (+https://developers.facebook.com/docs/sharing/webmasters/crawler)"
2a03:2880:f800:23:: - - [14/Jan/2026:07:56:23 -0500] "GET /page/45/?e=30725438 HTTP/1.1" 404 1251 "-" "meta-externalagent/1.1 (+https://developers.facebook.com/docs/sharing/webmasters/crawler)"
2a03:2880:f800:33:: - - [14/Jan/2026:07:56:32 -0500] "GET /page/3/?e=23979849 HTTP/1.1" 404 1251 "-" "meta-externalagent/1.1 (+https://developers.facebook.com/docs/sharing/webmasters/crawler)"
2a03:2880:f800:7:: - - [14/Jan/2026:07:56:45 -0500] "GET /page/44/?e=26920350 HTTP/1.1" 404 1251 "-" "meta-externalagent/1.1 (+https://developers.facebook.com/docs/sharing/webmasters/crawler)"
2a03:2880:f800:13:: - - [14/Jan/2026:07:56:51 -0500] "GET /page/2/?e=9107449 HTTP/1.1" 404 1251 "-" "meta-externalagent/1.1 (+https://developers.facebook.com/docs/sharing/webmasters/crawler)"
2a03:2880:f800:3:: - - [14/Jan/2026:07:56:52 -0500] "GET /page/2/?e=24156605 HTTP/1.1" 404 1251 "-" "meta-externalagent/1.1 (+https://developers.facebook.com/docs/sharing/webmasters/crawler)"
2a03:2880:f800:10:: - - [14/Jan/2026:07:56:55 -0500] "GET /page/2/?e=2379316 HTTP/1.1" 404 1251 "-" "meta-externalagent/1.1 (+https://developers.facebook.com/docs/sharing/webmasters/crawler)"
2a03:2880:f800:14:: - - [14/Jan/2026:07:56:57 -0500] "GET /page/2/?e=7161205 HTTP/1.1" 404 1251 "-" "meta-externalagent/1.1 (+https://developers.facebook.com/docs/sharing/webmasters/crawler)"
2a03:2880:f800:27:: - - [14/Jan/2026:07:57:01 -0500] "GET /page/45/?e=21798872 HTTP/1.1" 404 1251 "-" "meta-externalagent/1.1 (+https://developers.facebook.com/docs/sharing/webmasters/crawler)"
2a03:2880:f800:4b:: - - [14/Jan/2026:07:57:02 -0500] "GET /page/2/?e=13055994 HTTP/1.1" 404 1251 "-" "meta-externalagent/1.1 (+https://developers.facebook.com/docs/sharing/webmasters/crawler)"
2a03:2880:f800:22:: - - [14/Jan/2026:07:57:11 -0500] "GET /page/2/?e=6598883 HTTP/1.1" 404 1251 "-" "meta-externalagent/1.1 (+https://developers.facebook.com/docs/sharing/webmasters/crawler)"
2a03:2880:f800:20:: - - [14/Jan/2026:07:57:15 -0500] "GET /page/2/?e=7323005 HTTP/1.1" 404 1251 "-" "meta-externalagent/1.1 (+https://developers.facebook.com/docs/sharing/webmasters/crawler)"
2a03:2880:f800:48:: - - [14/Jan/2026:07:57:25 -0500] "GET /page/45/?e=5309694 HTTP/1.1" 404 1251 "-" "meta-externalagent/1.1 (+https://developers.facebook.com/docs/sharing/webmasters/crawler)"
2a03:2880:f800:2f:: - - [14/Jan/2026:07:57:31 -0500] "GET /page/45/?e=20008450 HTTP/1.1" 404 1251 "-" "meta-externalagent/1.1 (+https://developers.facebook.com/docs/sharing/webmasters/crawler)"
2a03:2880:f800:a:: - - [14/Jan/2026:07:57:32 -0500] "GET /page/2/?e=16744194 HTTP/1.1" 404 1251 "-" "meta-externalagent/1.1 (+https://developers.facebook.com/docs/sharing/webmasters/crawler)"
2a03:2880:f800:6:: - - [14/Jan/2026:07:57:35 -0500] "GET /page/2/?e=24596372 HTTP/1.1" 404 1251 "-" "meta-externalagent/1.1 (+https://developers.facebook.com/docs/sharing/webmasters/crawler)"
2a03:2880:f800:22:: - - [14/Jan/2026:07:57:45 -0500] "GET /page/45/?e=22964849 HTTP/1.1" 404 1251 "-" "meta-externalagent/1.1 (+https://developers.facebook.com/docs/sharing/webmasters/crawler)"
2a03:2880:f800:2d:: - - [14/Jan/2026:07:57:46 -0500] "GET /page/45/?e=30004505 HTTP/1.1" 404 1251 "-" "meta-externalagent/1.1 (+https://developers.facebook.com/docs/sharing/webmasters/crawler)"
2a03:2880:f800:10:: - - [14/Jan/2026:07:57:49 -0500] "GET /page/2/?e=27447205 HTTP/1.1" 404 1251 "-" "meta-externalagent/1.1 (+https://developers.facebook.com/docs/sharing/webmasters/crawler)"
2a03:2880:f800:7:: - - [14/Jan/2026:07:58:00 -0500] "GET /page/2/?e=8100505 HTTP/1.1" 404 1251 "-" "meta-externalagent/1.1 (+https://developers.facebook.com/docs/sharing/webmasters/crawler)"
2a03:2880:f800:4:: - - [14/Jan/2026:07:58:05 -0500] "GET /page/45/?e=15281605 HTTP/1.1" 404 1251 "-" "meta-externalagent/1.1 (+https://developers.facebook.com/docs/sharing/webmasters/crawler)"
2a03:2880:f800:b:: - - [14/Jan/2026:07:58:07 -0500] "GET /page/2/?e=12175850 HTTP/1.1" 404 1251 "-" "meta-externalagent/1.1 (+https://developers.facebook.com/docs/sharing/webmasters/crawler)"
2a03:2880:f800:39:: - - [14/Jan/2026:07:57:57 -0500] "GET /page/2/?e=5953038 HTTP/1.1" 404 1251 "-" "meta-externalagent/1.1 (+https://developers.facebook.com/docs/sharing/webmasters/crawler)"
2a03:2880:f800:14:: - - [14/Jan/2026:07:57:59 -0500] "GET /page/45/?e=6595183 HTTP/1.1" 404 1251 "-" "meta-externalagent/1.1 (+https://developers.facebook.com/docs/sharing/webmasters/crawler)"
2a03:2880:f800:36:: - - [14/Jan/2026:07:58:03 -0500] "GET /page/45/?e=14767949 HTTP/1.1" 404 1251 "-" "meta-externalagent/1.1 (+https://developers.facebook.com/docs/sharing/webmasters/crawler)"
2a03:2880:f800:10:: - - [14/Jan/2026:07:58:11 -0500] "GET /page/2/?e=25550583 HTTP/1.1" 404 1251 "-" "meta-externalagent/1.1 (+https://developers.facebook.com/docs/sharing/webmasters/crawler)"
2a03:2880:f800:19:: - - [14/Jan/2026:07:58:13 -0500] "GET /page/44/?e=14924349 HTTP/1.1" 404 1251 "-" "meta-externalagent/1.1 (+https://developers.facebook.com/docs/sharing/webmasters/crawler)"
2a03:2880:f800:33:: - - [14/Jan/2026:07:58:14 -0500] "GET /page/45/?e=12179983 HTTP/1.1" 404 1251 "-" "meta-externalagent/1.1 (+https://developers.facebook.com/docs/sharing/webmasters/crawler)"
2a03:2880:f800:32:: - - [14/Jan/2026:07:58:17 -0500] "GET /page/45/?e=26311016 HTTP/1.1" 404 1251 "-" "meta-externalagent/1.1 (+https://developers.facebook.com/docs/sharing/webmasters/crawler)"
2a03:2880:f800:7:: - - [14/Jan/2026:07:58:19 -0500] "GET /page/45/?e=15980061 HTTP/1.1" 404 1251 "-" "meta-externalagent/1.1 (+https://developers.facebook.com/docs/sharing/webmasters/crawler)"
2a03:2880:f800:31:: - - [14/Jan/2026:07:58:21 -0500] "GET /page/3/?e=16363594 HTTP/1.1" 404 1251 "-" "meta-externalagent/1.1 (+https://developers.facebook.com/docs/sharing/webmasters/crawler)"
2a03:2880:f800:17:: - - [14/Jan/2026:07:58:24 -0500] "GET /page/2/?e=25808138 HTTP/1.1" 404 1251 "-" "meta-externalagent/1.1 (+https://developers.facebook.com/docs/sharing/webmasters/crawler)"
2a03:2880:f800:29:: - - [14/Jan/2026:07:58:27 -0500] "GET /page/45/?e=18870294 HTTP/1.1" 404 1251 "-" "meta-externalagent/1.1 (+https://developers.facebook.com/docs/sharing/webmasters/crawler)"
2a03:2880:f800:18:: - - [14/Jan/2026:07:58:35 -0500] "GET /page/3/?e=26178005 HTTP/1.1" 404 1251 "-" "meta-externalagent/1.1 (+https://developers.facebook.com/docs/sharing/webmasters/crawler)"
2a03:2880:f800:8:: - - [14/Jan/2026:07:58:37 -0500] "GET /page/2/?e=27302872 HTTP/1.1" 404 1251 "-" "meta-externalagent/1.1 (+https://developers.facebook.com/docs/sharing/webmasters/crawler)"
2a03:2880:f800:2f:: - - [14/Jan/2026:07:58:38 -0500] "GET /page/2/?e=14233049 HTTP/1.1" 404 1251 "-" "meta-externalagent/1.1 (+https://developers.facebook.com/docs/sharing/webmasters/crawler)"
2a03:2880:f800:16:: - - [14/Jan/2026:07:58:47 -0500] "GET /page/2/?e=22899572 HTTP/1.1" 404 1251 "-" "meta-externalagent/1.1 (+https://developers.facebook.com/docs/sharing/webmasters/crawler)"
2a03:2880:f800:: - - [14/Jan/2026:07:58:49 -0500] "GET /page/2/?e=4197061 HTTP/1.1" 404 1251 "-" "meta-externalagent/1.1 (+https://developers.facebook.com/docs/sharing/webmasters/crawler)"
2a03:2880:f800:b:: - - [14/Jan/2026:07:58:52 -0500] "GET /page/2/?e=4594727 HTTP/1.1" 404 1251 "-" "meta-externalagent/1.1 (+https://developers.facebook.com/docs/sharing/webmasters/crawler)"
2a03:2880:f800:48:: - - [14/Jan/2026:07:58:55 -0500] "GET /page/2/?e=4453183 HTTP/1.1" 404 1251 "-" "meta-externalagent/1.1 (+https://developers.facebook.com/docs/sharing/webmasters/crawler)"
2a03:2880:f800:2d:: - - [14/Jan/2026:07:58:58 -0500] "GET /page/2/?e=17609238 HTTP/1.1" 404 1251 "-" "meta-externalagent/1.1 (+https://developers.facebook.com/docs/sharing/webmasters/crawler)"
2a03:2880:f800:17:: - - [14/Jan/2026:07:59:03 -0500] "GET /page/45/?e=13420350 HTTP/1.1" 404 1251 "-" "meta-externalagent/1.1 (+https://developers.facebook.com/docs/sharing/webmasters/crawler)"
2a03:2880:f800:12:: - - [14/Jan/2026:07:59:07 -0500] "GET /page/45/?e=12399894 HTTP/1.1" 404 1251 "-" "meta-externalagent/1.1 (+https://developers.facebook.com/docs/sharing/webmasters/crawler)"
2a03:2880:f800:10:: - - [14/Jan/2026:07:58:08 -0500] "GET /page/2/?e=28908338 HTTP/1.1" 404 1251 "-" "meta-externalagent/1.1 (+https://developers.facebook.com/docs/sharing/webmasters/crawler)"
2a03:2880:f800:4c:: - - [14/Jan/2026:07:58:23 -0500] "GET /page/45/?e=26344349 HTTP/1.1" 404 1251 "-" "meta-externalagent/1.1 (+https://developers.facebook.com/docs/sharing/webmasters/crawler)"
2a03:2880:f800:3a:: - - [14/Jan/2026:07:58:29 -0500] "GET /page/45/?e=21882049 HTTP/1.1" 404 1251 "-" "meta-externalagent/1.1 (+https://developers.facebook.com/docs/sharing/webmasters/crawler)"
2a03:2880:f800:34:: - - [14/Jan/2026:07:58:30 -0500] "GET /page/45/?e=23752461 HTTP/1.1" 404 1251 "-" "meta-externalagent/1.1 (+https://developers.facebook.com/docs/sharing/webmasters/crawler)"
2a03:2880:f800:48:: - - [14/Jan/2026:07:58:33 -0500] "GET /page/2/?e=17338794 HTTP/1.1" 404 1251 "-" "meta-externalagent/1.1 (+https://developers.facebook.com/docs/sharing/webmasters/crawler)"
66.249.66.5 - - [14/Jan/2026:07:58:36 -0500] "GET /?s=online-34882955 HTTP/1.1" 200 1850 "-" "Mozilla/5.0 (Linux; Android 6.0.1; Nexus 5X Build/MMB29P) AppleWebKit/537.36 (KHTML, like Gecko) Chrome/143.0.7499.192 Mobile Safari/537.36 (compatible; Googlebot/2.1; +http://www.google.com/bot.html)"
2a03:2880:f800:6:: - - [14/Jan/2026:07:58:41 -0500] "GET /page/3/?e=26178005 HTTP/1.1" 404 1251 "-" "meta-externalagent/1.1 (+https://developers.facebook.com/docs/sharing/webmasters/crawler)"
2a03:2880:f800:2c:: - - [14/Jan/2026:07:58:43 -0500] "GET /page/2/?e=27302872 HTTP/1.1" 404 1251 "-" "meta-externalagent/1.1 (+https://developers.facebook.com/docs/sharing/webmasters/crawler)"
2a03:2880:f800:c:: - - [14/Jan/2026:07:58:45 -0500] "GET /page/2/?e=18470427 HTTP/1.1" 404 1251 "-" "meta-externalagent/1.1 (+https://developers.facebook.com/docs/sharing/webmasters/crawler)"
2a03:2880:f800:4b:: - - [14/Jan/2026:07:58:51 -0500] "GET /page/45/?e=15414749 HTTP/1.1" 404 1251 "-" "meta-externalagent/1.1 (+https://developers.facebook.com/docs/sharing/webmasters/crawler)"
2a03:2880:f800:39:: - - [14/Jan/2026:07:58:56 -0500] "GET /page/5/?a=5492029743303 HTTP/1.1" 404 1251 "-" "meta-externalagent/1.1 (+https://developers.facebook.com/docs/sharing/webmasters/crawler)"
2a03:2880:f800:: - - [14/Jan/2026:07:59:01 -0500] "GET /page/45/?e=29409716 HTTP/1.1" 404 1251 "-" "meta-externalagent/1.1 (+https://developers.facebook.com/docs/sharing/webmasters/crawler)"
2a03:2880:f800:a:: - - [14/Jan/2026:07:59:05 -0500] "GET /page/45/?e=15713994 HTTP/1.1" 404 1251 "-" "meta-externalagent/1.1 (+https://developers.facebook.com/docs/sharing/webmasters/crawler)"
2a03:2880:f800:e:: - - [14/Jan/2026:07:59:08 -0500] "GET /page/2/?e=26548249 HTTP/1.1" 404 1251 "-" "meta-externalagent/1.1 (+https://developers.facebook.com/docs/sharing/webmasters/crawler)"
2a03:2880:f800:28:: - - [14/Jan/2026:07:59:11 -0500] "GET /page/45/?e=4918516 HTTP/1.1" 404 1251 "-" "meta-externalagent/1.1 (+https://developers.facebook.com/docs/sharing/webmasters/crawler)"
2a03:2880:f800:2d:: - - [14/Jan/2026:07:59:17 -0500] "GET /page/2/?e=13948405 HTTP/1.1" 404 1251 "-" "meta-externalagent/1.1 (+https://developers.facebook.com/docs/sharing/webmasters/crawler)"
2a03:2880:f800:2a:: - - [14/Jan/2026:07:59:20 -0500] "GET /page/45/?e=12783294 HTTP/1.1" 404 1251 "-" "meta-externalagent/1.1 (+https://developers.facebook.com/docs/sharing/webmasters/crawler)"
2a03:2880:f800:29:: - - [14/Jan/2026:07:59:27 -0500] "GET /page/45/?e=19898750 HTTP/1.1" 404 1251 "-" "meta-externalagent/1.1 (+https://developers.facebook.com/docs/sharing/webmasters/crawler)"
199.188.200.34 - - [14/Jan/2026:07:59:34 -0500] "POST /wp-cron.php?doing_wp_cron=1768395573.9064600467681884765625 HTTP/1.1" 403 1242 "-" "WordPress/6.9; https://www.sahabatmiliter.com"
103.56.161.142 - - [14/Jan/2026:07:59:30 -0500] "GET /wp-login.php HTTP/1.1" 200 1796 "-" "Mozilla/5.0 (Windows NT 6.3; WOW64) AppleWebKit/537.36 (KHTML, like Gecko) Chrome/67.0.3396.87 Safari/537.36"
2a03:2880:f800:3a:: - - [14/Jan/2026:07:59:12 -0500] "GET /page/2/?e=11071461 HTTP/1.1" 404 1251 "-" "meta-externalagent/1.1 (+https://developers.facebook.com/docs/sharing/webmasters/crawler)"
2a03:2880:f800:9:: - - [14/Jan/2026:07:59:15 -0500] "GET /page/2/?e=31263338 HTTP/1.1" 404 1251 "-" "meta-externalagent/1.1 (+https://developers.facebook.com/docs/sharing/webmasters/crawler)"
2a03:2880:f800:44:: - - [14/Jan/2026:07:59:19 -0500] "GET /page/2/?e=20434405 HTTP/1.1" 404 1251 "-" "meta-externalagent/1.1 (+https://developers.facebook.com/docs/sharing/webmasters/crawler)"
2a03:2880:f800:2b:: - - [14/Jan/2026:07:59:23 -0500] "GET /page/45/?e=2086149 HTTP/1.1" 404 1251 "-" "meta-externalagent/1.1 (+https://developers.facebook.com/docs/sharing/webmasters/crawler)"
2a03:2880:f800:48:: - - [14/Jan/2026:07:59:25 -0500] "GET /page/2/?e=28480027 HTTP/1.1" 404 1251 "-" "meta-externalagent/1.1 (+https://developers.facebook.com/docs/sharing/webmasters/crawler)"
2a03:2880:f800:1f:: - - [14/Jan/2026:07:59:29 -0500] "GET /page/45/?e=7556661 HTTP/1.1" 404 1251 "-" "meta-externalagent/1.1 (+https://developers.facebook.com/docs/sharing/webmasters/crawler)"
2a03:2880:f800:4c:: - - [14/Jan/2026:07:59:31 -0500] "GET /page/45/?e=31387850 HTTP/1.1" 404 1251 "-" "meta-externalagent/1.1 (+https://developers.facebook.com/docs/sharing/webmasters/crawler)"
2a03:2880:f800:f:: - - [14/Jan/2026:07:59:32 -0500] "GET /page/45/?e=13354349 HTTP/1.1" 404 1251 "-" "meta-externalagent/1.1 (+https://developers.facebook.com/docs/sharing/webmasters/crawler)"
2a03:2880:f800:33:: - - [14/Jan/2026:07:59:39 -0500] "GET /page/45/?e=25243461 HTTP/1.1" 404 1251 "-" "meta-externalagent/1.1 (+https://developers.facebook.com/docs/sharing/webmasters/crawler)"
2a03:2880:f800:3b:: - - [14/Jan/2026:07:59:41 -0500] "GET /page/45/?e=14500872 HTTP/1.1" 404 1251 "-" "meta-externalagent/1.1 (+https://developers.facebook.com/docs/sharing/webmasters/crawler)"
2a03:2880:f800:17:: - - [14/Jan/2026:07:59:44 -0500] "GET /page/2/?e=5206816 HTTP/1.1" 404 1251 "-" "meta-externalagent/1.1 (+https://developers.facebook.com/docs/sharing/webmasters/crawler)"
54.225.181.161 - - [14/Jan/2026:07:59:47 -0500] "GET /jadwal-dan-lokasi-samsat-keliling-polres-bantul-2/ HTTP/1.1" 404 1251 "-" "Mozilla/5.0 AppleWebKit/537.36 (KHTML, like Gecko; compatible; Amazonbot/0.1; +https://developer.amazon.com/support/amazonbot) Chrome/119.0.6045.214 Safari/537.36"
2a03:2880:f800:4b:: - - [14/Jan/2026:07:59:49 -0500] "GET /page/45/?e=7252105 HTTP/1.1" 404 1251 "-" "meta-externalagent/1.1 (+https://developers.facebook.com/docs/sharing/webmasters/crawler)"
2a03:2880:f800:1:: - - [14/Jan/2026:07:59:50 -0500] "GET /wp-includes/css/dist/block-directory/?MA HTTP/1.1" 200 697 "-" "meta-externalagent/1.1 (+https://developers.facebook.com/docs/sharing/webmasters/crawler)"
2a03:2880:f800:1f:: - - [14/Jan/2026:07:59:52 -0500] "GET /page/45/?e=13973238 HTTP/1.1" 404 1251 "-" "meta-externalagent/1.1 (+https://developers.facebook.com/docs/sharing/webmasters/crawler)"
2a03:2880:f800:2f:: - - [14/Jan/2026:07:59:56 -0500] "GET /page/44/?e=24716072 HTTP/1.1" 404 1251 "-" "meta-externalagent/1.1 (+https://developers.facebook.com/docs/sharing/webmasters/crawler)"
2a03:2880:f800:21:: - - [14/Jan/2026:07:59:59 -0500] "GET /page/45/?e=11367438 HTTP/1.1" 404 1251 "-" "meta-externalagent/1.1 (+https://developers.facebook.com/docs/sharing/webmasters/crawler)"
2a03:2880:f800:8:: - - [14/Jan/2026:08:00:09 -0500] "GET /page/2/?e=3938083 HTTP/1.1" 404 1251 "-" "meta-externalagent/1.1 (+https://developers.facebook.com/docs/sharing/webmasters/crawler)"
2a03:2880:f800:6:: - - [14/Jan/2026:08:00:11 -0500] "GET /page/45/?e=15069361 HTTP/1.1" 404 1251 "-" "meta-externalagent/1.1 (+https://developers.facebook.com/docs/sharing/webmasters/crawler)"
66.249.66.36 - - [14/Jan/2026:08:00:12 -0500] "GET /?s=online-34882955 HTTP/1.1" 200 1854 "-" "Mozilla/5.0 (Linux; Android 6.0.1; Nexus 5X Build/MMB29P) AppleWebKit/537.36 (KHTML, like Gecko) Chrome/143.0.7499.192 Mobile Safari/537.36 (compatible; Googlebot/2.1; +http://www.google.com/bot.html)"
2a03:2880:f800:f:: - - [14/Jan/2026:07:59:35 -0500] "GET /page/2/?e=28534950 HTTP/1.1" 404 1251 "-" "meta-externalagent/1.1 (+https://developers.facebook.com/docs/sharing/webmasters/crawler)"
2a03:2880:f800:c:: - - [14/Jan/2026:07:59:37 -0500] "GET /page/2/?e=24184849 HTTP/1.1" 404 1251 "-" "meta-externalagent/1.1 (+https://developers.facebook.com/docs/sharing/webmasters/crawler)"
103.56.161.142 - - [14/Jan/2026:07:59:38 -0500] "POST /wp-login.php HTTP/1.1" 200 1931 "https://sahabatmiliter.com/wp-login.php" "Mozilla/5.0 (Windows NT 6.3; WOW64) AppleWebKit/537.36 (KHTML, like Gecko) Chrome/67.0.3396.87 Safari/537.36"
2a03:2880:f800:4b:: - - [14/Jan/2026:07:59:43 -0500] "GET /page/45/?e=6203549 HTTP/1.1" 404 1251 "-" "meta-externalagent/1.1 (+https://developers.facebook.com/docs/sharing/webmasters/crawler)"
2a03:2880:f800:36:: - - [14/Jan/2026:07:59:47 -0500] "GET /page/2/?e=18454994 HTTP/1.1" 404 1251 "-" "meta-externalagent/1.1 (+https://developers.facebook.com/docs/sharing/webmasters/crawler)"
2a03:2880:f800:3a:: - - [14/Jan/2026:07:59:55 -0500] "GET /page/5/?a=1339323665803 HTTP/1.1" 404 1251 "-" "meta-externalagent/1.1 (+https://developers.facebook.com/docs/sharing/webmasters/crawler)"
2a03:2880:f800:2c:: - - [14/Jan/2026:08:00:01 -0500] "GET /page/45/?e=7094750 HTTP/1.1" 404 1251 "-" "meta-externalagent/1.1 (+https://developers.facebook.com/docs/sharing/webmasters/crawler)"
2a03:2880:f800:1d:: - - [14/Jan/2026:08:00:03 -0500] "GET /page/45/?e=25195683 HTTP/1.1" 404 1251 "-" "meta-externalagent/1.1 (+https://developers.facebook.com/docs/sharing/webmasters/crawler)"
2a03:2880:f800:1d:: - - [14/Jan/2026:08:00:05 -0500] "GET /page/45/?e=21399727 HTTP/1.1" 404 1251 "-" "meta-externalagent/1.1 (+https://developers.facebook.com/docs/sharing/webmasters/crawler)"
2a03:2880:f800:2:: - - [14/Jan/2026:08:00:07 -0500] "GET /page/45/?e=15000827 HTTP/1.1" 404 1251 "-" "meta-externalagent/1.1 (+https://developers.facebook.com/docs/sharing/webmasters/crawler)"
2a03:2880:f800:b:: - - [14/Jan/2026:08:00:13 -0500] "GET /page/2/?e=29898872 HTTP/1.1" 404 1251 "-" "meta-externalagent/1.1 (+https://developers.facebook.com/docs/sharing/webmasters/crawler)"
2a03:2880:f800:45:: - - [14/Jan/2026:08:00:18 -0500] "GET /page/45/?e=29674250 HTTP/1.1" 404 1251 "-" "meta-externalagent/1.1 (+https://developers.facebook.com/docs/sharing/webmasters/crawler)"
2a03:2880:f800:24:: - - [14/Jan/2026:08:00:20 -0500] "GET /page/2/?e=25295961 HTTP/1.1" 404 1251 "-" "meta-externalagent/1.1 (+https://developers.facebook.com/docs/sharing/webmasters/crawler)"
2a03:2880:f800:30:: - - [14/Jan/2026:08:00:22 -0500] "GET /page/45/?e=20758072 HTTP/1.1" 404 1251 "-" "meta-externalagent/1.1 (+https://developers.facebook.com/docs/sharing/webmasters/crawler)"
52.207.47.227 - - [14/Jan/2026:08:00:22 -0500] "GET /hadis-shahih-tentang-jalan-keluar-dalam-menerima-cobaan/ HTTP/1.1" 404 1251 "-" "Mozilla/5.0 AppleWebKit/537.36 (KHTML, like Gecko; compatible; Amazonbot/0.1; +https://developer.amazon.com/support/amazonbot) Chrome/119.0.6045.214 Safari/537.36"
2a03:2880:f800:2a:: - - [14/Jan/2026:08:00:25 -0500] "GET /page/2/?e=2089027 HTTP/1.1" 404 1251 "-" "meta-externalagent/1.1 (+https://developers.facebook.com/docs/sharing/webmasters/crawler)"
2a03:2880:f800:1f:: - - [14/Jan/2026:08:00:31 -0500] "GET /page/3/?e=7106116 HTTP/1.1" 404 1251 "-" "meta-externalagent/1.1 (+https://developers.facebook.com/docs/sharing/webmasters/crawler)"
2a03:2880:f800:1b:: - - [14/Jan/2026:08:00:33 -0500] "GET /page/43/?e=23801716 HTTP/1.1" 404 1251 "-" "meta-externalagent/1.1 (+https://developers.facebook.com/docs/sharing/webmasters/crawler)"
2a03:2880:f800:31:: - - [14/Jan/2026:08:00:35 -0500] "GET /page/44/?e=9404961 HTTP/1.1" 404 1251 "-" "meta-externalagent/1.1 (+https://developers.facebook.com/docs/sharing/webmasters/crawler)"
2a03:2880:f800:34:: - - [14/Jan/2026:08:00:39 -0500] "GET /page/3/?e=22299216 HTTP/1.1" 404 1251 "-" "meta-externalagent/1.1 (+https://developers.facebook.com/docs/sharing/webmasters/crawler)"
2a03:2880:f800:3d:: - - [14/Jan/2026:08:00:15 -0500] "GET /page/45/?e=21843749 HTTP/1.1" 404 1251 "-" "meta-externalagent/1.1 (+https://developers.facebook.com/docs/sharing/webmasters/crawler)"
2a03:2880:f800:6:: - - [14/Jan/2026:08:00:16 -0500] "GET /page/45/?e=15821538 HTTP/1.1" 404 1251 "-" "meta-externalagent/1.1 (+https://developers.facebook.com/docs/sharing/webmasters/crawler)"
2a03:2880:f800:11:: - - [14/Jan/2026:08:00:27 -0500] "GET /page/2/?e=29047994 HTTP/1.1" 404 1251 "-" "meta-externalagent/1.1 (+https://developers.facebook.com/docs/sharing/webmasters/crawler)"
2a03:2880:f800:44:: - - [14/Jan/2026:08:00:29 -0500] "GET /page/45/?e=17812138 HTTP/1.1" 404 1251 "-" "meta-externalagent/1.1 (+https://developers.facebook.com/docs/sharing/webmasters/crawler)"
2a03:2880:f800:6:: - - [14/Jan/2026:08:00:36 -0500] "GET /page/3/?e=31073750 HTTP/1.1" 404 1251 "-" "meta-externalagent/1.1 (+https://developers.facebook.com/docs/sharing/webmasters/crawler)"
2a03:2880:f800:12:: - - [14/Jan/2026:08:00:43 -0500] "GET /page/44/?e=23322650 HTTP/1.1" 404 1251 "-" "meta-externalagent/1.1 (+https://developers.facebook.com/docs/sharing/webmasters/crawler)"
2a03:2880:f800:2e:: - - [14/Jan/2026:08:00:53 -0500] "GET /page/3/?e=2421661 HTTP/1.1" 404 1251 "-" "meta-externalagent/1.1 (+https://developers.facebook.com/docs/sharing/webmasters/crawler)"
2a03:2880:f800:17:: - - [14/Jan/2026:08:00:54 -0500] "GET /page/2/?e=30714494 HTTP/1.1" 404 1251 "-" "meta-externalagent/1.1 (+https://developers.facebook.com/docs/sharing/webmasters/crawler)"
2a03:2880:f800:5:: - - [14/Jan/2026:08:00:59 -0500] "GET /page/44/?e=29714594 HTTP/1.1" 404 1251 "-" "meta-externalagent/1.1 (+https://developers.facebook.com/docs/sharing/webmasters/crawler)"
2a03:2880:f800:18:: - - [14/Jan/2026:08:01:03 -0500] "GET /page/3/?e=4451550 HTTP/1.1" 404 1251 "-" "meta-externalagent/1.1 (+https://developers.facebook.com/docs/sharing/webmasters/crawler)"
2a03:2880:f800:49:: - - [14/Jan/2026:08:01:07 -0500] "GET /page/3/?e=4740272 HTTP/1.1" 404 1251 "-" "meta-externalagent/1.1 (+https://developers.facebook.com/docs/sharing/webmasters/crawler)"
2a03:2880:f800:1c:: - - [14/Jan/2026:08:01:13 -0500] "GET /page/3/?e=15914305 HTTP/1.1" 404 1251 "-" "meta-externalagent/1.1 (+https://developers.facebook.com/docs/sharing/webmasters/crawler)"
2a03:2880:f800:2a:: - - [14/Jan/2026:08:01:15 -0500] "GET /page/6/?a=71291263003805 HTTP/1.1" 404 1251 "-" "meta-externalagent/1.1 (+https://developers.facebook.com/docs/sharing/webmasters/crawler)"
2a03:2880:f800:4b:: - - [14/Jan/2026:08:01:16 -0500] "GET /page/3/?e=29706961 HTTP/1.1" 404 1251 "-" "meta-externalagent/1.1 (+https://developers.facebook.com/docs/sharing/webmasters/crawler)"
2a03:2880:f800:5:: - - [14/Jan/2026:08:01:19 -0500] "GET /page/50/?a=04216174957404 HTTP/1.1" 404 1251 "-" "meta-externalagent/1.1 (+https://developers.facebook.com/docs/sharing/webmasters/crawler)"
2a03:2880:f800:1e:: - - [14/Jan/2026:08:01:22 -0500] "GET /page/3/?e=24508438 HTTP/1.1" 404 1251 "-" "meta-externalagent/1.1 (+https://developers.facebook.com/docs/sharing/webmasters/crawler)"
2a03:2880:f800:49:: - - [14/Jan/2026:08:01:25 -0500] "GET /page/3/?e=20480249 HTTP/1.1" 404 1251 "-" "meta-externalagent/1.1 (+https://developers.facebook.com/docs/sharing/webmasters/crawler)"
2a03:2880:f800:27:: - - [14/Jan/2026:08:01:27 -0500] "GET /page/46/?e=13697894 HTTP/1.1" 404 1251 "-" "meta-externalagent/1.1 (+https://developers.facebook.com/docs/sharing/webmasters/crawler)"
2a03:2880:f800:49:: - - [14/Jan/2026:08:01:29 -0500] "GET /page/44/?e=9160516 HTTP/1.1" 404 1251 "-" "meta-externalagent/1.1 (+https://developers.facebook.com/docs/sharing/webmasters/crawler)"
2a03:2880:f800:44:: - - [14/Jan/2026:08:01:31 -0500] "GET /page/46/?e=30176827 HTTP/1.1" 404 1251 "-" "meta-externalagent/1.1 (+https://developers.facebook.com/docs/sharing/webmasters/crawler)"
2a03:2880:f800:30:: - - [14/Jan/2026:08:01:33 -0500] "GET /page/44/?e=10147950 HTTP/1.1" 404 1251 "-" "meta-externalagent/1.1 (+https://developers.facebook.com/docs/sharing/webmasters/crawler)"
2a03:2880:f800:35:: - - [14/Jan/2026:08:00:41 -0500] "GET /page/44/?e=10167972 HTTP/1.1" 404 1251 "-" "meta-externalagent/1.1 (+https://developers.facebook.com/docs/sharing/webmasters/crawler)"
2a03:2880:f800:27:: - - [14/Jan/2026:08:00:45 -0500] "GET /page/46/?e=20506716 HTTP/1.1" 404 1251 "-" "meta-externalagent/1.1 (+https://developers.facebook.com/docs/sharing/webmasters/crawler)"
2a03:2880:f800:37:: - - [14/Jan/2026:08:00:47 -0500] "GET /page/4/?e=5576794 HTTP/1.1" 404 1251 "-" "meta-externalagent/1.1 (+https://developers.facebook.com/docs/sharing/webmasters/crawler)"
2a03:2880:f800:22:: - - [14/Jan/2026:08:00:49 -0500] "GET /wp-includes/Text/Diff/Engine/?SD HTTP/1.1" 200 724 "-" "meta-externalagent/1.1 (+https://developers.facebook.com/docs/sharing/webmasters/crawler)"
2a03:2880:f800:1d:: - - [14/Jan/2026:08:00:51 -0500] "GET /page/3/?e=3558494 HTTP/1.1" 404 1251 "-" "meta-externalagent/1.1 (+https://developers.facebook.com/docs/sharing/webmasters/crawler)"
2a03:2880:f800:4c:: - - [14/Jan/2026:08:00:57 -0500] "GET /page/3/?e=20274149 HTTP/1.1" 404 1251 "-" "meta-externalagent/1.1 (+https://developers.facebook.com/docs/sharing/webmasters/crawler)"
2a03:2880:f800:14:: - - [14/Jan/2026:08:01:01 -0500] "GET /page/44/?e=21395249 HTTP/1.1" 404 1251 "-" "meta-externalagent/1.1 (+https://developers.facebook.com/docs/sharing/webmasters/crawler)"
2a03:2880:f800:a:: - - [14/Jan/2026:08:01:06 -0500] "GET /page/3/?e=17858650 HTTP/1.1" 404 1251 "-" "meta-externalagent/1.1 (+https://developers.facebook.com/docs/sharing/webmasters/crawler)"
2a03:2880:f800:c:: - - [14/Jan/2026:08:01:09 -0500] "GET /page/3/?e=25399705 HTTP/1.1" 404 1251 "-" "meta-externalagent/1.1 (+https://developers.facebook.com/docs/sharing/webmasters/crawler)"
2a03:2880:f800:21:: - - [14/Jan/2026:08:01:11 -0500] "GET /page/44/?e=30992572 HTTP/1.1" 404 1251 "-" "meta-externalagent/1.1 (+https://developers.facebook.com/docs/sharing/webmasters/crawler)"
2a03:2880:f800:5:: - - [14/Jan/2026:08:01:21 -0500] "GET /page/3/?e=14446250 HTTP/1.1" 404 1251 "-" "meta-externalagent/1.1 (+https://developers.facebook.com/docs/sharing/webmasters/crawler)"
2a03:2880:f800:2a:: - - [14/Jan/2026:08:01:35 -0500] "GET /page/45/?e=21080094 HTTP/1.1" 404 1251 "-" "meta-externalagent/1.1 (+https://developers.facebook.com/docs/sharing/webmasters/crawler)"
2a03:2880:f800:7:: - - [14/Jan/2026:08:01:40 -0500] "GET /page/45/?e=18768116 HTTP/1.1" 404 1251 "-" "meta-externalagent/1.1 (+https://developers.facebook.com/docs/sharing/webmasters/crawler)"
2a03:2880:f800:14:: - - [14/Jan/2026:08:01:43 -0500] "GET /page/44/?e=14673505 HTTP/1.1" 404 1251 "-" "meta-externalagent/1.1 (+https://developers.facebook.com/docs/sharing/webmasters/crawler)"
